{"id":528,"date":"2025-05-09T11:33:32","date_gmt":"2025-05-09T11:33:32","guid":{"rendered":"https:\/\/dev.borgarbyggd.is\/klettaborg\/?page_id=528"},"modified":"2025-05-09T12:09:11","modified_gmt":"2025-05-09T12:09:11","slug":"aaetlanir-og-skyrslur","status":"publish","type":"page","link":"https:\/\/dev.borgarbyggd.is\/klettaborg\/aaetlanir-og-skyrslur\/","title":{"rendered":"\u00c1\u00e6tlanir og sk\u00fdrslur"},"content":{"rendered":"<p>\u00cd \u00e1\u00e6tlunum og sk\u00fdrslum eru opinberlega birtar uppl\u00fdsingar var\u00f0andi stefnu sk\u00f3lans, endurmat og \u00e1\u00e6tlanir um umb\u00e6tur \u00e1 hinum \u00fdmsu \u00fe\u00e1ttum starfsins \u00ed Klettaborg. \u00cd \u00e1rssk\u00fdrslum eru uppl\u00fdsingar um \u00e1rlega starfsemi leiksk\u00f3lans, \u00e1\u00e6tlanir og ni\u00f0urst\u00f6\u00f0ur innra mats auk \u00feess sem settar eru fram \u00e1\u00e6tlanir var\u00f0andi umb\u00e6tur. \u00deannig er haldi\u00f0 utan um s\u00f6gu sk\u00f3lans og \u00fer\u00f3un starfsins. Vi\u00f0 \u00ed Klettaborg vinnum a\u00f0 frams\u00e6knu og umb\u00f3tami\u00f0u\u00f0u sk\u00f3lastarfi \u00fev\u00ed \u00feannig stu\u00f0lum vi\u00f0 a\u00f0 st\u00f6\u00f0ugri sk\u00f3la\u00fer\u00f3un.<\/p>\n","protected":false},"excerpt":{"rendered":"<p>\u00cd \u00e1\u00e6tlunum og sk\u00fdrslum eru opinberlega birtar uppl\u00fdsingar var\u00f0andi stefnu sk\u00f3lans, endurmat og \u00e1\u00e6tlanir um umb\u00e6tur \u00e1 hinum \u00fdmsu \u00fe\u00e1ttum starfsins \u00ed Klettaborg. \u00cd \u00e1rssk\u00fdrslum eru uppl\u00fdsingar um \u00e1rlega starfsemi leiksk\u00f3lans, \u00e1\u00e6tlanir og ni\u00f0urst\u00f6\u00f0ur innra mats auk \u00feess sem settar eru fram \u00e1\u00e6tlanir var\u00f0andi umb\u00e6tur. \u00deannig er haldi\u00f0 utan um s\u00f6gu sk\u00f3lans og \u00fer\u00f3un starfsins. Vi\u00f0 \u00ed Klettaborg vinnum a\u00f0 &#8230; <\/p>\n<div><a href=\"https:\/\/dev.borgarbyggd.is\/klettaborg\/aaetlanir-og-skyrslur\/\" class=\"more-link\">Read More<\/a><\/div>\n","protected":false},"author":14,"featured_media":0,"parent":0,"menu_order":0,"comment_status":"closed","ping_status":"closed","template":"","meta":{"_acf_changed":false,"footnotes":""},"class_list":["post-528","page","type-page","status-publish","hentry","no-post-thumbnail"],"acf":{"quickaccess":false},"yoast_head":"<!-- This site is optimized with the Yoast SEO plugin v24.0 - https:\/\/yoast.com\/wordpress\/plugins\/seo\/ -->\n<title>\u00c1\u00e6tlanir og sk\u00fdrslur - Klettaborg %<\/title>\n<meta name=\"robots\" content=\"noindex, follow, max-snippet:-1, max-image-preview:large, max-video-preview:-1\" \/>\n<meta property=\"og:locale\" content=\"is_IS\" \/>\n<meta property=\"og:type\" content=\"article\" \/>\n<meta property=\"og:title\" content=\"\u00c1\u00e6tlanir og sk\u00fdrslur - Klettaborg %\" \/>\n<meta property=\"og:description\" content=\"\u00cd \u00e1\u00e6tlunum og sk\u00fdrslum eru opinberlega birtar uppl\u00fdsingar var\u00f0andi stefnu sk\u00f3lans, endurmat og \u00e1\u00e6tlanir um umb\u00e6tur \u00e1 hinum \u00fdmsu \u00fe\u00e1ttum starfsins \u00ed Klettaborg. \u00cd \u00e1rssk\u00fdrslum eru uppl\u00fdsingar um \u00e1rlega starfsemi leiksk\u00f3lans, \u00e1\u00e6tlanir og ni\u00f0urst\u00f6\u00f0ur innra mats auk \u00feess sem settar eru fram \u00e1\u00e6tlanir var\u00f0andi umb\u00e6tur. \u00deannig er haldi\u00f0 utan um s\u00f6gu sk\u00f3lans og \u00fer\u00f3un starfsins. Vi\u00f0 \u00ed Klettaborg vinnum a\u00f0 ... Read More\" \/>\n<meta property=\"og:url\" content=\"https:\/\/dev.borgarbyggd.is\/klettaborg\/aaetlanir-og-skyrslur\/\" \/>\n<meta property=\"og:site_name\" content=\"Klettaborg\" \/>\n<meta property=\"article:modified_time\" content=\"2025-05-09T12:09:11+00:00\" \/>\n<meta name=\"twitter:card\" content=\"summary_large_image\" \/>\n<meta name=\"twitter:label1\" content=\"Est. reading time\" \/>\n\t<meta name=\"twitter:data1\" content=\"1 minute\" \/>\n<script type=\"application\/ld+json\" class=\"yoast-schema-graph\">{\"@context\":\"https:\/\/schema.org\",\"@graph\":[{\"@type\":\"WebPage\",\"@id\":\"https:\/\/dev.borgarbyggd.is\/klettaborg\/aaetlanir-og-skyrslur\/\",\"url\":\"https:\/\/dev.borgarbyggd.is\/klettaborg\/aaetlanir-og-skyrslur\/\",\"name\":\"\u00c1\u00e6tlanir og sk\u00fdrslur - Klettaborg %\",\"isPartOf\":{\"@id\":\"https:\/\/dev.borgarbyggd.is\/klettaborg\/#website\"},\"datePublished\":\"2025-05-09T11:33:32+00:00\",\"dateModified\":\"2025-05-09T12:09:11+00:00\",\"breadcrumb\":{\"@id\":\"https:\/\/dev.borgarbyggd.is\/klettaborg\/aaetlanir-og-skyrslur\/#breadcrumb\"},\"inLanguage\":\"is\",\"potentialAction\":[{\"@type\":\"ReadAction\",\"target\":[\"https:\/\/dev.borgarbyggd.is\/klettaborg\/aaetlanir-og-skyrslur\/\"]}]},{\"@type\":\"BreadcrumbList\",\"@id\":\"https:\/\/dev.borgarbyggd.is\/klettaborg\/aaetlanir-og-skyrslur\/#breadcrumb\",\"itemListElement\":[{\"@type\":\"ListItem\",\"position\":1,\"name\":\"Home\",\"item\":\"https:\/\/dev.borgarbyggd.is\/klettaborg\/\"},{\"@type\":\"ListItem\",\"position\":2,\"name\":\"\u00c1\u00e6tlanir og sk\u00fdrslur\"}]},{\"@type\":\"WebSite\",\"@id\":\"https:\/\/dev.borgarbyggd.is\/klettaborg\/#website\",\"url\":\"https:\/\/dev.borgarbyggd.is\/klettaborg\/\",\"name\":\"Klettaborg\",\"description\":\"\",\"potentialAction\":[{\"@type\":\"SearchAction\",\"target\":{\"@type\":\"EntryPoint\",\"urlTemplate\":\"https:\/\/dev.borgarbyggd.is\/klettaborg\/?s={search_term_string}\"},\"query-input\":{\"@type\":\"PropertyValueSpecification\",\"valueRequired\":true,\"valueName\":\"search_term_string\"}}],\"inLanguage\":\"is\"}]}<\/script>\n<!-- \/ Yoast SEO plugin. -->","yoast_head_json":{"title":"\u00c1\u00e6tlanir og sk\u00fdrslur - Klettaborg %","robots":{"index":"noindex","follow":"follow","max-snippet":"max-snippet:-1","max-image-preview":"max-image-preview:large","max-video-preview":"max-video-preview:-1"},"og_locale":"is_IS","og_type":"article","og_title":"\u00c1\u00e6tlanir og sk\u00fdrslur - Klettaborg %","og_description":"\u00cd \u00e1\u00e6tlunum og sk\u00fdrslum eru opinberlega birtar uppl\u00fdsingar var\u00f0andi stefnu sk\u00f3lans, endurmat og \u00e1\u00e6tlanir um umb\u00e6tur \u00e1 hinum \u00fdmsu \u00fe\u00e1ttum starfsins \u00ed Klettaborg. \u00cd \u00e1rssk\u00fdrslum eru uppl\u00fdsingar um \u00e1rlega starfsemi leiksk\u00f3lans, \u00e1\u00e6tlanir og ni\u00f0urst\u00f6\u00f0ur innra mats auk \u00feess sem settar eru fram \u00e1\u00e6tlanir var\u00f0andi umb\u00e6tur. \u00deannig er haldi\u00f0 utan um s\u00f6gu sk\u00f3lans og \u00fer\u00f3un starfsins. Vi\u00f0 \u00ed Klettaborg vinnum a\u00f0 ... Read More","og_url":"https:\/\/dev.borgarbyggd.is\/klettaborg\/aaetlanir-og-skyrslur\/","og_site_name":"Klettaborg","article_modified_time":"2025-05-09T12:09:11+00:00","twitter_card":"summary_large_image","twitter_misc":{"Est. reading time":"1 minute"},"schema":{"@context":"https:\/\/schema.org","@graph":[{"@type":"WebPage","@id":"https:\/\/dev.borgarbyggd.is\/klettaborg\/aaetlanir-og-skyrslur\/","url":"https:\/\/dev.borgarbyggd.is\/klettaborg\/aaetlanir-og-skyrslur\/","name":"\u00c1\u00e6tlanir og sk\u00fdrslur - Klettaborg %","isPartOf":{"@id":"https:\/\/dev.borgarbyggd.is\/klettaborg\/#website"},"datePublished":"2025-05-09T11:33:32+00:00","dateModified":"2025-05-09T12:09:11+00:00","breadcrumb":{"@id":"https:\/\/dev.borgarbyggd.is\/klettaborg\/aaetlanir-og-skyrslur\/#breadcrumb"},"inLanguage":"is","potentialAction":[{"@type":"ReadAction","target":["https:\/\/dev.borgarbyggd.is\/klettaborg\/aaetlanir-og-skyrslur\/"]}]},{"@type":"BreadcrumbList","@id":"https:\/\/dev.borgarbyggd.is\/klettaborg\/aaetlanir-og-skyrslur\/#breadcrumb","itemListElement":[{"@type":"ListItem","position":1,"name":"Home","item":"https:\/\/dev.borgarbyggd.is\/klettaborg\/"},{"@type":"ListItem","position":2,"name":"\u00c1\u00e6tlanir og sk\u00fdrslur"}]},{"@type":"WebSite","@id":"https:\/\/dev.borgarbyggd.is\/klettaborg\/#website","url":"https:\/\/dev.borgarbyggd.is\/klettaborg\/","name":"Klettaborg","description":"","potentialAction":[{"@type":"SearchAction","target":{"@type":"EntryPoint","urlTemplate":"https:\/\/dev.borgarbyggd.is\/klettaborg\/?s={search_term_string}"},"query-input":{"@type":"PropertyValueSpecification","valueRequired":true,"valueName":"search_term_string"}}],"inLanguage":"is"}]}},"_links":{"self":[{"href":"https:\/\/dev.borgarbyggd.is\/klettaborg\/wp-json\/wp\/v2\/pages\/528","targetHints":{"allow":["GET"]}}],"collection":[{"href":"https:\/\/dev.borgarbyggd.is\/klettaborg\/wp-json\/wp\/v2\/pages"}],"about":[{"href":"https:\/\/dev.borgarbyggd.is\/klettaborg\/wp-json\/wp\/v2\/types\/page"}],"author":[{"embeddable":true,"href":"https:\/\/dev.borgarbyggd.is\/klettaborg\/wp-json\/wp\/v2\/users\/14"}],"replies":[{"embeddable":true,"href":"https:\/\/dev.borgarbyggd.is\/klettaborg\/wp-json\/wp\/v2\/comments?post=528"}],"version-history":[{"count":0,"href":"https:\/\/dev.borgarbyggd.is\/klettaborg\/wp-json\/wp\/v2\/pages\/528\/revisions"}],"wp:attachment":[{"href":"https:\/\/dev.borgarbyggd.is\/klettaborg\/wp-json\/wp\/v2\/media?parent=528"}],"curies":[{"name":"wp","href":"https:\/\/api.w.org\/{rel}","templated":true}]}}