{"id":33,"date":"2023-08-16T15:06:13","date_gmt":"2023-08-16T15:06:13","guid":{"rendered":"https:\/\/dev.borgarbyggd.is\/klettaborg\/?page_id=33"},"modified":"2026-01-08T11:31:33","modified_gmt":"2026-01-08T11:31:33","slug":"upplysingar","status":"publish","type":"page","link":"https:\/\/dev.borgarbyggd.is\/klettaborg\/upplysingar\/","title":{"rendered":"Uppl\u00fdsingar"},"content":{"rendered":"<p>Leiksk\u00f3linn Klettaborg er sta\u00f0settur vi\u00f0 Borgarbraut 101 \u00ed Borgarnesi\u00a0<a href=\"https:\/\/maps.app.goo.gl\/TvKbtsgMWMGRfVCVA\">sj\u00e1 kort.<\/a><\/p>\n<p>Rekstrara\u00f0ili leiksk\u00f3lans er sveitarf\u00e9lagi\u00f0 Borgarbygg\u00f0 sem hefur eftirlit me\u00f0 starfi og rekstri.<\/p>\n<p>Yfirma\u00f0ur leiksk\u00f3lam\u00e1la hj\u00e1 Borgarbygg\u00f0 er Hl\u00f6\u00f0ver Ingi Gunnarsson svi\u00f0stj\u00f3ri fj\u00f6lskyldusvi\u00f0s.<\/p>\n<p>M\u00e1lefni leiksk\u00f3la falla undir fr\u00e6\u00f0slunefnd Borgarbygg\u00f0ar, forma\u00f0ur er E\u00f0var\u00f0 \u00d3lafur Traustason.<\/p>\n<p>Leiksk\u00f3lastj\u00f3ri leiksk\u00f3lans er Margr\u00e9t Halld\u00f3ra G\u00edslad\u00f3ttir.<\/p>\n","protected":false},"excerpt":{"rendered":"<p>Leiksk\u00f3linn Klettaborg er sta\u00f0settur vi\u00f0 Borgarbraut 101 \u00ed Borgarnesi\u00a0sj\u00e1 kort. Rekstrara\u00f0ili leiksk\u00f3lans er sveitarf\u00e9lagi\u00f0 Borgarbygg\u00f0 sem hefur eftirlit me\u00f0 starfi og rekstri. Yfirma\u00f0ur leiksk\u00f3lam\u00e1la hj\u00e1 Borgarbygg\u00f0 er Hl\u00f6\u00f0ver Ingi Gunnarsson svi\u00f0stj\u00f3ri fj\u00f6lskyldusvi\u00f0s. M\u00e1lefni leiksk\u00f3la falla undir fr\u00e6\u00f0slunefnd Borgarbygg\u00f0ar, forma\u00f0ur er E\u00f0var\u00f0 \u00d3lafur Traustason. Leiksk\u00f3lastj\u00f3ri leiksk\u00f3lans er Margr\u00e9t Halld\u00f3ra G\u00edslad\u00f3ttir.<\/p>\n","protected":false},"author":4,"featured_media":0,"parent":0,"menu_order":0,"comment_status":"closed","ping_status":"closed","template":"","meta":{"_acf_changed":false,"footnotes":""},"class_list":["post-33","page","type-page","status-publish","hentry","no-post-thumbnail"],"acf":{"quickaccess":false},"yoast_head":"<!-- This site is optimized with the Yoast SEO plugin v24.0 - https:\/\/yoast.com\/wordpress\/plugins\/seo\/ -->\n<title>Uppl\u00fdsingar - Klettaborg<\/title>\n<meta name=\"robots\" content=\"noindex, follow, max-snippet:-1, max-image-preview:large, max-video-preview:-1\" \/>\n<meta property=\"og:locale\" content=\"is_IS\" \/>\n<meta property=\"og:type\" content=\"article\" \/>\n<meta property=\"og:title\" content=\"Uppl\u00fdsingar - Klettaborg\" \/>\n<meta property=\"og:description\" content=\"Leiksk\u00f3linn Klettaborg er sta\u00f0settur vi\u00f0 Borgarbraut 101 \u00ed Borgarnesi\u00a0sj\u00e1 kort. Rekstrara\u00f0ili leiksk\u00f3lans er sveitarf\u00e9lagi\u00f0 Borgarbygg\u00f0 sem hefur eftirlit me\u00f0 starfi og rekstri. Yfirma\u00f0ur leiksk\u00f3lam\u00e1la hj\u00e1 Borgarbygg\u00f0 er Hl\u00f6\u00f0ver Ingi Gunnarsson svi\u00f0stj\u00f3ri fj\u00f6lskyldusvi\u00f0s. M\u00e1lefni leiksk\u00f3la falla undir fr\u00e6\u00f0slunefnd Borgarbygg\u00f0ar, forma\u00f0ur er E\u00f0var\u00f0 \u00d3lafur Traustason. Leiksk\u00f3lastj\u00f3ri leiksk\u00f3lans er Margr\u00e9t Halld\u00f3ra G\u00edslad\u00f3ttir.\" \/>\n<meta property=\"og:url\" content=\"https:\/\/dev.borgarbyggd.is\/klettaborg\/upplysingar\/\" \/>\n<meta property=\"og:site_name\" content=\"Klettaborg\" \/>\n<meta property=\"article:modified_time\" content=\"2026-01-08T11:31:33+00:00\" \/>\n<meta name=\"twitter:card\" content=\"summary_large_image\" \/>\n<meta name=\"twitter:label1\" content=\"Est. reading time\" \/>\n\t<meta name=\"twitter:data1\" content=\"1 minute\" \/>\n<script type=\"application\/ld+json\" class=\"yoast-schema-graph\">{\"@context\":\"https:\/\/schema.org\",\"@graph\":[{\"@type\":\"WebPage\",\"@id\":\"https:\/\/dev.borgarbyggd.is\/klettaborg\/upplysingar\/\",\"url\":\"https:\/\/dev.borgarbyggd.is\/klettaborg\/upplysingar\/\",\"name\":\"Uppl\u00fdsingar - Klettaborg\",\"isPartOf\":{\"@id\":\"https:\/\/dev.borgarbyggd.is\/klettaborg\/#website\"},\"datePublished\":\"2023-08-16T15:06:13+00:00\",\"dateModified\":\"2026-01-08T11:31:33+00:00\",\"breadcrumb\":{\"@id\":\"https:\/\/dev.borgarbyggd.is\/klettaborg\/upplysingar\/#breadcrumb\"},\"inLanguage\":\"is\",\"potentialAction\":[{\"@type\":\"ReadAction\",\"target\":[\"https:\/\/dev.borgarbyggd.is\/klettaborg\/upplysingar\/\"]}]},{\"@type\":\"BreadcrumbList\",\"@id\":\"https:\/\/dev.borgarbyggd.is\/klettaborg\/upplysingar\/#breadcrumb\",\"itemListElement\":[{\"@type\":\"ListItem\",\"position\":1,\"name\":\"Home\",\"item\":\"https:\/\/dev.borgarbyggd.is\/klettaborg\/\"},{\"@type\":\"ListItem\",\"position\":2,\"name\":\"Uppl\u00fdsingar\"}]},{\"@type\":\"WebSite\",\"@id\":\"https:\/\/dev.borgarbyggd.is\/klettaborg\/#website\",\"url\":\"https:\/\/dev.borgarbyggd.is\/klettaborg\/\",\"name\":\"Klettaborg\",\"description\":\"\",\"potentialAction\":[{\"@type\":\"SearchAction\",\"target\":{\"@type\":\"EntryPoint\",\"urlTemplate\":\"https:\/\/dev.borgarbyggd.is\/klettaborg\/?s={search_term_string}\"},\"query-input\":{\"@type\":\"PropertyValueSpecification\",\"valueRequired\":true,\"valueName\":\"search_term_string\"}}],\"inLanguage\":\"is\"}]}<\/script>\n<!-- \/ Yoast SEO plugin. -->","yoast_head_json":{"title":"Uppl\u00fdsingar - Klettaborg","robots":{"index":"noindex","follow":"follow","max-snippet":"max-snippet:-1","max-image-preview":"max-image-preview:large","max-video-preview":"max-video-preview:-1"},"og_locale":"is_IS","og_type":"article","og_title":"Uppl\u00fdsingar - Klettaborg","og_description":"Leiksk\u00f3linn Klettaborg er sta\u00f0settur vi\u00f0 Borgarbraut 101 \u00ed Borgarnesi\u00a0sj\u00e1 kort. Rekstrara\u00f0ili leiksk\u00f3lans er sveitarf\u00e9lagi\u00f0 Borgarbygg\u00f0 sem hefur eftirlit me\u00f0 starfi og rekstri. Yfirma\u00f0ur leiksk\u00f3lam\u00e1la hj\u00e1 Borgarbygg\u00f0 er Hl\u00f6\u00f0ver Ingi Gunnarsson svi\u00f0stj\u00f3ri fj\u00f6lskyldusvi\u00f0s. M\u00e1lefni leiksk\u00f3la falla undir fr\u00e6\u00f0slunefnd Borgarbygg\u00f0ar, forma\u00f0ur er E\u00f0var\u00f0 \u00d3lafur Traustason. Leiksk\u00f3lastj\u00f3ri leiksk\u00f3lans er Margr\u00e9t Halld\u00f3ra G\u00edslad\u00f3ttir.","og_url":"https:\/\/dev.borgarbyggd.is\/klettaborg\/upplysingar\/","og_site_name":"Klettaborg","article_modified_time":"2026-01-08T11:31:33+00:00","twitter_card":"summary_large_image","twitter_misc":{"Est. reading time":"1 minute"},"schema":{"@context":"https:\/\/schema.org","@graph":[{"@type":"WebPage","@id":"https:\/\/dev.borgarbyggd.is\/klettaborg\/upplysingar\/","url":"https:\/\/dev.borgarbyggd.is\/klettaborg\/upplysingar\/","name":"Uppl\u00fdsingar - Klettaborg","isPartOf":{"@id":"https:\/\/dev.borgarbyggd.is\/klettaborg\/#website"},"datePublished":"2023-08-16T15:06:13+00:00","dateModified":"2026-01-08T11:31:33+00:00","breadcrumb":{"@id":"https:\/\/dev.borgarbyggd.is\/klettaborg\/upplysingar\/#breadcrumb"},"inLanguage":"is","potentialAction":[{"@type":"ReadAction","target":["https:\/\/dev.borgarbyggd.is\/klettaborg\/upplysingar\/"]}]},{"@type":"BreadcrumbList","@id":"https:\/\/dev.borgarbyggd.is\/klettaborg\/upplysingar\/#breadcrumb","itemListElement":[{"@type":"ListItem","position":1,"name":"Home","item":"https:\/\/dev.borgarbyggd.is\/klettaborg\/"},{"@type":"ListItem","position":2,"name":"Uppl\u00fdsingar"}]},{"@type":"WebSite","@id":"https:\/\/dev.borgarbyggd.is\/klettaborg\/#website","url":"https:\/\/dev.borgarbyggd.is\/klettaborg\/","name":"Klettaborg","description":"","potentialAction":[{"@type":"SearchAction","target":{"@type":"EntryPoint","urlTemplate":"https:\/\/dev.borgarbyggd.is\/klettaborg\/?s={search_term_string}"},"query-input":{"@type":"PropertyValueSpecification","valueRequired":true,"valueName":"search_term_string"}}],"inLanguage":"is"}]}},"_links":{"self":[{"href":"https:\/\/dev.borgarbyggd.is\/klettaborg\/wp-json\/wp\/v2\/pages\/33","targetHints":{"allow":["GET"]}}],"collection":[{"href":"https:\/\/dev.borgarbyggd.is\/klettaborg\/wp-json\/wp\/v2\/pages"}],"about":[{"href":"https:\/\/dev.borgarbyggd.is\/klettaborg\/wp-json\/wp\/v2\/types\/page"}],"author":[{"embeddable":true,"href":"https:\/\/dev.borgarbyggd.is\/klettaborg\/wp-json\/wp\/v2\/users\/4"}],"replies":[{"embeddable":true,"href":"https:\/\/dev.borgarbyggd.is\/klettaborg\/wp-json\/wp\/v2\/comments?post=33"}],"version-history":[{"count":0,"href":"https:\/\/dev.borgarbyggd.is\/klettaborg\/wp-json\/wp\/v2\/pages\/33\/revisions"}],"wp:attachment":[{"href":"https:\/\/dev.borgarbyggd.is\/klettaborg\/wp-json\/wp\/v2\/media?parent=33"}],"curies":[{"name":"wp","href":"https:\/\/api.w.org\/{rel}","templated":true}]}}