{"id":91,"date":"2023-08-16T14:43:24","date_gmt":"2023-08-16T14:43:24","guid":{"rendered":"https:\/\/dev.borgarbyggd.is\/hnodrabol\/?page_id=91"},"modified":"2026-03-04T13:39:30","modified_gmt":"2026-03-04T13:39:30","slug":"leikskolagjold","status":"publish","type":"page","link":"https:\/\/dev.borgarbyggd.is\/hnodrabol\/upplysingar\/leikskolagjold\/","title":{"rendered":"Leiksk\u00f3lagj\u00f6ld"},"content":{"rendered":"<p><span data-contrast=\"none\">Gjald fyrir dv\u00f6l \u00e1 leiksk\u00f3la er innheimt fyrirfram.\u00a0<\/span><span data-ccp-props=\"{&quot;201341983&quot;:0,&quot;335559739&quot;:160,&quot;335559740&quot;:259}\">\u00a0<\/span><\/p>\n<p><span data-contrast=\"none\">Leiksk\u00f3lagj\u00f6ld eru innheimt \u00ed ellefu m\u00e1nu\u00f0i \u00e1 \u00e1ri.\u00a0<\/span><span data-ccp-props=\"{&quot;201341983&quot;:0,&quot;335559739&quot;:160,&quot;335559740&quot;:259}\">\u00a0<\/span><\/p>\n<p><span data-contrast=\"none\">Gjaldskr\u00e1 leiksk\u00f3la er endursko\u00f0u\u00f0 \u00e1rlega og tekur sveitarstj\u00f3rn \u00e1kv\u00f6r\u00f0un um breytingar \u00e1 henni.\u00a0<\/span><span data-ccp-props=\"{&quot;201341983&quot;:0,&quot;335559739&quot;:160,&quot;335559740&quot;:259}\">\u00a0<\/span><\/p>\n<p><span data-contrast=\"none\">Gjaldskr\u00e1 leiksk\u00f3la er a\u00f0gengileg h\u00e9r:\u00a0 <a href=\"https:\/\/dev.borgarbyggd.is\/wp-content\/uploads\/2026\/01\/Gjaldskra_leikskolar_2026.pdf\"><strong>Gjaldskr\u00e1 leiksk\u00f3la 2026<\/strong><\/a><\/span><\/p>\n","protected":false},"excerpt":{"rendered":"<p>Gjald fyrir dv\u00f6l \u00e1 leiksk\u00f3la er innheimt fyrirfram.\u00a0\u00a0 Leiksk\u00f3lagj\u00f6ld eru innheimt \u00ed ellefu m\u00e1nu\u00f0i \u00e1 \u00e1ri.\u00a0\u00a0 Gjaldskr\u00e1 leiksk\u00f3la er endursko\u00f0u\u00f0 \u00e1rlega og tekur sveitarstj\u00f3rn \u00e1kv\u00f6r\u00f0un um breytingar \u00e1 henni.\u00a0\u00a0 Gjaldskr\u00e1 leiksk\u00f3la er a\u00f0gengileg h\u00e9r:\u00a0 Gjaldskr\u00e1 leiksk\u00f3la 2026<\/p>\n","protected":false},"author":4,"featured_media":0,"parent":90,"menu_order":0,"comment_status":"closed","ping_status":"closed","template":"","meta":{"_acf_changed":false,"footnotes":""},"class_list":["post-91","page","type-page","status-publish","hentry","no-post-thumbnail"],"acf":{"quickaccess":false},"yoast_head":"<!-- This site is optimized with the Yoast SEO plugin v24.0 - https:\/\/yoast.com\/wordpress\/plugins\/seo\/ -->\n<title>Leiksk\u00f3lagj\u00f6ld - Hno\u00f0rab\u00f3l<\/title>\n<meta name=\"robots\" content=\"noindex, follow, max-snippet:-1, max-image-preview:large, max-video-preview:-1\" \/>\n<meta property=\"og:locale\" content=\"is_IS\" \/>\n<meta property=\"og:type\" content=\"article\" \/>\n<meta property=\"og:title\" content=\"Leiksk\u00f3lagj\u00f6ld - Hno\u00f0rab\u00f3l\" \/>\n<meta property=\"og:description\" content=\"Gjald fyrir dv\u00f6l \u00e1 leiksk\u00f3la er innheimt fyrirfram.\u00a0\u00a0 Leiksk\u00f3lagj\u00f6ld eru innheimt \u00ed ellefu m\u00e1nu\u00f0i \u00e1 \u00e1ri.\u00a0\u00a0 Gjaldskr\u00e1 leiksk\u00f3la er endursko\u00f0u\u00f0 \u00e1rlega og tekur sveitarstj\u00f3rn \u00e1kv\u00f6r\u00f0un um breytingar \u00e1 henni.\u00a0\u00a0 Gjaldskr\u00e1 leiksk\u00f3la er a\u00f0gengileg h\u00e9r:\u00a0 Gjaldskr\u00e1 leiksk\u00f3la 2026\" \/>\n<meta property=\"og:url\" content=\"https:\/\/dev.borgarbyggd.is\/hnodrabol\/upplysingar\/leikskolagjold\/\" \/>\n<meta property=\"og:site_name\" content=\"Hno\u00f0rab\u00f3l\" \/>\n<meta property=\"article:modified_time\" content=\"2026-03-04T13:39:30+00:00\" \/>\n<meta name=\"twitter:card\" content=\"summary_large_image\" \/>\n<meta name=\"twitter:label1\" content=\"Est. reading time\" \/>\n\t<meta name=\"twitter:data1\" content=\"1 minute\" \/>\n<script type=\"application\/ld+json\" class=\"yoast-schema-graph\">{\"@context\":\"https:\/\/schema.org\",\"@graph\":[{\"@type\":\"WebPage\",\"@id\":\"https:\/\/dev.borgarbyggd.is\/hnodrabol\/upplysingar\/leikskolagjold\/\",\"url\":\"https:\/\/dev.borgarbyggd.is\/hnodrabol\/upplysingar\/leikskolagjold\/\",\"name\":\"Leiksk\u00f3lagj\u00f6ld - Hno\u00f0rab\u00f3l\",\"isPartOf\":{\"@id\":\"https:\/\/dev.borgarbyggd.is\/hnodrabol\/#website\"},\"datePublished\":\"2023-08-16T14:43:24+00:00\",\"dateModified\":\"2026-03-04T13:39:30+00:00\",\"breadcrumb\":{\"@id\":\"https:\/\/dev.borgarbyggd.is\/hnodrabol\/upplysingar\/leikskolagjold\/#breadcrumb\"},\"inLanguage\":\"is\",\"potentialAction\":[{\"@type\":\"ReadAction\",\"target\":[\"https:\/\/dev.borgarbyggd.is\/hnodrabol\/upplysingar\/leikskolagjold\/\"]}]},{\"@type\":\"BreadcrumbList\",\"@id\":\"https:\/\/dev.borgarbyggd.is\/hnodrabol\/upplysingar\/leikskolagjold\/#breadcrumb\",\"itemListElement\":[{\"@type\":\"ListItem\",\"position\":1,\"name\":\"Home\",\"item\":\"https:\/\/dev.borgarbyggd.is\/hnodrabol\/\"},{\"@type\":\"ListItem\",\"position\":2,\"name\":\"Uppl\u00fdsingar\",\"item\":\"https:\/\/dev.borgarbyggd.is\/hnodrabol\/upplysingar\/\"},{\"@type\":\"ListItem\",\"position\":3,\"name\":\"Leiksk\u00f3lagj\u00f6ld\"}]},{\"@type\":\"WebSite\",\"@id\":\"https:\/\/dev.borgarbyggd.is\/hnodrabol\/#website\",\"url\":\"https:\/\/dev.borgarbyggd.is\/hnodrabol\/\",\"name\":\"Hno\u00f0rab\u00f3l\",\"description\":\"\",\"potentialAction\":[{\"@type\":\"SearchAction\",\"target\":{\"@type\":\"EntryPoint\",\"urlTemplate\":\"https:\/\/dev.borgarbyggd.is\/hnodrabol\/?s={search_term_string}\"},\"query-input\":{\"@type\":\"PropertyValueSpecification\",\"valueRequired\":true,\"valueName\":\"search_term_string\"}}],\"inLanguage\":\"is\"}]}<\/script>\n<!-- \/ Yoast SEO plugin. -->","yoast_head_json":{"title":"Leiksk\u00f3lagj\u00f6ld - Hno\u00f0rab\u00f3l","robots":{"index":"noindex","follow":"follow","max-snippet":"max-snippet:-1","max-image-preview":"max-image-preview:large","max-video-preview":"max-video-preview:-1"},"og_locale":"is_IS","og_type":"article","og_title":"Leiksk\u00f3lagj\u00f6ld - Hno\u00f0rab\u00f3l","og_description":"Gjald fyrir dv\u00f6l \u00e1 leiksk\u00f3la er innheimt fyrirfram.\u00a0\u00a0 Leiksk\u00f3lagj\u00f6ld eru innheimt \u00ed ellefu m\u00e1nu\u00f0i \u00e1 \u00e1ri.\u00a0\u00a0 Gjaldskr\u00e1 leiksk\u00f3la er endursko\u00f0u\u00f0 \u00e1rlega og tekur sveitarstj\u00f3rn \u00e1kv\u00f6r\u00f0un um breytingar \u00e1 henni.\u00a0\u00a0 Gjaldskr\u00e1 leiksk\u00f3la er a\u00f0gengileg h\u00e9r:\u00a0 Gjaldskr\u00e1 leiksk\u00f3la 2026","og_url":"https:\/\/dev.borgarbyggd.is\/hnodrabol\/upplysingar\/leikskolagjold\/","og_site_name":"Hno\u00f0rab\u00f3l","article_modified_time":"2026-03-04T13:39:30+00:00","twitter_card":"summary_large_image","twitter_misc":{"Est. reading time":"1 minute"},"schema":{"@context":"https:\/\/schema.org","@graph":[{"@type":"WebPage","@id":"https:\/\/dev.borgarbyggd.is\/hnodrabol\/upplysingar\/leikskolagjold\/","url":"https:\/\/dev.borgarbyggd.is\/hnodrabol\/upplysingar\/leikskolagjold\/","name":"Leiksk\u00f3lagj\u00f6ld - Hno\u00f0rab\u00f3l","isPartOf":{"@id":"https:\/\/dev.borgarbyggd.is\/hnodrabol\/#website"},"datePublished":"2023-08-16T14:43:24+00:00","dateModified":"2026-03-04T13:39:30+00:00","breadcrumb":{"@id":"https:\/\/dev.borgarbyggd.is\/hnodrabol\/upplysingar\/leikskolagjold\/#breadcrumb"},"inLanguage":"is","potentialAction":[{"@type":"ReadAction","target":["https:\/\/dev.borgarbyggd.is\/hnodrabol\/upplysingar\/leikskolagjold\/"]}]},{"@type":"BreadcrumbList","@id":"https:\/\/dev.borgarbyggd.is\/hnodrabol\/upplysingar\/leikskolagjold\/#breadcrumb","itemListElement":[{"@type":"ListItem","position":1,"name":"Home","item":"https:\/\/dev.borgarbyggd.is\/hnodrabol\/"},{"@type":"ListItem","position":2,"name":"Uppl\u00fdsingar","item":"https:\/\/dev.borgarbyggd.is\/hnodrabol\/upplysingar\/"},{"@type":"ListItem","position":3,"name":"Leiksk\u00f3lagj\u00f6ld"}]},{"@type":"WebSite","@id":"https:\/\/dev.borgarbyggd.is\/hnodrabol\/#website","url":"https:\/\/dev.borgarbyggd.is\/hnodrabol\/","name":"Hno\u00f0rab\u00f3l","description":"","potentialAction":[{"@type":"SearchAction","target":{"@type":"EntryPoint","urlTemplate":"https:\/\/dev.borgarbyggd.is\/hnodrabol\/?s={search_term_string}"},"query-input":{"@type":"PropertyValueSpecification","valueRequired":true,"valueName":"search_term_string"}}],"inLanguage":"is"}]}},"_links":{"self":[{"href":"https:\/\/dev.borgarbyggd.is\/hnodrabol\/wp-json\/wp\/v2\/pages\/91","targetHints":{"allow":["GET"]}}],"collection":[{"href":"https:\/\/dev.borgarbyggd.is\/hnodrabol\/wp-json\/wp\/v2\/pages"}],"about":[{"href":"https:\/\/dev.borgarbyggd.is\/hnodrabol\/wp-json\/wp\/v2\/types\/page"}],"author":[{"embeddable":true,"href":"https:\/\/dev.borgarbyggd.is\/hnodrabol\/wp-json\/wp\/v2\/users\/4"}],"replies":[{"embeddable":true,"href":"https:\/\/dev.borgarbyggd.is\/hnodrabol\/wp-json\/wp\/v2\/comments?post=91"}],"version-history":[{"count":0,"href":"https:\/\/dev.borgarbyggd.is\/hnodrabol\/wp-json\/wp\/v2\/pages\/91\/revisions"}],"up":[{"embeddable":true,"href":"https:\/\/dev.borgarbyggd.is\/hnodrabol\/wp-json\/wp\/v2\/pages\/90"}],"wp:attachment":[{"href":"https:\/\/dev.borgarbyggd.is\/hnodrabol\/wp-json\/wp\/v2\/media?parent=91"}],"curies":[{"name":"wp","href":"https:\/\/api.w.org\/{rel}","templated":true}]}}