{"id":85,"date":"2023-08-16T14:38:06","date_gmt":"2023-08-16T14:38:06","guid":{"rendered":"https:\/\/dev.borgarbyggd.is\/hnodrabol\/?page_id=85"},"modified":"2024-10-07T13:48:23","modified_gmt":"2024-10-07T13:48:23","slug":"vinattuverkefnid-og-blaer","status":"publish","type":"page","link":"https:\/\/dev.borgarbyggd.is\/hnodrabol\/skolastarf\/vinattuverkefnid-og-blaer\/","title":{"rendered":"Vin\u00e1ttuverkefni\u00f0 og Bl\u00e6r"},"content":{"rendered":"<p><span data-contrast=\"none\">Snemma \u00e1rs 2016 f\u00f3rum vi\u00f0 \u00e1 Hno\u00f0rab\u00f3li a\u00f0 vinna me\u00f0 vin\u00e1ttuverkefni\u00f0 sem er forvarnaverkefni gegn einelti fyrir leiksk\u00f3la og er \u00e1 vegum Barnaheill- Save the Children \u00e1 \u00cdslandi. Verkefni\u00f0 var teki\u00f0 fyrst \u00ed notkun \u00ed Danm\u00f6rku 2007 og var \u00fer\u00f3a\u00f0 af Mary Fonden og Red Barnet- Save the children \u00ed Danm\u00f6rku. \u00dear hefur \u00fea\u00f0 skila\u00f0 miklum \u00e1rangri.<\/span><\/p>\n<p><span data-contrast=\"none\"> Verkefni\u00f0 byggir \u00e1 fj\u00f3rum grunngildum sem eru umbur\u00f0arlyndi, vir\u00f0ing, umhyggja og hugrekki. <\/span><\/p>\n<p><span data-contrast=\"none\">Bl\u00e6r er st\u00f3r bangsi sem t\u00e1knar vin\u00e1ttuna, hann minnir b\u00f6rnin \u00e1 a\u00f0 g\u00e6ta hvers annars og er sameiginlegur vinur allra. B\u00f6rnin f\u00e1 litla bangsa til a\u00f0 eiga \u00ed leiksk\u00f3lanum og hafa \u00feau m\u00f6rg einnig kalla\u00f0 \u00fe\u00e1 Bl\u00e6r. \u00deeir bangsar fylgja barninu alla leiksk\u00f3lag\u00f6nguna og yfir \u00ed grunnsk\u00f3lann (Margr\u00e9t J\u00fal\u00eda Rafnsd\u00f3ttir, 2015).<\/span><span data-ccp-props=\"{&quot;201341983&quot;:0,&quot;335559739&quot;:150,&quot;335559740&quot;:240}\">\u00a0<\/span><\/p>\n<p>&nbsp;<\/p>\n<p>H\u00e9r m\u00e1 n\u00e1lgast \u00e1\u00e6tlanir vetrarins fyrir samverustundir \u00fear sem unni\u00f0 ver\u00f0ur me\u00f0 Bl\u00e6.<\/p>\n<p><a href=\"https:\/\/dev.borgarbyggd.is\/hnodrabol\/wp-content\/uploads\/sites\/10\/2024\/10\/Blaer-a-gulu-deild-24-25.pdf\">Bl\u00e6r \u00e1 gulu deild 24-25<\/a><\/p>\n<p><a href=\"https:\/\/dev.borgarbyggd.is\/hnodrabol\/wp-content\/uploads\/sites\/10\/2024\/10\/Vinattustundir-a-Raudu-haust-24.pdf\">Vi<\/a><a href=\"https:\/\/dev.borgarbyggd.is\/hnodrabol\/wp-content\/uploads\/sites\/10\/2024\/10\/Vinattustundir-a-Raudu-haust-24.pdf\">n\u00e1ttustundir \u00e1 Rau\u00f0u haust 24<\/a><\/p>\n<p><span data-ccp-props=\"{&quot;201341983&quot;:0,&quot;335559739&quot;:150,&quot;335559740&quot;:240}\">\u00a0<\/span><\/p>\n","protected":false},"excerpt":{"rendered":"<p>Snemma \u00e1rs 2016 f\u00f3rum vi\u00f0 \u00e1 Hno\u00f0rab\u00f3li a\u00f0 vinna me\u00f0 vin\u00e1ttuverkefni\u00f0 sem er forvarnaverkefni gegn einelti fyrir leiksk\u00f3la og er \u00e1 vegum Barnaheill- Save the Children \u00e1 \u00cdslandi. Verkefni\u00f0 var teki\u00f0 fyrst \u00ed notkun \u00ed Danm\u00f6rku 2007 og var \u00fer\u00f3a\u00f0 af Mary Fonden og Red Barnet- Save the children \u00ed Danm\u00f6rku. \u00dear hefur \u00fea\u00f0 skila\u00f0 miklum \u00e1rangri. Verkefni\u00f0 byggir \u00e1 &#8230; <\/p>\n<div><a href=\"https:\/\/dev.borgarbyggd.is\/hnodrabol\/skolastarf\/vinattuverkefnid-og-blaer\/\" class=\"more-link\">Read More<\/a><\/div>\n","protected":false},"author":4,"featured_media":0,"parent":50,"menu_order":0,"comment_status":"closed","ping_status":"closed","template":"","meta":{"_acf_changed":false,"footnotes":""},"class_list":["post-85","page","type-page","status-publish","hentry","no-post-thumbnail"],"acf":{"quickaccess":false},"yoast_head":"<!-- This site is optimized with the Yoast SEO plugin v24.0 - https:\/\/yoast.com\/wordpress\/plugins\/seo\/ -->\n<title>Vin\u00e1ttuverkefni\u00f0 og Bl\u00e6r - Hno\u00f0rab\u00f3l<\/title>\n<meta name=\"robots\" content=\"noindex, follow, max-snippet:-1, max-image-preview:large, max-video-preview:-1\" \/>\n<meta property=\"og:locale\" content=\"is_IS\" \/>\n<meta property=\"og:type\" content=\"article\" \/>\n<meta property=\"og:title\" content=\"Vin\u00e1ttuverkefni\u00f0 og Bl\u00e6r - Hno\u00f0rab\u00f3l\" \/>\n<meta property=\"og:description\" content=\"Snemma \u00e1rs 2016 f\u00f3rum vi\u00f0 \u00e1 Hno\u00f0rab\u00f3li a\u00f0 vinna me\u00f0 vin\u00e1ttuverkefni\u00f0 sem er forvarnaverkefni gegn einelti fyrir leiksk\u00f3la og er \u00e1 vegum Barnaheill- Save the Children \u00e1 \u00cdslandi. Verkefni\u00f0 var teki\u00f0 fyrst \u00ed notkun \u00ed Danm\u00f6rku 2007 og var \u00fer\u00f3a\u00f0 af Mary Fonden og Red Barnet- Save the children \u00ed Danm\u00f6rku. \u00dear hefur \u00fea\u00f0 skila\u00f0 miklum \u00e1rangri. Verkefni\u00f0 byggir \u00e1 ... Read More\" \/>\n<meta property=\"og:url\" content=\"https:\/\/dev.borgarbyggd.is\/hnodrabol\/skolastarf\/vinattuverkefnid-og-blaer\/\" \/>\n<meta property=\"og:site_name\" content=\"Hno\u00f0rab\u00f3l\" \/>\n<meta property=\"article:modified_time\" content=\"2024-10-07T13:48:23+00:00\" \/>\n<meta name=\"twitter:card\" content=\"summary_large_image\" \/>\n<meta name=\"twitter:label1\" content=\"Est. reading time\" \/>\n\t<meta name=\"twitter:data1\" content=\"1 minute\" \/>\n<script type=\"application\/ld+json\" class=\"yoast-schema-graph\">{\"@context\":\"https:\/\/schema.org\",\"@graph\":[{\"@type\":\"WebPage\",\"@id\":\"https:\/\/dev.borgarbyggd.is\/hnodrabol\/skolastarf\/vinattuverkefnid-og-blaer\/\",\"url\":\"https:\/\/dev.borgarbyggd.is\/hnodrabol\/skolastarf\/vinattuverkefnid-og-blaer\/\",\"name\":\"Vin\u00e1ttuverkefni\u00f0 og Bl\u00e6r - Hno\u00f0rab\u00f3l\",\"isPartOf\":{\"@id\":\"https:\/\/dev.borgarbyggd.is\/hnodrabol\/#website\"},\"datePublished\":\"2023-08-16T14:38:06+00:00\",\"dateModified\":\"2024-10-07T13:48:23+00:00\",\"breadcrumb\":{\"@id\":\"https:\/\/dev.borgarbyggd.is\/hnodrabol\/skolastarf\/vinattuverkefnid-og-blaer\/#breadcrumb\"},\"inLanguage\":\"is\",\"potentialAction\":[{\"@type\":\"ReadAction\",\"target\":[\"https:\/\/dev.borgarbyggd.is\/hnodrabol\/skolastarf\/vinattuverkefnid-og-blaer\/\"]}]},{\"@type\":\"BreadcrumbList\",\"@id\":\"https:\/\/dev.borgarbyggd.is\/hnodrabol\/skolastarf\/vinattuverkefnid-og-blaer\/#breadcrumb\",\"itemListElement\":[{\"@type\":\"ListItem\",\"position\":1,\"name\":\"Home\",\"item\":\"https:\/\/dev.borgarbyggd.is\/hnodrabol\/\"},{\"@type\":\"ListItem\",\"position\":2,\"name\":\"Sk\u00f3lastarf\",\"item\":\"https:\/\/dev.borgarbyggd.is\/hnodrabol\/skolastarf\/\"},{\"@type\":\"ListItem\",\"position\":3,\"name\":\"Vin\u00e1ttuverkefni\u00f0 og Bl\u00e6r\"}]},{\"@type\":\"WebSite\",\"@id\":\"https:\/\/dev.borgarbyggd.is\/hnodrabol\/#website\",\"url\":\"https:\/\/dev.borgarbyggd.is\/hnodrabol\/\",\"name\":\"Hno\u00f0rab\u00f3l\",\"description\":\"\",\"potentialAction\":[{\"@type\":\"SearchAction\",\"target\":{\"@type\":\"EntryPoint\",\"urlTemplate\":\"https:\/\/dev.borgarbyggd.is\/hnodrabol\/?s={search_term_string}\"},\"query-input\":{\"@type\":\"PropertyValueSpecification\",\"valueRequired\":true,\"valueName\":\"search_term_string\"}}],\"inLanguage\":\"is\"}]}<\/script>\n<!-- \/ Yoast SEO plugin. -->","yoast_head_json":{"title":"Vin\u00e1ttuverkefni\u00f0 og Bl\u00e6r - Hno\u00f0rab\u00f3l","robots":{"index":"noindex","follow":"follow","max-snippet":"max-snippet:-1","max-image-preview":"max-image-preview:large","max-video-preview":"max-video-preview:-1"},"og_locale":"is_IS","og_type":"article","og_title":"Vin\u00e1ttuverkefni\u00f0 og Bl\u00e6r - Hno\u00f0rab\u00f3l","og_description":"Snemma \u00e1rs 2016 f\u00f3rum vi\u00f0 \u00e1 Hno\u00f0rab\u00f3li a\u00f0 vinna me\u00f0 vin\u00e1ttuverkefni\u00f0 sem er forvarnaverkefni gegn einelti fyrir leiksk\u00f3la og er \u00e1 vegum Barnaheill- Save the Children \u00e1 \u00cdslandi. Verkefni\u00f0 var teki\u00f0 fyrst \u00ed notkun \u00ed Danm\u00f6rku 2007 og var \u00fer\u00f3a\u00f0 af Mary Fonden og Red Barnet- Save the children \u00ed Danm\u00f6rku. \u00dear hefur \u00fea\u00f0 skila\u00f0 miklum \u00e1rangri. Verkefni\u00f0 byggir \u00e1 ... Read More","og_url":"https:\/\/dev.borgarbyggd.is\/hnodrabol\/skolastarf\/vinattuverkefnid-og-blaer\/","og_site_name":"Hno\u00f0rab\u00f3l","article_modified_time":"2024-10-07T13:48:23+00:00","twitter_card":"summary_large_image","twitter_misc":{"Est. reading time":"1 minute"},"schema":{"@context":"https:\/\/schema.org","@graph":[{"@type":"WebPage","@id":"https:\/\/dev.borgarbyggd.is\/hnodrabol\/skolastarf\/vinattuverkefnid-og-blaer\/","url":"https:\/\/dev.borgarbyggd.is\/hnodrabol\/skolastarf\/vinattuverkefnid-og-blaer\/","name":"Vin\u00e1ttuverkefni\u00f0 og Bl\u00e6r - Hno\u00f0rab\u00f3l","isPartOf":{"@id":"https:\/\/dev.borgarbyggd.is\/hnodrabol\/#website"},"datePublished":"2023-08-16T14:38:06+00:00","dateModified":"2024-10-07T13:48:23+00:00","breadcrumb":{"@id":"https:\/\/dev.borgarbyggd.is\/hnodrabol\/skolastarf\/vinattuverkefnid-og-blaer\/#breadcrumb"},"inLanguage":"is","potentialAction":[{"@type":"ReadAction","target":["https:\/\/dev.borgarbyggd.is\/hnodrabol\/skolastarf\/vinattuverkefnid-og-blaer\/"]}]},{"@type":"BreadcrumbList","@id":"https:\/\/dev.borgarbyggd.is\/hnodrabol\/skolastarf\/vinattuverkefnid-og-blaer\/#breadcrumb","itemListElement":[{"@type":"ListItem","position":1,"name":"Home","item":"https:\/\/dev.borgarbyggd.is\/hnodrabol\/"},{"@type":"ListItem","position":2,"name":"Sk\u00f3lastarf","item":"https:\/\/dev.borgarbyggd.is\/hnodrabol\/skolastarf\/"},{"@type":"ListItem","position":3,"name":"Vin\u00e1ttuverkefni\u00f0 og Bl\u00e6r"}]},{"@type":"WebSite","@id":"https:\/\/dev.borgarbyggd.is\/hnodrabol\/#website","url":"https:\/\/dev.borgarbyggd.is\/hnodrabol\/","name":"Hno\u00f0rab\u00f3l","description":"","potentialAction":[{"@type":"SearchAction","target":{"@type":"EntryPoint","urlTemplate":"https:\/\/dev.borgarbyggd.is\/hnodrabol\/?s={search_term_string}"},"query-input":{"@type":"PropertyValueSpecification","valueRequired":true,"valueName":"search_term_string"}}],"inLanguage":"is"}]}},"_links":{"self":[{"href":"https:\/\/dev.borgarbyggd.is\/hnodrabol\/wp-json\/wp\/v2\/pages\/85","targetHints":{"allow":["GET"]}}],"collection":[{"href":"https:\/\/dev.borgarbyggd.is\/hnodrabol\/wp-json\/wp\/v2\/pages"}],"about":[{"href":"https:\/\/dev.borgarbyggd.is\/hnodrabol\/wp-json\/wp\/v2\/types\/page"}],"author":[{"embeddable":true,"href":"https:\/\/dev.borgarbyggd.is\/hnodrabol\/wp-json\/wp\/v2\/users\/4"}],"replies":[{"embeddable":true,"href":"https:\/\/dev.borgarbyggd.is\/hnodrabol\/wp-json\/wp\/v2\/comments?post=85"}],"version-history":[{"count":0,"href":"https:\/\/dev.borgarbyggd.is\/hnodrabol\/wp-json\/wp\/v2\/pages\/85\/revisions"}],"up":[{"embeddable":true,"href":"https:\/\/dev.borgarbyggd.is\/hnodrabol\/wp-json\/wp\/v2\/pages\/50"}],"wp:attachment":[{"href":"https:\/\/dev.borgarbyggd.is\/hnodrabol\/wp-json\/wp\/v2\/media?parent=85"}],"curies":[{"name":"wp","href":"https:\/\/api.w.org\/{rel}","templated":true}]}}