{"id":46,"date":"2023-08-16T14:14:31","date_gmt":"2023-08-16T14:14:31","guid":{"rendered":"https:\/\/dev.borgarbyggd.is\/hnodrabol\/?page_id=46"},"modified":"2025-10-23T13:34:24","modified_gmt":"2025-10-23T13:34:24","slug":"veikindi-barna","status":"publish","type":"page","link":"https:\/\/dev.borgarbyggd.is\/hnodrabol\/daglegt-starf\/veikindi-barna\/","title":{"rendered":"Veikindi barna"},"content":{"rendered":"<p><span data-contrast=\"none\">Veikindi barna skal tilkynna \u00ed gegnum karellen appi\u00f0 e\u00f0a \u00ed s\u00edma 4337180.\u00a0<\/span><span data-ccp-props=\"{&quot;134233117&quot;:false,&quot;134233118&quot;:false,&quot;201341983&quot;:0,&quot;335559738&quot;:0,&quot;335559739&quot;:150,&quot;335559740&quot;:240}\">\u00a0<\/span><\/p>\n<p><span data-contrast=\"none\">\u00deegar b\u00f6rn eru veik er mikilv\u00e6gt a\u00f0 \u00feau s\u00e9u heima og n\u00e1i a\u00f0 hv\u00edla sig. \u00deegar b\u00f6rn koma aftur eftir veikindi \u00feurfa \u00feau a\u00f0 geta teki\u00f0 \u00fe\u00e1tt \u00ed \u00f6llu starfi leiksk\u00f3lans, \u00fear me\u00f0 tali\u00f0 \u00fativeru.\u00a0<\/span><span data-ccp-props=\"{&quot;134233117&quot;:false,&quot;134233118&quot;:false,&quot;201341983&quot;:0,&quot;335559738&quot;:0,&quot;335559739&quot;:150,&quot;335559740&quot;:240}\">\u00a0<\/span><\/p>\n<p><span data-contrast=\"none\">Mikilv\u00e6gt er a\u00f0 l\u00e1ta vita alla dagana sem barni\u00f0 m\u00e6tir ekki og gott er a\u00f0 f\u00e1 uppl\u00fdsingar um af hva\u00f0a toga veikindin eru.<\/span><span data-ccp-props=\"{&quot;134233117&quot;:false,&quot;134233118&quot;:false,&quot;201341983&quot;:0,&quot;335559738&quot;:0,&quot;335559739&quot;:150,&quot;335559740&quot;:240}\">\u00a0<\/span><\/p>\n<p><span data-contrast=\"none\">H\u00e9r fyrir ne\u00f0an er n\u00fduppf\u00e6rt skjal sem gefi\u00f0 er \u00fat af heilsug\u00e6slunni um hve lengi \u00e6skilegt s\u00e9 a\u00f0 b\u00f6rn s\u00e9u heima eftir veikindi auk r\u00e1\u00f0legginga um veikindi og lyfjagjafir. Vi\u00f0 hvetjum alla foreldra til a\u00f0 kynna s\u00e9r \u00feetta skjal vel og hafa til hli\u00f0sj\u00f3nar \u00ed veikindum vetrarins.\u00a0<\/span><\/p>\n<p><strong><a href=\"https:\/\/dev.borgarbyggd.is\/hnodrabol\/wp-content\/uploads\/sites\/10\/2024\/10\/Radleggingar-til-leikskola.pdf\">R\u00e1\u00f0leggingar til leiksk\u00f3la<\/a><\/strong><\/p>\n","protected":false},"excerpt":{"rendered":"<p>Veikindi barna skal tilkynna \u00ed gegnum karellen appi\u00f0 e\u00f0a \u00ed s\u00edma 4337180.\u00a0\u00a0 \u00deegar b\u00f6rn eru veik er mikilv\u00e6gt a\u00f0 \u00feau s\u00e9u heima og n\u00e1i a\u00f0 hv\u00edla sig. \u00deegar b\u00f6rn koma aftur eftir veikindi \u00feurfa \u00feau a\u00f0 geta teki\u00f0 \u00fe\u00e1tt \u00ed \u00f6llu starfi leiksk\u00f3lans, \u00fear me\u00f0 tali\u00f0 \u00fativeru.\u00a0\u00a0 Mikilv\u00e6gt er a\u00f0 l\u00e1ta vita alla dagana sem barni\u00f0 m\u00e6tir ekki og gott &#8230; <\/p>\n<div><a href=\"https:\/\/dev.borgarbyggd.is\/hnodrabol\/daglegt-starf\/veikindi-barna\/\" class=\"more-link\">Read More<\/a><\/div>\n","protected":false},"author":4,"featured_media":0,"parent":30,"menu_order":0,"comment_status":"closed","ping_status":"closed","template":"","meta":{"_acf_changed":false,"footnotes":""},"class_list":["post-46","page","type-page","status-publish","hentry","no-post-thumbnail"],"acf":{"quickaccess":false},"yoast_head":"<!-- This site is optimized with the Yoast SEO plugin v24.0 - https:\/\/yoast.com\/wordpress\/plugins\/seo\/ -->\n<title>Veikindi barna - Hno\u00f0rab\u00f3l<\/title>\n<meta name=\"robots\" content=\"noindex, follow, max-snippet:-1, max-image-preview:large, max-video-preview:-1\" \/>\n<meta property=\"og:locale\" content=\"is_IS\" \/>\n<meta property=\"og:type\" content=\"article\" \/>\n<meta property=\"og:title\" content=\"Veikindi barna - Hno\u00f0rab\u00f3l\" \/>\n<meta property=\"og:description\" content=\"Veikindi barna skal tilkynna \u00ed gegnum karellen appi\u00f0 e\u00f0a \u00ed s\u00edma 4337180.\u00a0\u00a0 \u00deegar b\u00f6rn eru veik er mikilv\u00e6gt a\u00f0 \u00feau s\u00e9u heima og n\u00e1i a\u00f0 hv\u00edla sig. \u00deegar b\u00f6rn koma aftur eftir veikindi \u00feurfa \u00feau a\u00f0 geta teki\u00f0 \u00fe\u00e1tt \u00ed \u00f6llu starfi leiksk\u00f3lans, \u00fear me\u00f0 tali\u00f0 \u00fativeru.\u00a0\u00a0 Mikilv\u00e6gt er a\u00f0 l\u00e1ta vita alla dagana sem barni\u00f0 m\u00e6tir ekki og gott ... Read More\" \/>\n<meta property=\"og:url\" content=\"https:\/\/dev.borgarbyggd.is\/hnodrabol\/daglegt-starf\/veikindi-barna\/\" \/>\n<meta property=\"og:site_name\" content=\"Hno\u00f0rab\u00f3l\" \/>\n<meta property=\"article:modified_time\" content=\"2025-10-23T13:34:24+00:00\" \/>\n<meta name=\"twitter:card\" content=\"summary_large_image\" \/>\n<meta name=\"twitter:label1\" content=\"Est. reading time\" \/>\n\t<meta name=\"twitter:data1\" content=\"1 minute\" \/>\n<script type=\"application\/ld+json\" class=\"yoast-schema-graph\">{\"@context\":\"https:\/\/schema.org\",\"@graph\":[{\"@type\":\"WebPage\",\"@id\":\"https:\/\/dev.borgarbyggd.is\/hnodrabol\/daglegt-starf\/veikindi-barna\/\",\"url\":\"https:\/\/dev.borgarbyggd.is\/hnodrabol\/daglegt-starf\/veikindi-barna\/\",\"name\":\"Veikindi barna - Hno\u00f0rab\u00f3l\",\"isPartOf\":{\"@id\":\"https:\/\/dev.borgarbyggd.is\/hnodrabol\/#website\"},\"datePublished\":\"2023-08-16T14:14:31+00:00\",\"dateModified\":\"2025-10-23T13:34:24+00:00\",\"breadcrumb\":{\"@id\":\"https:\/\/dev.borgarbyggd.is\/hnodrabol\/daglegt-starf\/veikindi-barna\/#breadcrumb\"},\"inLanguage\":\"is\",\"potentialAction\":[{\"@type\":\"ReadAction\",\"target\":[\"https:\/\/dev.borgarbyggd.is\/hnodrabol\/daglegt-starf\/veikindi-barna\/\"]}]},{\"@type\":\"BreadcrumbList\",\"@id\":\"https:\/\/dev.borgarbyggd.is\/hnodrabol\/daglegt-starf\/veikindi-barna\/#breadcrumb\",\"itemListElement\":[{\"@type\":\"ListItem\",\"position\":1,\"name\":\"Home\",\"item\":\"https:\/\/dev.borgarbyggd.is\/hnodrabol\/\"},{\"@type\":\"ListItem\",\"position\":2,\"name\":\"Daglegt starf\",\"item\":\"https:\/\/dev.borgarbyggd.is\/hnodrabol\/daglegt-starf\/\"},{\"@type\":\"ListItem\",\"position\":3,\"name\":\"Veikindi barna\"}]},{\"@type\":\"WebSite\",\"@id\":\"https:\/\/dev.borgarbyggd.is\/hnodrabol\/#website\",\"url\":\"https:\/\/dev.borgarbyggd.is\/hnodrabol\/\",\"name\":\"Hno\u00f0rab\u00f3l\",\"description\":\"\",\"potentialAction\":[{\"@type\":\"SearchAction\",\"target\":{\"@type\":\"EntryPoint\",\"urlTemplate\":\"https:\/\/dev.borgarbyggd.is\/hnodrabol\/?s={search_term_string}\"},\"query-input\":{\"@type\":\"PropertyValueSpecification\",\"valueRequired\":true,\"valueName\":\"search_term_string\"}}],\"inLanguage\":\"is\"}]}<\/script>\n<!-- \/ Yoast SEO plugin. -->","yoast_head_json":{"title":"Veikindi barna - Hno\u00f0rab\u00f3l","robots":{"index":"noindex","follow":"follow","max-snippet":"max-snippet:-1","max-image-preview":"max-image-preview:large","max-video-preview":"max-video-preview:-1"},"og_locale":"is_IS","og_type":"article","og_title":"Veikindi barna - Hno\u00f0rab\u00f3l","og_description":"Veikindi barna skal tilkynna \u00ed gegnum karellen appi\u00f0 e\u00f0a \u00ed s\u00edma 4337180.\u00a0\u00a0 \u00deegar b\u00f6rn eru veik er mikilv\u00e6gt a\u00f0 \u00feau s\u00e9u heima og n\u00e1i a\u00f0 hv\u00edla sig. \u00deegar b\u00f6rn koma aftur eftir veikindi \u00feurfa \u00feau a\u00f0 geta teki\u00f0 \u00fe\u00e1tt \u00ed \u00f6llu starfi leiksk\u00f3lans, \u00fear me\u00f0 tali\u00f0 \u00fativeru.\u00a0\u00a0 Mikilv\u00e6gt er a\u00f0 l\u00e1ta vita alla dagana sem barni\u00f0 m\u00e6tir ekki og gott ... Read More","og_url":"https:\/\/dev.borgarbyggd.is\/hnodrabol\/daglegt-starf\/veikindi-barna\/","og_site_name":"Hno\u00f0rab\u00f3l","article_modified_time":"2025-10-23T13:34:24+00:00","twitter_card":"summary_large_image","twitter_misc":{"Est. reading time":"1 minute"},"schema":{"@context":"https:\/\/schema.org","@graph":[{"@type":"WebPage","@id":"https:\/\/dev.borgarbyggd.is\/hnodrabol\/daglegt-starf\/veikindi-barna\/","url":"https:\/\/dev.borgarbyggd.is\/hnodrabol\/daglegt-starf\/veikindi-barna\/","name":"Veikindi barna - Hno\u00f0rab\u00f3l","isPartOf":{"@id":"https:\/\/dev.borgarbyggd.is\/hnodrabol\/#website"},"datePublished":"2023-08-16T14:14:31+00:00","dateModified":"2025-10-23T13:34:24+00:00","breadcrumb":{"@id":"https:\/\/dev.borgarbyggd.is\/hnodrabol\/daglegt-starf\/veikindi-barna\/#breadcrumb"},"inLanguage":"is","potentialAction":[{"@type":"ReadAction","target":["https:\/\/dev.borgarbyggd.is\/hnodrabol\/daglegt-starf\/veikindi-barna\/"]}]},{"@type":"BreadcrumbList","@id":"https:\/\/dev.borgarbyggd.is\/hnodrabol\/daglegt-starf\/veikindi-barna\/#breadcrumb","itemListElement":[{"@type":"ListItem","position":1,"name":"Home","item":"https:\/\/dev.borgarbyggd.is\/hnodrabol\/"},{"@type":"ListItem","position":2,"name":"Daglegt starf","item":"https:\/\/dev.borgarbyggd.is\/hnodrabol\/daglegt-starf\/"},{"@type":"ListItem","position":3,"name":"Veikindi barna"}]},{"@type":"WebSite","@id":"https:\/\/dev.borgarbyggd.is\/hnodrabol\/#website","url":"https:\/\/dev.borgarbyggd.is\/hnodrabol\/","name":"Hno\u00f0rab\u00f3l","description":"","potentialAction":[{"@type":"SearchAction","target":{"@type":"EntryPoint","urlTemplate":"https:\/\/dev.borgarbyggd.is\/hnodrabol\/?s={search_term_string}"},"query-input":{"@type":"PropertyValueSpecification","valueRequired":true,"valueName":"search_term_string"}}],"inLanguage":"is"}]}},"_links":{"self":[{"href":"https:\/\/dev.borgarbyggd.is\/hnodrabol\/wp-json\/wp\/v2\/pages\/46","targetHints":{"allow":["GET"]}}],"collection":[{"href":"https:\/\/dev.borgarbyggd.is\/hnodrabol\/wp-json\/wp\/v2\/pages"}],"about":[{"href":"https:\/\/dev.borgarbyggd.is\/hnodrabol\/wp-json\/wp\/v2\/types\/page"}],"author":[{"embeddable":true,"href":"https:\/\/dev.borgarbyggd.is\/hnodrabol\/wp-json\/wp\/v2\/users\/4"}],"replies":[{"embeddable":true,"href":"https:\/\/dev.borgarbyggd.is\/hnodrabol\/wp-json\/wp\/v2\/comments?post=46"}],"version-history":[{"count":0,"href":"https:\/\/dev.borgarbyggd.is\/hnodrabol\/wp-json\/wp\/v2\/pages\/46\/revisions"}],"up":[{"embeddable":true,"href":"https:\/\/dev.borgarbyggd.is\/hnodrabol\/wp-json\/wp\/v2\/pages\/30"}],"wp:attachment":[{"href":"https:\/\/dev.borgarbyggd.is\/hnodrabol\/wp-json\/wp\/v2\/media?parent=46"}],"curies":[{"name":"wp","href":"https:\/\/api.w.org\/{rel}","templated":true}]}}