{"id":972,"date":"2024-01-23T13:31:18","date_gmt":"2024-01-23T13:31:18","guid":{"rendered":"https:\/\/dev.borgarbyggd.is\/grunnborg\/?page_id=972"},"modified":"2026-02-19T14:19:21","modified_gmt":"2026-02-19T14:19:21","slug":"skolarad","status":"publish","type":"page","link":"https:\/\/dev.borgarbyggd.is\/grunnborg\/skolinn\/skolarad\/","title":{"rendered":"Sk\u00f3lar\u00e1\u00f0"},"content":{"rendered":"<p><strong>Sk\u00f3lar\u00e1\u00f0 Grunnsk\u00f3lans \u00ed Borgarnesi<\/strong><\/p>\n<p>Vi\u00f0 grunnsk\u00f3la skal starfa sk\u00f3lar\u00e1\u00f0 sem er samr\u00e1\u00f0svettvangur sk\u00f3lastj\u00f3ra og sk\u00f3lasamf\u00e9lags um sk\u00f3lahald. Sk\u00f3lar\u00e1\u00f0 tekur \u00fe\u00e1tt \u00ed stefnum\u00f6rkun fyrir sk\u00f3lann og m\u00f3tun s\u00e9rkenna hans. Sk\u00f3lar\u00e1\u00f0 fjallar um sk\u00f3lan\u00e1mskr\u00e1 sk\u00f3lans, \u00e1rlega starfs\u00e1\u00e6tlun, rekstrar\u00e1\u00e6tlun og a\u00f0rar \u00e1\u00e6tlanir um sk\u00f3lastarfi\u00f0. Sk\u00f3lar\u00e1\u00f0 skal f\u00e1 til umsagnar \u00e1\u00e6tlanir um fyrirhuga\u00f0ar meiri h\u00e1ttar breytingar \u00e1 sk\u00f3lahaldi og starfsemi sk\u00f3la \u00e1\u00f0ur en endanleg \u00e1kv\u00f6r\u00f0un um \u00fe\u00e6r er tekin. Sk\u00f3lar\u00e1\u00f0 fylgist almennt me\u00f0 \u00f6ryggi, a\u00f0b\u00fana\u00f0i og almennri velfer\u00f0 nemenda. Sk\u00f3lanefnd, sbr. 6. gr., getur me\u00f0 sam\u00feykki sveitarstj\u00f3rnar fali\u00f0 sk\u00f3lar\u00e1\u00f0um einstakra sk\u00f3la \u00e1kve\u00f0in verkefni \u00feessu til vi\u00f0b\u00f3tar.<\/p>\n<p>Sk\u00f3lar\u00e1\u00f0 skal skipa\u00f0 n\u00edu einstaklingum til tveggja \u00e1ra \u00ed senn, tveimur fulltr\u00faum kennara \u00e1samt einum fulltr\u00faa annars starfsf\u00f3lks \u00ed vi\u00f0komandi sk\u00f3la, tveimur fulltr\u00faum nemenda og tveimur fulltr\u00faum foreldra, auk sk\u00f3lastj\u00f3ra sem st\u00fdrir starfi sk\u00f3lar\u00e1\u00f0s og ber \u00e1byrg\u00f0 \u00e1 stofnun \u00feess. Sk\u00f3lar\u00e1\u00f0 velur a\u00f0 auki einn fulltr\u00faa grenndarsamf\u00e9lags til a\u00f0 sitja \u00ed r\u00e1\u00f0inu e\u00f0a vi\u00f0b\u00f3tarfulltr\u00faa \u00far h\u00f3pi foreldra. Auk \u00feess skal sk\u00f3lastj\u00f3ri bo\u00f0a til sameiginlegs fundar sk\u00f3lar\u00e1\u00f0s og stj\u00f3rnar nemendaf\u00e9lags a\u00f0 l\u00e1gmarki einu sinni \u00e1 \u00e1ri.<\/p>\n<p>R\u00e1\u00f0herra setur regluger\u00f0 um starfsemi sk\u00f3lar\u00e1\u00f0a \u00ed samr\u00e1\u00f0i vi\u00f0 samt\u00f6k sveitarf\u00e9laga, kennara og foreldra (8. gr. laga nr. 91\/2008).<\/p>\n<p>&nbsp;<\/p>\n<p><strong>Skipan sk\u00f3lar\u00e1\u00f0s sk\u00f3la\u00e1ri\u00f0 2025-2026 er sem h\u00e9r segir:<\/strong><\/p>\n<p>Sk\u00f3lastj\u00f3ri: Gu\u00f0laug Erlendsd\u00f3ttir<\/p>\n<p>Fulltr\u00faar kennara: \u00de\u00f3rhildur Bachman og Helena Bj\u00f6rk Gu\u00f0mundsd\u00f3ttir<\/p>\n<p>Fulltr\u00fai starfsf\u00f3lks: Fanney \u00deorkelsd\u00f3ttir<\/p>\n<p>Fulltr\u00faar foreldra: Krist\u00edn Magdalena \u00c1g\u00fastsd\u00f3ttir og Stef\u00e1n Dahl<\/p>\n<p>Fulltr\u00fai grenndarsamf\u00e9lgasins\/foreldra:<\/p>\n<p>Fulltr\u00faar nemenda: Krist\u00edn Halla Bragad\u00f3ttir 10.b og Kar\u00edn \u00d3sk \u00cdvarsd\u00f3ttir 10.b<\/p>\n<p>&nbsp;<\/p>\n<p><strong>Fundarger\u00f0ir:<\/strong><\/p>\n<p><a href=\"https:\/\/dev.borgarbyggd.is\/grunnborg\/wp-content\/uploads\/sites\/2\/2025\/12\/18.des-2025-fundargerd.pdf\">Fundarger\u00f0 18.des 2025<\/a><\/p>\n<p><a href=\"https:\/\/dev.borgarbyggd.is\/grunnborg\/wp-content\/uploads\/sites\/2\/2025\/02\/10.feb-2025-Fundargerd-1.pdf\">10.feb 2025 &#8211; Fundarger\u00f0 (1)<\/a><\/p>\n<p><span style=\"color: #0000ff\"><a style=\"color: #0000ff\" href=\"https:\/\/dev.borgarbyggd.is\/grunnborg\/wp-content\/uploads\/sites\/2\/2024\/05\/7Mai24.pdf\">7. ma\u00ed 2024<\/a><\/span><\/p>\n<p><span style=\"color: #0000ff\"><a style=\"color: #0000ff\" href=\"https:\/\/dev.borgarbyggd.is\/grunnborg\/wp-content\/uploads\/sites\/2\/2024\/03\/7feb24.pdf\">7. febr\u00faar 2024<\/a><\/span><\/p>\n<p><span style=\"color: #0000ff\"><a style=\"color: #0000ff\" href=\"https:\/\/dev.borgarbyggd.is\/grunnborg\/wp-content\/uploads\/sites\/2\/2024\/04\/Fundargerd-2.-des-2021.pdf\">2. desember 2021<\/a><\/span><\/p>\n<p><span style=\"color: #0000ff\"><a style=\"color: #0000ff\" href=\"https:\/\/dev.borgarbyggd.is\/grunnborg\/wp-content\/uploads\/sites\/2\/2024\/04\/Fundargerd-6.-mai-2021.pdf\">6. ma\u00ed 2021<\/a><\/span><\/p>\n<p><span style=\"color: #0000ff\"><a style=\"color: #0000ff\" href=\"https:\/\/dev.borgarbyggd.is\/grunnborg\/wp-content\/uploads\/sites\/2\/2024\/04\/Fundargerd-9.-mars-2021.pdf\">9. mars 2021<\/a><\/span><\/p>\n<p>&nbsp;<\/p>\n","protected":false},"excerpt":{"rendered":"<p>Sk\u00f3lar\u00e1\u00f0 Grunnsk\u00f3lans \u00ed Borgarnesi Vi\u00f0 grunnsk\u00f3la skal starfa sk\u00f3lar\u00e1\u00f0 sem er samr\u00e1\u00f0svettvangur sk\u00f3lastj\u00f3ra og sk\u00f3lasamf\u00e9lags um sk\u00f3lahald. Sk\u00f3lar\u00e1\u00f0 tekur \u00fe\u00e1tt \u00ed stefnum\u00f6rkun fyrir sk\u00f3lann og m\u00f3tun s\u00e9rkenna hans. Sk\u00f3lar\u00e1\u00f0 fjallar um sk\u00f3lan\u00e1mskr\u00e1 sk\u00f3lans, \u00e1rlega starfs\u00e1\u00e6tlun, rekstrar\u00e1\u00e6tlun og a\u00f0rar \u00e1\u00e6tlanir um sk\u00f3lastarfi\u00f0. Sk\u00f3lar\u00e1\u00f0 skal f\u00e1 til umsagnar \u00e1\u00e6tlanir um fyrirhuga\u00f0ar meiri h\u00e1ttar breytingar \u00e1 sk\u00f3lahaldi og starfsemi sk\u00f3la \u00e1\u00f0ur en endanleg &#8230; <\/p>\n<div><a href=\"https:\/\/dev.borgarbyggd.is\/grunnborg\/skolinn\/skolarad\/\" class=\"more-link\">Read More<\/a><\/div>\n","protected":false},"author":27,"featured_media":0,"parent":37,"menu_order":1,"comment_status":"closed","ping_status":"closed","template":"","meta":{"_acf_changed":false,"footnotes":""},"class_list":["post-972","page","type-page","status-publish","hentry","no-post-thumbnail"],"acf":{"quickaccess":false},"yoast_head":"<!-- This site is optimized with the Yoast SEO plugin v24.0 - https:\/\/yoast.com\/wordpress\/plugins\/seo\/ -->\n<title>Sk\u00f3lar\u00e1\u00f0 - Grunnsk\u00f3linn \u00ed Borgarnesi<\/title>\n<meta name=\"robots\" content=\"index, follow, max-snippet:-1, max-image-preview:large, max-video-preview:-1\" \/>\n<link rel=\"canonical\" href=\"https:\/\/dev.borgarbyggd.is\/grunnborg\/skolinn\/skolarad\/\" \/>\n<meta property=\"og:locale\" content=\"en_US\" \/>\n<meta property=\"og:type\" content=\"article\" \/>\n<meta property=\"og:title\" content=\"Sk\u00f3lar\u00e1\u00f0 - Grunnsk\u00f3linn \u00ed Borgarnesi\" \/>\n<meta property=\"og:description\" content=\"Sk\u00f3lar\u00e1\u00f0 Grunnsk\u00f3lans \u00ed Borgarnesi Vi\u00f0 grunnsk\u00f3la skal starfa sk\u00f3lar\u00e1\u00f0 sem er samr\u00e1\u00f0svettvangur sk\u00f3lastj\u00f3ra og sk\u00f3lasamf\u00e9lags um sk\u00f3lahald. Sk\u00f3lar\u00e1\u00f0 tekur \u00fe\u00e1tt \u00ed stefnum\u00f6rkun fyrir sk\u00f3lann og m\u00f3tun s\u00e9rkenna hans. Sk\u00f3lar\u00e1\u00f0 fjallar um sk\u00f3lan\u00e1mskr\u00e1 sk\u00f3lans, \u00e1rlega starfs\u00e1\u00e6tlun, rekstrar\u00e1\u00e6tlun og a\u00f0rar \u00e1\u00e6tlanir um sk\u00f3lastarfi\u00f0. Sk\u00f3lar\u00e1\u00f0 skal f\u00e1 til umsagnar \u00e1\u00e6tlanir um fyrirhuga\u00f0ar meiri h\u00e1ttar breytingar \u00e1 sk\u00f3lahaldi og starfsemi sk\u00f3la \u00e1\u00f0ur en endanleg ... Read More\" \/>\n<meta property=\"og:url\" content=\"https:\/\/dev.borgarbyggd.is\/grunnborg\/skolinn\/skolarad\/\" \/>\n<meta property=\"og:site_name\" content=\"Grunnsk\u00f3linn \u00ed Borgarnesi\" \/>\n<meta property=\"article:modified_time\" content=\"2026-02-19T14:19:21+00:00\" \/>\n<meta name=\"twitter:card\" content=\"summary_large_image\" \/>\n<meta name=\"twitter:label1\" content=\"Est. reading time\" \/>\n\t<meta name=\"twitter:data1\" content=\"2 minutes\" \/>\n<script type=\"application\/ld+json\" class=\"yoast-schema-graph\">{\"@context\":\"https:\/\/schema.org\",\"@graph\":[{\"@type\":\"WebPage\",\"@id\":\"https:\/\/dev.borgarbyggd.is\/grunnborg\/skolinn\/skolarad\/\",\"url\":\"https:\/\/dev.borgarbyggd.is\/grunnborg\/skolinn\/skolarad\/\",\"name\":\"Sk\u00f3lar\u00e1\u00f0 - Grunnsk\u00f3linn \u00ed Borgarnesi\",\"isPartOf\":{\"@id\":\"https:\/\/dev.borgarbyggd.is\/grunnborg\/#website\"},\"datePublished\":\"2024-01-23T13:31:18+00:00\",\"dateModified\":\"2026-02-19T14:19:21+00:00\",\"breadcrumb\":{\"@id\":\"https:\/\/dev.borgarbyggd.is\/grunnborg\/skolinn\/skolarad\/#breadcrumb\"},\"inLanguage\":\"en-US\",\"potentialAction\":[{\"@type\":\"ReadAction\",\"target\":[\"https:\/\/dev.borgarbyggd.is\/grunnborg\/skolinn\/skolarad\/\"]}]},{\"@type\":\"BreadcrumbList\",\"@id\":\"https:\/\/dev.borgarbyggd.is\/grunnborg\/skolinn\/skolarad\/#breadcrumb\",\"itemListElement\":[{\"@type\":\"ListItem\",\"position\":1,\"name\":\"Home\",\"item\":\"https:\/\/dev.borgarbyggd.is\/grunnborg\/\"},{\"@type\":\"ListItem\",\"position\":2,\"name\":\"Sk\u00f3linn\",\"item\":\"https:\/\/dev.borgarbyggd.is\/grunnborg\/skolinn\/\"},{\"@type\":\"ListItem\",\"position\":3,\"name\":\"Sk\u00f3lar\u00e1\u00f0\"}]},{\"@type\":\"WebSite\",\"@id\":\"https:\/\/dev.borgarbyggd.is\/grunnborg\/#website\",\"url\":\"https:\/\/dev.borgarbyggd.is\/grunnborg\/\",\"name\":\"Grunnsk\u00f3linn \u00ed Borgarnesi\",\"description\":\"\",\"potentialAction\":[{\"@type\":\"SearchAction\",\"target\":{\"@type\":\"EntryPoint\",\"urlTemplate\":\"https:\/\/dev.borgarbyggd.is\/grunnborg\/?s={search_term_string}\"},\"query-input\":{\"@type\":\"PropertyValueSpecification\",\"valueRequired\":true,\"valueName\":\"search_term_string\"}}],\"inLanguage\":\"en-US\"}]}<\/script>\n<!-- \/ Yoast SEO plugin. -->","yoast_head_json":{"title":"Sk\u00f3lar\u00e1\u00f0 - Grunnsk\u00f3linn \u00ed Borgarnesi","robots":{"index":"index","follow":"follow","max-snippet":"max-snippet:-1","max-image-preview":"max-image-preview:large","max-video-preview":"max-video-preview:-1"},"canonical":"https:\/\/dev.borgarbyggd.is\/grunnborg\/skolinn\/skolarad\/","og_locale":"en_US","og_type":"article","og_title":"Sk\u00f3lar\u00e1\u00f0 - Grunnsk\u00f3linn \u00ed Borgarnesi","og_description":"Sk\u00f3lar\u00e1\u00f0 Grunnsk\u00f3lans \u00ed Borgarnesi Vi\u00f0 grunnsk\u00f3la skal starfa sk\u00f3lar\u00e1\u00f0 sem er samr\u00e1\u00f0svettvangur sk\u00f3lastj\u00f3ra og sk\u00f3lasamf\u00e9lags um sk\u00f3lahald. Sk\u00f3lar\u00e1\u00f0 tekur \u00fe\u00e1tt \u00ed stefnum\u00f6rkun fyrir sk\u00f3lann og m\u00f3tun s\u00e9rkenna hans. Sk\u00f3lar\u00e1\u00f0 fjallar um sk\u00f3lan\u00e1mskr\u00e1 sk\u00f3lans, \u00e1rlega starfs\u00e1\u00e6tlun, rekstrar\u00e1\u00e6tlun og a\u00f0rar \u00e1\u00e6tlanir um sk\u00f3lastarfi\u00f0. Sk\u00f3lar\u00e1\u00f0 skal f\u00e1 til umsagnar \u00e1\u00e6tlanir um fyrirhuga\u00f0ar meiri h\u00e1ttar breytingar \u00e1 sk\u00f3lahaldi og starfsemi sk\u00f3la \u00e1\u00f0ur en endanleg ... Read More","og_url":"https:\/\/dev.borgarbyggd.is\/grunnborg\/skolinn\/skolarad\/","og_site_name":"Grunnsk\u00f3linn \u00ed Borgarnesi","article_modified_time":"2026-02-19T14:19:21+00:00","twitter_card":"summary_large_image","twitter_misc":{"Est. reading time":"2 minutes"},"schema":{"@context":"https:\/\/schema.org","@graph":[{"@type":"WebPage","@id":"https:\/\/dev.borgarbyggd.is\/grunnborg\/skolinn\/skolarad\/","url":"https:\/\/dev.borgarbyggd.is\/grunnborg\/skolinn\/skolarad\/","name":"Sk\u00f3lar\u00e1\u00f0 - Grunnsk\u00f3linn \u00ed Borgarnesi","isPartOf":{"@id":"https:\/\/dev.borgarbyggd.is\/grunnborg\/#website"},"datePublished":"2024-01-23T13:31:18+00:00","dateModified":"2026-02-19T14:19:21+00:00","breadcrumb":{"@id":"https:\/\/dev.borgarbyggd.is\/grunnborg\/skolinn\/skolarad\/#breadcrumb"},"inLanguage":"en-US","potentialAction":[{"@type":"ReadAction","target":["https:\/\/dev.borgarbyggd.is\/grunnborg\/skolinn\/skolarad\/"]}]},{"@type":"BreadcrumbList","@id":"https:\/\/dev.borgarbyggd.is\/grunnborg\/skolinn\/skolarad\/#breadcrumb","itemListElement":[{"@type":"ListItem","position":1,"name":"Home","item":"https:\/\/dev.borgarbyggd.is\/grunnborg\/"},{"@type":"ListItem","position":2,"name":"Sk\u00f3linn","item":"https:\/\/dev.borgarbyggd.is\/grunnborg\/skolinn\/"},{"@type":"ListItem","position":3,"name":"Sk\u00f3lar\u00e1\u00f0"}]},{"@type":"WebSite","@id":"https:\/\/dev.borgarbyggd.is\/grunnborg\/#website","url":"https:\/\/dev.borgarbyggd.is\/grunnborg\/","name":"Grunnsk\u00f3linn \u00ed Borgarnesi","description":"","potentialAction":[{"@type":"SearchAction","target":{"@type":"EntryPoint","urlTemplate":"https:\/\/dev.borgarbyggd.is\/grunnborg\/?s={search_term_string}"},"query-input":{"@type":"PropertyValueSpecification","valueRequired":true,"valueName":"search_term_string"}}],"inLanguage":"en-US"}]}},"_links":{"self":[{"href":"https:\/\/dev.borgarbyggd.is\/grunnborg\/wp-json\/wp\/v2\/pages\/972","targetHints":{"allow":["GET"]}}],"collection":[{"href":"https:\/\/dev.borgarbyggd.is\/grunnborg\/wp-json\/wp\/v2\/pages"}],"about":[{"href":"https:\/\/dev.borgarbyggd.is\/grunnborg\/wp-json\/wp\/v2\/types\/page"}],"author":[{"embeddable":true,"href":"https:\/\/dev.borgarbyggd.is\/grunnborg\/wp-json\/wp\/v2\/users\/27"}],"replies":[{"embeddable":true,"href":"https:\/\/dev.borgarbyggd.is\/grunnborg\/wp-json\/wp\/v2\/comments?post=972"}],"version-history":[{"count":0,"href":"https:\/\/dev.borgarbyggd.is\/grunnborg\/wp-json\/wp\/v2\/pages\/972\/revisions"}],"up":[{"embeddable":true,"href":"https:\/\/dev.borgarbyggd.is\/grunnborg\/wp-json\/wp\/v2\/pages\/37"}],"wp:attachment":[{"href":"https:\/\/dev.borgarbyggd.is\/grunnborg\/wp-json\/wp\/v2\/media?parent=972"}],"curies":[{"name":"wp","href":"https:\/\/api.w.org\/{rel}","templated":true}]}}