{"id":53,"date":"2023-09-04T14:31:54","date_gmt":"2023-09-04T14:31:54","guid":{"rendered":"https:\/\/dev.borgarbyggd.is\/grunnborg\/?page_id=53"},"modified":"2024-04-09T10:41:59","modified_gmt":"2024-04-09T10:41:59","slug":"stodthjonusta","status":"publish","type":"page","link":"https:\/\/dev.borgarbyggd.is\/grunnborg\/stodthjonusta\/","title":{"rendered":"Sto\u00f0\u00fej\u00f3nusta"},"content":{"rendered":"<header class=\"entry-header\"><\/header>\n<div class=\"entry-content content\">\n<h3 class=\"at-above-post-page addthis_tool\" data-url=\"https:\/\/grunnborg.is\/stodkerfi\/\">Velfer\u00f0 nemenda<\/h3>\n<div id=\"cs-content\" class=\"cs-content\">\n<div id=\"x-section-1\" class=\"x-section\">\n<div id=\"\" class=\"x-container max width\">\n<div class=\"x-column x-sm x-1-1\">\n<div id=\"\" class=\"x-text\">\n<p>Velfer\u00f0 nemenda er samvinnuverkefni heimila og sk\u00f3la.<\/p>\n<p>B\u00f6rn og unglingar \u00fearfnast fj\u00f6lbreyttra vi\u00f0fangsefna og hafa \u00f3l\u00edkar n\u00e1ms\u00fearfir. \u00dea\u00f0 \u00fearf a\u00f0 leggja \u00e1herslu \u00e1 styrkleika barna og h\u00e6fni til a\u00f0 koma til m\u00f3ts vi\u00f0 \u00f3l\u00edkar \u00fearfir og stu\u00f0la a\u00f0 alhli\u00f0a \u00feroska.<\/p>\n<p>Mikilv\u00e6gir \u00fe\u00e6ttir sem \u00fearf a\u00f0 leggja \u00e1herslu \u00e1 eru: j\u00e1kv\u00e6\u00f0 sj\u00e1lfsmynd, hreyfing, n\u00e6ring, hv\u00edld, andleg vell\u00ed\u00f0an, g\u00f3\u00f0 samskipti, \u00e1byrg\u00f0, \u00f6ryggi, hreinl\u00e6ti, kynheilbrig\u00f0i og skilningur \u00e1 eigin tilfinningum og annarra.<\/p>\n<p>Sk\u00f3linn vinnur markvisst a\u00f0 forv\u00f6rnum \u00fear sem huga\u00f0 er a\u00f0 f\u00e9lagslegri vell\u00ed\u00f0an og velfer\u00f0 nemenda.<\/p>\n<p>Vi\u00f0 viljum a\u00f0 sk\u00f3linn s\u00e9 gri\u00f0asta\u00f0ur barna \u00fear sem \u00feau eiga a\u00f0 finna til \u00f6ryggis og f\u00e1 \u00fe\u00e1 lei\u00f0s\u00f6gn sem \u00feau \u00feurfa.<\/p>\n<p>Vi\u00f0 viljum hlusta \u00e1 nemendur og sko\u00f0anir \u00feeirra \u00e1 m\u00e1lum sem \u00fe\u00e1 var\u00f0a og taka r\u00e9ttm\u00e6tt tillit til sko\u00f0ana \u00feeirra.<\/p>\n<p>Nemendur eiga a\u00f0 f\u00e1 t\u00e6kif\u00e6ri til a\u00f0 skiptast \u00e1 sko\u00f0unum vi\u00f0 b\u00f6rn og fullor\u00f0na, finna sameiginlegar lausnir og mi\u00f0la m\u00e1lum.<\/p>\n<p>Vi\u00f0 gr\u00edpum til vi\u00f0eigandi r\u00e1\u00f0stafana ef \u00fe\u00f6rf krefur \u00feannig a\u00f0 \u00f6ll b\u00f6rn f\u00e1i sem best noti\u00f0 s\u00edn mi\u00f0a\u00f0 vi\u00f0 \u00feroska og \u00fearfir hvers og eins.<\/p>\n<p>Ofbeldi, einelti og anna\u00f0 andf\u00e9lagslegt atferli skal aldrei li\u00f0i\u00f0.<\/p>\n<\/div>\n<div id=\"\" class=\"x-text cs-ta-right\">\n<p style=\"text-align: right\">Uppf\u00e6rt 08\/2016<\/p>\n<\/div>\n<\/div>\n<\/div>\n<\/div>\n<\/div>\n<\/div>\n","protected":false},"excerpt":{"rendered":"<p>Velfer\u00f0 nemenda Velfer\u00f0 nemenda er samvinnuverkefni heimila og sk\u00f3la. B\u00f6rn og unglingar \u00fearfnast fj\u00f6lbreyttra vi\u00f0fangsefna og hafa \u00f3l\u00edkar n\u00e1ms\u00fearfir. \u00dea\u00f0 \u00fearf a\u00f0 leggja \u00e1herslu \u00e1 styrkleika barna og h\u00e6fni til a\u00f0 koma til m\u00f3ts vi\u00f0 \u00f3l\u00edkar \u00fearfir og stu\u00f0la a\u00f0 alhli\u00f0a \u00feroska. Mikilv\u00e6gir \u00fe\u00e6ttir sem \u00fearf a\u00f0 leggja \u00e1herslu \u00e1 eru: j\u00e1kv\u00e6\u00f0 sj\u00e1lfsmynd, hreyfing, n\u00e6ring, hv\u00edld, andleg vell\u00ed\u00f0an, g\u00f3\u00f0 samskipti, &#8230; <\/p>\n<div><a href=\"https:\/\/dev.borgarbyggd.is\/grunnborg\/stodthjonusta\/\" class=\"more-link\">Read More<\/a><\/div>\n","protected":false},"author":4,"featured_media":0,"parent":0,"menu_order":0,"comment_status":"closed","ping_status":"closed","template":"","meta":{"_acf_changed":false,"footnotes":""},"class_list":["post-53","page","type-page","status-publish","hentry","no-post-thumbnail"],"acf":{"quickaccess":false},"yoast_head":"<!-- This site is optimized with the Yoast SEO plugin v24.0 - https:\/\/yoast.com\/wordpress\/plugins\/seo\/ -->\n<title>Sto\u00f0\u00fej\u00f3nusta - Grunnsk\u00f3linn \u00ed Borgarnesi<\/title>\n<meta name=\"robots\" content=\"index, follow, max-snippet:-1, max-image-preview:large, max-video-preview:-1\" \/>\n<link rel=\"canonical\" href=\"https:\/\/dev.borgarbyggd.is\/grunnborg\/stodthjonusta\/\" \/>\n<meta property=\"og:locale\" content=\"en_US\" \/>\n<meta property=\"og:type\" content=\"article\" \/>\n<meta property=\"og:title\" content=\"Sto\u00f0\u00fej\u00f3nusta - Grunnsk\u00f3linn \u00ed Borgarnesi\" \/>\n<meta property=\"og:description\" content=\"Velfer\u00f0 nemenda Velfer\u00f0 nemenda er samvinnuverkefni heimila og sk\u00f3la. B\u00f6rn og unglingar \u00fearfnast fj\u00f6lbreyttra vi\u00f0fangsefna og hafa \u00f3l\u00edkar n\u00e1ms\u00fearfir. \u00dea\u00f0 \u00fearf a\u00f0 leggja \u00e1herslu \u00e1 styrkleika barna og h\u00e6fni til a\u00f0 koma til m\u00f3ts vi\u00f0 \u00f3l\u00edkar \u00fearfir og stu\u00f0la a\u00f0 alhli\u00f0a \u00feroska. Mikilv\u00e6gir \u00fe\u00e6ttir sem \u00fearf a\u00f0 leggja \u00e1herslu \u00e1 eru: j\u00e1kv\u00e6\u00f0 sj\u00e1lfsmynd, hreyfing, n\u00e6ring, hv\u00edld, andleg vell\u00ed\u00f0an, g\u00f3\u00f0 samskipti, ... Read More\" \/>\n<meta property=\"og:url\" content=\"https:\/\/dev.borgarbyggd.is\/grunnborg\/stodthjonusta\/\" \/>\n<meta property=\"og:site_name\" content=\"Grunnsk\u00f3linn \u00ed Borgarnesi\" \/>\n<meta property=\"article:modified_time\" content=\"2024-04-09T10:41:59+00:00\" \/>\n<meta name=\"twitter:card\" content=\"summary_large_image\" \/>\n<meta name=\"twitter:label1\" content=\"Est. reading time\" \/>\n\t<meta name=\"twitter:data1\" content=\"2 minutes\" \/>\n<script type=\"application\/ld+json\" class=\"yoast-schema-graph\">{\"@context\":\"https:\/\/schema.org\",\"@graph\":[{\"@type\":\"WebPage\",\"@id\":\"https:\/\/dev.borgarbyggd.is\/grunnborg\/stodthjonusta\/\",\"url\":\"https:\/\/dev.borgarbyggd.is\/grunnborg\/stodthjonusta\/\",\"name\":\"Sto\u00f0\u00fej\u00f3nusta - Grunnsk\u00f3linn \u00ed Borgarnesi\",\"isPartOf\":{\"@id\":\"https:\/\/dev.borgarbyggd.is\/grunnborg\/#website\"},\"datePublished\":\"2023-09-04T14:31:54+00:00\",\"dateModified\":\"2024-04-09T10:41:59+00:00\",\"breadcrumb\":{\"@id\":\"https:\/\/dev.borgarbyggd.is\/grunnborg\/stodthjonusta\/#breadcrumb\"},\"inLanguage\":\"en-US\",\"potentialAction\":[{\"@type\":\"ReadAction\",\"target\":[\"https:\/\/dev.borgarbyggd.is\/grunnborg\/stodthjonusta\/\"]}]},{\"@type\":\"BreadcrumbList\",\"@id\":\"https:\/\/dev.borgarbyggd.is\/grunnborg\/stodthjonusta\/#breadcrumb\",\"itemListElement\":[{\"@type\":\"ListItem\",\"position\":1,\"name\":\"Home\",\"item\":\"https:\/\/dev.borgarbyggd.is\/grunnborg\/\"},{\"@type\":\"ListItem\",\"position\":2,\"name\":\"Sto\u00f0\u00fej\u00f3nusta\"}]},{\"@type\":\"WebSite\",\"@id\":\"https:\/\/dev.borgarbyggd.is\/grunnborg\/#website\",\"url\":\"https:\/\/dev.borgarbyggd.is\/grunnborg\/\",\"name\":\"Grunnsk\u00f3linn \u00ed Borgarnesi\",\"description\":\"\",\"potentialAction\":[{\"@type\":\"SearchAction\",\"target\":{\"@type\":\"EntryPoint\",\"urlTemplate\":\"https:\/\/dev.borgarbyggd.is\/grunnborg\/?s={search_term_string}\"},\"query-input\":{\"@type\":\"PropertyValueSpecification\",\"valueRequired\":true,\"valueName\":\"search_term_string\"}}],\"inLanguage\":\"en-US\"}]}<\/script>\n<!-- \/ Yoast SEO plugin. -->","yoast_head_json":{"title":"Sto\u00f0\u00fej\u00f3nusta - Grunnsk\u00f3linn \u00ed Borgarnesi","robots":{"index":"index","follow":"follow","max-snippet":"max-snippet:-1","max-image-preview":"max-image-preview:large","max-video-preview":"max-video-preview:-1"},"canonical":"https:\/\/dev.borgarbyggd.is\/grunnborg\/stodthjonusta\/","og_locale":"en_US","og_type":"article","og_title":"Sto\u00f0\u00fej\u00f3nusta - Grunnsk\u00f3linn \u00ed Borgarnesi","og_description":"Velfer\u00f0 nemenda Velfer\u00f0 nemenda er samvinnuverkefni heimila og sk\u00f3la. B\u00f6rn og unglingar \u00fearfnast fj\u00f6lbreyttra vi\u00f0fangsefna og hafa \u00f3l\u00edkar n\u00e1ms\u00fearfir. \u00dea\u00f0 \u00fearf a\u00f0 leggja \u00e1herslu \u00e1 styrkleika barna og h\u00e6fni til a\u00f0 koma til m\u00f3ts vi\u00f0 \u00f3l\u00edkar \u00fearfir og stu\u00f0la a\u00f0 alhli\u00f0a \u00feroska. Mikilv\u00e6gir \u00fe\u00e6ttir sem \u00fearf a\u00f0 leggja \u00e1herslu \u00e1 eru: j\u00e1kv\u00e6\u00f0 sj\u00e1lfsmynd, hreyfing, n\u00e6ring, hv\u00edld, andleg vell\u00ed\u00f0an, g\u00f3\u00f0 samskipti, ... Read More","og_url":"https:\/\/dev.borgarbyggd.is\/grunnborg\/stodthjonusta\/","og_site_name":"Grunnsk\u00f3linn \u00ed Borgarnesi","article_modified_time":"2024-04-09T10:41:59+00:00","twitter_card":"summary_large_image","twitter_misc":{"Est. reading time":"2 minutes"},"schema":{"@context":"https:\/\/schema.org","@graph":[{"@type":"WebPage","@id":"https:\/\/dev.borgarbyggd.is\/grunnborg\/stodthjonusta\/","url":"https:\/\/dev.borgarbyggd.is\/grunnborg\/stodthjonusta\/","name":"Sto\u00f0\u00fej\u00f3nusta - Grunnsk\u00f3linn \u00ed Borgarnesi","isPartOf":{"@id":"https:\/\/dev.borgarbyggd.is\/grunnborg\/#website"},"datePublished":"2023-09-04T14:31:54+00:00","dateModified":"2024-04-09T10:41:59+00:00","breadcrumb":{"@id":"https:\/\/dev.borgarbyggd.is\/grunnborg\/stodthjonusta\/#breadcrumb"},"inLanguage":"en-US","potentialAction":[{"@type":"ReadAction","target":["https:\/\/dev.borgarbyggd.is\/grunnborg\/stodthjonusta\/"]}]},{"@type":"BreadcrumbList","@id":"https:\/\/dev.borgarbyggd.is\/grunnborg\/stodthjonusta\/#breadcrumb","itemListElement":[{"@type":"ListItem","position":1,"name":"Home","item":"https:\/\/dev.borgarbyggd.is\/grunnborg\/"},{"@type":"ListItem","position":2,"name":"Sto\u00f0\u00fej\u00f3nusta"}]},{"@type":"WebSite","@id":"https:\/\/dev.borgarbyggd.is\/grunnborg\/#website","url":"https:\/\/dev.borgarbyggd.is\/grunnborg\/","name":"Grunnsk\u00f3linn \u00ed Borgarnesi","description":"","potentialAction":[{"@type":"SearchAction","target":{"@type":"EntryPoint","urlTemplate":"https:\/\/dev.borgarbyggd.is\/grunnborg\/?s={search_term_string}"},"query-input":{"@type":"PropertyValueSpecification","valueRequired":true,"valueName":"search_term_string"}}],"inLanguage":"en-US"}]}},"_links":{"self":[{"href":"https:\/\/dev.borgarbyggd.is\/grunnborg\/wp-json\/wp\/v2\/pages\/53","targetHints":{"allow":["GET"]}}],"collection":[{"href":"https:\/\/dev.borgarbyggd.is\/grunnborg\/wp-json\/wp\/v2\/pages"}],"about":[{"href":"https:\/\/dev.borgarbyggd.is\/grunnborg\/wp-json\/wp\/v2\/types\/page"}],"author":[{"embeddable":true,"href":"https:\/\/dev.borgarbyggd.is\/grunnborg\/wp-json\/wp\/v2\/users\/4"}],"replies":[{"embeddable":true,"href":"https:\/\/dev.borgarbyggd.is\/grunnborg\/wp-json\/wp\/v2\/comments?post=53"}],"version-history":[{"count":0,"href":"https:\/\/dev.borgarbyggd.is\/grunnborg\/wp-json\/wp\/v2\/pages\/53\/revisions"}],"wp:attachment":[{"href":"https:\/\/dev.borgarbyggd.is\/grunnborg\/wp-json\/wp\/v2\/media?parent=53"}],"curies":[{"name":"wp","href":"https:\/\/api.w.org\/{rel}","templated":true}]}}