{"id":461,"date":"2023-10-05T13:05:19","date_gmt":"2023-10-05T13:05:19","guid":{"rendered":"https:\/\/dev.borgarbyggd.is\/grunnborg\/?page_id=461"},"modified":"2024-04-04T10:58:19","modified_gmt":"2024-04-04T10:58:19","slug":"skoli-a-graenni-grein","status":"publish","type":"page","link":"https:\/\/dev.borgarbyggd.is\/grunnborg\/stefnur-og-aaetlanir\/skoli-a-graenni-grein\/","title":{"rendered":"Sk\u00f3li \u00e1 gr\u00e6nni grein"},"content":{"rendered":"<p><span data-contrast=\"none\">Gr\u00e6nf\u00e1naverkefni\u00f0 stu\u00f0lar a\u00f0 aukinni umhverfisvitund, j\u00e1kv\u00e6\u00f0um \u00e1hrifum \u00ed umhverfism\u00e1lum \u00e1 n\u00e6rsamf\u00e9lagi\u00f0, l\u00edfsvenjum \u00ed anda sj\u00e1lfb\u00e6rni, l\u00fd\u00f0r\u00e6\u00f0islegum vinnubr\u00f6g\u00f0um og styrkir umhverfisstefnu sk\u00f3lans. Grunnsk\u00f3linn \u00ed Borgarnesi hefur teki\u00f0 \u00fe\u00e1tt \u00ed umhverfisverkefni Landverndar, Sk\u00f3li \u00e1 gr\u00e6nni grein, fr\u00e1 upphafi \u00feess, laust eftir s\u00ed\u00f0ustu aldam\u00f3t og stefnir \u00e1 \u00fea\u00f0 \u00e1fram.<\/span><span data-ccp-props=\"{&quot;134233117&quot;:false,&quot;134233118&quot;:false,&quot;201341983&quot;:0,&quot;335559738&quot;:0,&quot;335559739&quot;:315,&quot;335559740&quot;:240}\">\u00a0<\/span><\/p>\n<p><span data-contrast=\"none\">Verkefni sk\u00f3lans hafa veri\u00f0 \u00e1 \u00fdmsa vegu. \u00cd fyrstu var \u00e1herslan \u00e1 fr\u00e6\u00f0slu um umhverfism\u00e1l, n\u00fdtingu orku \u00ed sk\u00f3lanum og endurn\u00fdtingu papp\u00edrs. Eftir a\u00f0 Landvernd setti verkefni Sk\u00f3la \u00e1 gr\u00e6nni grein \u00ed \u00feemu, \u00fe\u00e1 hafa veri\u00f0 tekin tv\u00f6 sl\u00edk \u00ed sk\u00f3lanum. \u00deau eru ,,Vatn\u201c og ,,Neysla og \u00fargangur.\u201c Sk\u00f3linn f\u00e9kk \u00fattekt \u00e1 verkefni\u00f0 Neysla og \u00fargangur vori\u00f0 2020.<\/span><span data-ccp-props=\"{&quot;134233117&quot;:false,&quot;134233118&quot;:false,&quot;201341983&quot;:0,&quot;335559738&quot;:0,&quot;335559739&quot;:315,&quot;335559740&quot;:240}\">\u00a0<\/span><\/p>\n<p><span data-contrast=\"none\">Verkefni\u00f0 er al\u00fej\u00f3\u00f0legt umhverfismenntarverkefni sem reki\u00f0 er af Landvernd \u00e1 \u00cdslandi. Tv\u00f6 hundru\u00f0 sk\u00f3lar \u00e1 \u00f6llum sk\u00f3lastigum \u00e1 \u00cdslandi taka \u00fe\u00e1tt \u00ed verkefninu.<\/span><span data-ccp-props=\"{&quot;134233117&quot;:false,&quot;134233118&quot;:false,&quot;201341983&quot;:0,&quot;335559738&quot;:0,&quot;335559739&quot;:315,&quot;335559740&quot;:240}\">\u00a0<\/span><\/p>\n<p><span data-contrast=\"none\">Verkefni\u00f0 hefur v\u00ed\u00f0t\u00e6k \u00e1hrif og taka sk\u00f3lar \u00e1byrga afst\u00f6\u00f0u til umhverfism\u00e1la.<\/span><span data-ccp-props=\"{&quot;134233117&quot;:false,&quot;134233118&quot;:false,&quot;201341983&quot;:0,&quot;335559738&quot;:0,&quot;335559739&quot;:315,&quot;335559740&quot;:240}\">\u00a0<\/span><\/p>\n<p><span data-contrast=\"none\">Nemendur leika st\u00f3rt hlutverk \u00ed verkefninu og meta st\u00f6\u00f0u m\u00e1la \u00ed sk\u00f3lanum me\u00f0 tilliti til \u00feess \u00feema sem unni\u00f0 er me\u00f0 hverju sinni. \u00deeir setja markmi\u00f0 sem mi\u00f0a a\u00f0 \u00fev\u00ed a\u00f0 sk\u00f3linn b\u00e6ti sig innan \u00feemans. A\u00f0 lokinni \u00fattekt er sk\u00f3linn ver\u00f0launa\u00f0ur me\u00f0 Gr\u00e6nf\u00e1na sem dreginn er a\u00f0 h\u00fani vi\u00f0 sk\u00f3lann og flagga\u00f0 \u00ed tv\u00f6 \u00e1r. \u00de\u00e1 tekur vi\u00f0 n\u00fdtt \u00feema og \u00f6nnur \u00fattekt.<\/span><span data-ccp-props=\"{&quot;134233117&quot;:false,&quot;134233118&quot;:false,&quot;201341983&quot;:0,&quot;335559738&quot;:0,&quot;335559739&quot;:315,&quot;335559740&quot;:240}\">\u00a0<\/span><\/p>\n<p><span style=\"color: #0000ff;\"><a style=\"color: #0000ff;\" href=\"https:\/\/dev.borgarbyggd.is\/grunnborg\/wp-content\/uploads\/sites\/2\/2023\/10\/Greinargerd-vegna-uttektar-2020.pdf\">Greinager\u00f0 vegna \u00fattektar &#8211; 2020<\/a><\/span><\/p>\n","protected":false},"excerpt":{"rendered":"<p>Gr\u00e6nf\u00e1naverkefni\u00f0 stu\u00f0lar a\u00f0 aukinni umhverfisvitund, j\u00e1kv\u00e6\u00f0um \u00e1hrifum \u00ed umhverfism\u00e1lum \u00e1 n\u00e6rsamf\u00e9lagi\u00f0, l\u00edfsvenjum \u00ed anda sj\u00e1lfb\u00e6rni, l\u00fd\u00f0r\u00e6\u00f0islegum vinnubr\u00f6g\u00f0um og styrkir umhverfisstefnu sk\u00f3lans. Grunnsk\u00f3linn \u00ed Borgarnesi hefur teki\u00f0 \u00fe\u00e1tt \u00ed umhverfisverkefni Landverndar, Sk\u00f3li \u00e1 gr\u00e6nni grein, fr\u00e1 upphafi \u00feess, laust eftir s\u00ed\u00f0ustu aldam\u00f3t og stefnir \u00e1 \u00fea\u00f0 \u00e1fram.\u00a0 Verkefni sk\u00f3lans hafa veri\u00f0 \u00e1 \u00fdmsa vegu. \u00cd fyrstu var \u00e1herslan \u00e1 fr\u00e6\u00f0slu um &#8230; <\/p>\n<div><a href=\"https:\/\/dev.borgarbyggd.is\/grunnborg\/stefnur-og-aaetlanir\/skoli-a-graenni-grein\/\" class=\"more-link\">Read More<\/a><\/div>\n","protected":false},"author":4,"featured_media":0,"parent":52,"menu_order":0,"comment_status":"closed","ping_status":"closed","template":"","meta":{"_acf_changed":false,"footnotes":""},"class_list":["post-461","page","type-page","status-publish","hentry","no-post-thumbnail"],"acf":{"quickaccess":false},"yoast_head":"<!-- This site is optimized with the Yoast SEO plugin v24.0 - https:\/\/yoast.com\/wordpress\/plugins\/seo\/ -->\n<title>Sk\u00f3li \u00e1 gr\u00e6nni grein - Grunnsk\u00f3linn \u00ed Borgarnesi<\/title>\n<meta name=\"robots\" content=\"index, follow, max-snippet:-1, max-image-preview:large, max-video-preview:-1\" \/>\n<link rel=\"canonical\" href=\"https:\/\/dev.borgarbyggd.is\/grunnborg\/stefnur-og-aaetlanir\/skoli-a-graenni-grein\/\" \/>\n<meta property=\"og:locale\" content=\"en_US\" \/>\n<meta property=\"og:type\" content=\"article\" \/>\n<meta property=\"og:title\" content=\"Sk\u00f3li \u00e1 gr\u00e6nni grein - Grunnsk\u00f3linn \u00ed Borgarnesi\" \/>\n<meta property=\"og:description\" content=\"Gr\u00e6nf\u00e1naverkefni\u00f0 stu\u00f0lar a\u00f0 aukinni umhverfisvitund, j\u00e1kv\u00e6\u00f0um \u00e1hrifum \u00ed umhverfism\u00e1lum \u00e1 n\u00e6rsamf\u00e9lagi\u00f0, l\u00edfsvenjum \u00ed anda sj\u00e1lfb\u00e6rni, l\u00fd\u00f0r\u00e6\u00f0islegum vinnubr\u00f6g\u00f0um og styrkir umhverfisstefnu sk\u00f3lans. Grunnsk\u00f3linn \u00ed Borgarnesi hefur teki\u00f0 \u00fe\u00e1tt \u00ed umhverfisverkefni Landverndar, Sk\u00f3li \u00e1 gr\u00e6nni grein, fr\u00e1 upphafi \u00feess, laust eftir s\u00ed\u00f0ustu aldam\u00f3t og stefnir \u00e1 \u00fea\u00f0 \u00e1fram.\u00a0 Verkefni sk\u00f3lans hafa veri\u00f0 \u00e1 \u00fdmsa vegu. \u00cd fyrstu var \u00e1herslan \u00e1 fr\u00e6\u00f0slu um ... Read More\" \/>\n<meta property=\"og:url\" content=\"https:\/\/dev.borgarbyggd.is\/grunnborg\/stefnur-og-aaetlanir\/skoli-a-graenni-grein\/\" \/>\n<meta property=\"og:site_name\" content=\"Grunnsk\u00f3linn \u00ed Borgarnesi\" \/>\n<meta property=\"article:modified_time\" content=\"2024-04-04T10:58:19+00:00\" \/>\n<meta name=\"twitter:card\" content=\"summary_large_image\" \/>\n<meta name=\"twitter:label1\" content=\"Est. reading time\" \/>\n\t<meta name=\"twitter:data1\" content=\"2 minutes\" \/>\n<script type=\"application\/ld+json\" class=\"yoast-schema-graph\">{\"@context\":\"https:\/\/schema.org\",\"@graph\":[{\"@type\":\"WebPage\",\"@id\":\"https:\/\/dev.borgarbyggd.is\/grunnborg\/stefnur-og-aaetlanir\/skoli-a-graenni-grein\/\",\"url\":\"https:\/\/dev.borgarbyggd.is\/grunnborg\/stefnur-og-aaetlanir\/skoli-a-graenni-grein\/\",\"name\":\"Sk\u00f3li \u00e1 gr\u00e6nni grein - Grunnsk\u00f3linn \u00ed Borgarnesi\",\"isPartOf\":{\"@id\":\"https:\/\/dev.borgarbyggd.is\/grunnborg\/#website\"},\"datePublished\":\"2023-10-05T13:05:19+00:00\",\"dateModified\":\"2024-04-04T10:58:19+00:00\",\"breadcrumb\":{\"@id\":\"https:\/\/dev.borgarbyggd.is\/grunnborg\/stefnur-og-aaetlanir\/skoli-a-graenni-grein\/#breadcrumb\"},\"inLanguage\":\"en-US\",\"potentialAction\":[{\"@type\":\"ReadAction\",\"target\":[\"https:\/\/dev.borgarbyggd.is\/grunnborg\/stefnur-og-aaetlanir\/skoli-a-graenni-grein\/\"]}]},{\"@type\":\"BreadcrumbList\",\"@id\":\"https:\/\/dev.borgarbyggd.is\/grunnborg\/stefnur-og-aaetlanir\/skoli-a-graenni-grein\/#breadcrumb\",\"itemListElement\":[{\"@type\":\"ListItem\",\"position\":1,\"name\":\"Home\",\"item\":\"https:\/\/dev.borgarbyggd.is\/grunnborg\/\"},{\"@type\":\"ListItem\",\"position\":2,\"name\":\"Stefnur og \u00e1\u00e6tlanir\",\"item\":\"https:\/\/dev.borgarbyggd.is\/grunnborg\/stefnur-og-aaetlanir\/\"},{\"@type\":\"ListItem\",\"position\":3,\"name\":\"Sk\u00f3li \u00e1 gr\u00e6nni grein\"}]},{\"@type\":\"WebSite\",\"@id\":\"https:\/\/dev.borgarbyggd.is\/grunnborg\/#website\",\"url\":\"https:\/\/dev.borgarbyggd.is\/grunnborg\/\",\"name\":\"Grunnsk\u00f3linn \u00ed Borgarnesi\",\"description\":\"\",\"potentialAction\":[{\"@type\":\"SearchAction\",\"target\":{\"@type\":\"EntryPoint\",\"urlTemplate\":\"https:\/\/dev.borgarbyggd.is\/grunnborg\/?s={search_term_string}\"},\"query-input\":{\"@type\":\"PropertyValueSpecification\",\"valueRequired\":true,\"valueName\":\"search_term_string\"}}],\"inLanguage\":\"en-US\"}]}<\/script>\n<!-- \/ Yoast SEO plugin. -->","yoast_head_json":{"title":"Sk\u00f3li \u00e1 gr\u00e6nni grein - Grunnsk\u00f3linn \u00ed Borgarnesi","robots":{"index":"index","follow":"follow","max-snippet":"max-snippet:-1","max-image-preview":"max-image-preview:large","max-video-preview":"max-video-preview:-1"},"canonical":"https:\/\/dev.borgarbyggd.is\/grunnborg\/stefnur-og-aaetlanir\/skoli-a-graenni-grein\/","og_locale":"en_US","og_type":"article","og_title":"Sk\u00f3li \u00e1 gr\u00e6nni grein - Grunnsk\u00f3linn \u00ed Borgarnesi","og_description":"Gr\u00e6nf\u00e1naverkefni\u00f0 stu\u00f0lar a\u00f0 aukinni umhverfisvitund, j\u00e1kv\u00e6\u00f0um \u00e1hrifum \u00ed umhverfism\u00e1lum \u00e1 n\u00e6rsamf\u00e9lagi\u00f0, l\u00edfsvenjum \u00ed anda sj\u00e1lfb\u00e6rni, l\u00fd\u00f0r\u00e6\u00f0islegum vinnubr\u00f6g\u00f0um og styrkir umhverfisstefnu sk\u00f3lans. Grunnsk\u00f3linn \u00ed Borgarnesi hefur teki\u00f0 \u00fe\u00e1tt \u00ed umhverfisverkefni Landverndar, Sk\u00f3li \u00e1 gr\u00e6nni grein, fr\u00e1 upphafi \u00feess, laust eftir s\u00ed\u00f0ustu aldam\u00f3t og stefnir \u00e1 \u00fea\u00f0 \u00e1fram.\u00a0 Verkefni sk\u00f3lans hafa veri\u00f0 \u00e1 \u00fdmsa vegu. \u00cd fyrstu var \u00e1herslan \u00e1 fr\u00e6\u00f0slu um ... Read More","og_url":"https:\/\/dev.borgarbyggd.is\/grunnborg\/stefnur-og-aaetlanir\/skoli-a-graenni-grein\/","og_site_name":"Grunnsk\u00f3linn \u00ed Borgarnesi","article_modified_time":"2024-04-04T10:58:19+00:00","twitter_card":"summary_large_image","twitter_misc":{"Est. reading time":"2 minutes"},"schema":{"@context":"https:\/\/schema.org","@graph":[{"@type":"WebPage","@id":"https:\/\/dev.borgarbyggd.is\/grunnborg\/stefnur-og-aaetlanir\/skoli-a-graenni-grein\/","url":"https:\/\/dev.borgarbyggd.is\/grunnborg\/stefnur-og-aaetlanir\/skoli-a-graenni-grein\/","name":"Sk\u00f3li \u00e1 gr\u00e6nni grein - Grunnsk\u00f3linn \u00ed Borgarnesi","isPartOf":{"@id":"https:\/\/dev.borgarbyggd.is\/grunnborg\/#website"},"datePublished":"2023-10-05T13:05:19+00:00","dateModified":"2024-04-04T10:58:19+00:00","breadcrumb":{"@id":"https:\/\/dev.borgarbyggd.is\/grunnborg\/stefnur-og-aaetlanir\/skoli-a-graenni-grein\/#breadcrumb"},"inLanguage":"en-US","potentialAction":[{"@type":"ReadAction","target":["https:\/\/dev.borgarbyggd.is\/grunnborg\/stefnur-og-aaetlanir\/skoli-a-graenni-grein\/"]}]},{"@type":"BreadcrumbList","@id":"https:\/\/dev.borgarbyggd.is\/grunnborg\/stefnur-og-aaetlanir\/skoli-a-graenni-grein\/#breadcrumb","itemListElement":[{"@type":"ListItem","position":1,"name":"Home","item":"https:\/\/dev.borgarbyggd.is\/grunnborg\/"},{"@type":"ListItem","position":2,"name":"Stefnur og \u00e1\u00e6tlanir","item":"https:\/\/dev.borgarbyggd.is\/grunnborg\/stefnur-og-aaetlanir\/"},{"@type":"ListItem","position":3,"name":"Sk\u00f3li \u00e1 gr\u00e6nni grein"}]},{"@type":"WebSite","@id":"https:\/\/dev.borgarbyggd.is\/grunnborg\/#website","url":"https:\/\/dev.borgarbyggd.is\/grunnborg\/","name":"Grunnsk\u00f3linn \u00ed Borgarnesi","description":"","potentialAction":[{"@type":"SearchAction","target":{"@type":"EntryPoint","urlTemplate":"https:\/\/dev.borgarbyggd.is\/grunnborg\/?s={search_term_string}"},"query-input":{"@type":"PropertyValueSpecification","valueRequired":true,"valueName":"search_term_string"}}],"inLanguage":"en-US"}]}},"_links":{"self":[{"href":"https:\/\/dev.borgarbyggd.is\/grunnborg\/wp-json\/wp\/v2\/pages\/461","targetHints":{"allow":["GET"]}}],"collection":[{"href":"https:\/\/dev.borgarbyggd.is\/grunnborg\/wp-json\/wp\/v2\/pages"}],"about":[{"href":"https:\/\/dev.borgarbyggd.is\/grunnborg\/wp-json\/wp\/v2\/types\/page"}],"author":[{"embeddable":true,"href":"https:\/\/dev.borgarbyggd.is\/grunnborg\/wp-json\/wp\/v2\/users\/4"}],"replies":[{"embeddable":true,"href":"https:\/\/dev.borgarbyggd.is\/grunnborg\/wp-json\/wp\/v2\/comments?post=461"}],"version-history":[{"count":0,"href":"https:\/\/dev.borgarbyggd.is\/grunnborg\/wp-json\/wp\/v2\/pages\/461\/revisions"}],"up":[{"embeddable":true,"href":"https:\/\/dev.borgarbyggd.is\/grunnborg\/wp-json\/wp\/v2\/pages\/52"}],"wp:attachment":[{"href":"https:\/\/dev.borgarbyggd.is\/grunnborg\/wp-json\/wp\/v2\/media?parent=461"}],"curies":[{"name":"wp","href":"https:\/\/api.w.org\/{rel}","templated":true}]}}