{"id":356,"date":"2023-10-05T10:03:23","date_gmt":"2023-10-05T10:03:23","guid":{"rendered":"https:\/\/dev.borgarbyggd.is\/grunnborg\/?page_id=356"},"modified":"2025-09-09T15:32:02","modified_gmt":"2025-09-09T15:32:02","slug":"stjornun","status":"publish","type":"page","link":"https:\/\/dev.borgarbyggd.is\/grunnborg\/skolinn\/stjornun\/","title":{"rendered":"Stj\u00f3rnun"},"content":{"rendered":"<h2 class=\"h-custom-headline man h3\">Stj\u00f3rnun og stj\u00f3rns\u00fdsla Grunnsk\u00f3lans \u00ed Borgarnesi<\/h2>\n<h4 class=\"h-custom-headline h3\"><\/h4>\n<p>&nbsp;<\/p>\n<div id=\"\" class=\"x-text\">\n<p><strong>Gu\u00f0laug Erlendsd\u00f3ttir, sk\u00f3lastj\u00f3ri.<\/strong><br \/>\nS\u00edmi: 433 7402<br \/>\nGudlaug@grunnborg.is<\/p>\n<p><strong>Arna Einarsd\u00f3ttir, a\u00f0sto\u00f0arsk\u00f3lastj\u00f3ri.<\/strong><br \/>\nS\u00edmi: 433 7429<br \/>\nArna@grunnborg.is<\/p>\n<p><strong>Kolbr\u00fan \u00de\u00f3rhildur Gunnarsd\u00f3ttir, deildarstj\u00f3ri yngsta- og mi\u00f0stigs<\/strong><br \/>\nS\u00edmi: 433 7405<br \/>\nKolbrun@grunnborg.is<\/p>\n<p><strong>Hulda Hr\u00f6nn Sigur\u00f0ard\u00f3ttir, deildarstj\u00f3ri \u00e1 unglingastigi<\/strong><br \/>\nS\u00edmi: 433 7411<br \/>\nHuldahronn@grunnborg.is<\/p>\n<p><strong>J\u00fal\u00eda Gu\u00f0j\u00f3nsd\u00f3ttir, deildarstj\u00f3ri sto\u00f0\u00fej\u00f3nustu<\/strong><br \/>\nS\u00edmi: 433 7454<br \/>\nJulia@grunnborg.is<\/p>\n<p>&nbsp;<\/p>\n<\/div>\n<div id=\"\" class=\"x-text\">\n<p>&nbsp;<\/p>\n<\/div>\n","protected":false},"excerpt":{"rendered":"<p>Stj\u00f3rnun og stj\u00f3rns\u00fdsla Grunnsk\u00f3lans \u00ed Borgarnesi &nbsp; Gu\u00f0laug Erlendsd\u00f3ttir, sk\u00f3lastj\u00f3ri. S\u00edmi: 433 7402 Gudlaug@grunnborg.is Arna Einarsd\u00f3ttir, a\u00f0sto\u00f0arsk\u00f3lastj\u00f3ri. S\u00edmi: 433 7429 Arna@grunnborg.is Kolbr\u00fan \u00de\u00f3rhildur Gunnarsd\u00f3ttir, deildarstj\u00f3ri yngsta- og mi\u00f0stigs S\u00edmi: 433 7405 Kolbrun@grunnborg.is Hulda Hr\u00f6nn Sigur\u00f0ard\u00f3ttir, deildarstj\u00f3ri \u00e1 unglingastigi S\u00edmi: 433 7411 Huldahronn@grunnborg.is J\u00fal\u00eda Gu\u00f0j\u00f3nsd\u00f3ttir, deildarstj\u00f3ri sto\u00f0\u00fej\u00f3nustu S\u00edmi: 433 7454 Julia@grunnborg.is &nbsp; &nbsp;<\/p>\n","protected":false},"author":4,"featured_media":0,"parent":37,"menu_order":0,"comment_status":"closed","ping_status":"closed","template":"","meta":{"_acf_changed":false,"footnotes":""},"class_list":["post-356","page","type-page","status-publish","hentry","no-post-thumbnail"],"acf":{"quickaccess":false},"yoast_head":"<!-- This site is optimized with the Yoast SEO plugin v24.0 - https:\/\/yoast.com\/wordpress\/plugins\/seo\/ -->\n<title>Stj\u00f3rnun - Grunnsk\u00f3linn \u00ed Borgarnesi<\/title>\n<meta name=\"robots\" content=\"index, follow, max-snippet:-1, max-image-preview:large, max-video-preview:-1\" \/>\n<link rel=\"canonical\" href=\"https:\/\/dev.borgarbyggd.is\/grunnborg\/skolinn\/stjornun\/\" \/>\n<meta property=\"og:locale\" content=\"en_US\" \/>\n<meta property=\"og:type\" content=\"article\" \/>\n<meta property=\"og:title\" content=\"Stj\u00f3rnun - Grunnsk\u00f3linn \u00ed Borgarnesi\" \/>\n<meta property=\"og:description\" content=\"Stj\u00f3rnun og stj\u00f3rns\u00fdsla Grunnsk\u00f3lans \u00ed Borgarnesi &nbsp; Gu\u00f0laug Erlendsd\u00f3ttir, sk\u00f3lastj\u00f3ri. S\u00edmi: 433 7402 Gudlaug@grunnborg.is Arna Einarsd\u00f3ttir, a\u00f0sto\u00f0arsk\u00f3lastj\u00f3ri. S\u00edmi: 433 7429 Arna@grunnborg.is Kolbr\u00fan \u00de\u00f3rhildur Gunnarsd\u00f3ttir, deildarstj\u00f3ri yngsta- og mi\u00f0stigs S\u00edmi: 433 7405 Kolbrun@grunnborg.is Hulda Hr\u00f6nn Sigur\u00f0ard\u00f3ttir, deildarstj\u00f3ri \u00e1 unglingastigi S\u00edmi: 433 7411 Huldahronn@grunnborg.is J\u00fal\u00eda Gu\u00f0j\u00f3nsd\u00f3ttir, deildarstj\u00f3ri sto\u00f0\u00fej\u00f3nustu S\u00edmi: 433 7454 Julia@grunnborg.is &nbsp; &nbsp;\" \/>\n<meta property=\"og:url\" content=\"https:\/\/dev.borgarbyggd.is\/grunnborg\/skolinn\/stjornun\/\" \/>\n<meta property=\"og:site_name\" content=\"Grunnsk\u00f3linn \u00ed Borgarnesi\" \/>\n<meta property=\"article:modified_time\" content=\"2025-09-09T15:32:02+00:00\" \/>\n<meta name=\"twitter:card\" content=\"summary_large_image\" \/>\n<meta name=\"twitter:label1\" content=\"Est. reading time\" \/>\n\t<meta name=\"twitter:data1\" content=\"1 minute\" \/>\n<script type=\"application\/ld+json\" class=\"yoast-schema-graph\">{\"@context\":\"https:\/\/schema.org\",\"@graph\":[{\"@type\":\"WebPage\",\"@id\":\"https:\/\/dev.borgarbyggd.is\/grunnborg\/skolinn\/stjornun\/\",\"url\":\"https:\/\/dev.borgarbyggd.is\/grunnborg\/skolinn\/stjornun\/\",\"name\":\"Stj\u00f3rnun - Grunnsk\u00f3linn \u00ed Borgarnesi\",\"isPartOf\":{\"@id\":\"https:\/\/dev.borgarbyggd.is\/grunnborg\/#website\"},\"datePublished\":\"2023-10-05T10:03:23+00:00\",\"dateModified\":\"2025-09-09T15:32:02+00:00\",\"breadcrumb\":{\"@id\":\"https:\/\/dev.borgarbyggd.is\/grunnborg\/skolinn\/stjornun\/#breadcrumb\"},\"inLanguage\":\"en-US\",\"potentialAction\":[{\"@type\":\"ReadAction\",\"target\":[\"https:\/\/dev.borgarbyggd.is\/grunnborg\/skolinn\/stjornun\/\"]}]},{\"@type\":\"BreadcrumbList\",\"@id\":\"https:\/\/dev.borgarbyggd.is\/grunnborg\/skolinn\/stjornun\/#breadcrumb\",\"itemListElement\":[{\"@type\":\"ListItem\",\"position\":1,\"name\":\"Home\",\"item\":\"https:\/\/dev.borgarbyggd.is\/grunnborg\/\"},{\"@type\":\"ListItem\",\"position\":2,\"name\":\"Sk\u00f3linn\",\"item\":\"https:\/\/dev.borgarbyggd.is\/grunnborg\/skolinn\/\"},{\"@type\":\"ListItem\",\"position\":3,\"name\":\"Stj\u00f3rnun\"}]},{\"@type\":\"WebSite\",\"@id\":\"https:\/\/dev.borgarbyggd.is\/grunnborg\/#website\",\"url\":\"https:\/\/dev.borgarbyggd.is\/grunnborg\/\",\"name\":\"Grunnsk\u00f3linn \u00ed Borgarnesi\",\"description\":\"\",\"potentialAction\":[{\"@type\":\"SearchAction\",\"target\":{\"@type\":\"EntryPoint\",\"urlTemplate\":\"https:\/\/dev.borgarbyggd.is\/grunnborg\/?s={search_term_string}\"},\"query-input\":{\"@type\":\"PropertyValueSpecification\",\"valueRequired\":true,\"valueName\":\"search_term_string\"}}],\"inLanguage\":\"en-US\"}]}<\/script>\n<!-- \/ Yoast SEO plugin. -->","yoast_head_json":{"title":"Stj\u00f3rnun - Grunnsk\u00f3linn \u00ed Borgarnesi","robots":{"index":"index","follow":"follow","max-snippet":"max-snippet:-1","max-image-preview":"max-image-preview:large","max-video-preview":"max-video-preview:-1"},"canonical":"https:\/\/dev.borgarbyggd.is\/grunnborg\/skolinn\/stjornun\/","og_locale":"en_US","og_type":"article","og_title":"Stj\u00f3rnun - Grunnsk\u00f3linn \u00ed Borgarnesi","og_description":"Stj\u00f3rnun og stj\u00f3rns\u00fdsla Grunnsk\u00f3lans \u00ed Borgarnesi &nbsp; Gu\u00f0laug Erlendsd\u00f3ttir, sk\u00f3lastj\u00f3ri. S\u00edmi: 433 7402 Gudlaug@grunnborg.is Arna Einarsd\u00f3ttir, a\u00f0sto\u00f0arsk\u00f3lastj\u00f3ri. S\u00edmi: 433 7429 Arna@grunnborg.is Kolbr\u00fan \u00de\u00f3rhildur Gunnarsd\u00f3ttir, deildarstj\u00f3ri yngsta- og mi\u00f0stigs S\u00edmi: 433 7405 Kolbrun@grunnborg.is Hulda Hr\u00f6nn Sigur\u00f0ard\u00f3ttir, deildarstj\u00f3ri \u00e1 unglingastigi S\u00edmi: 433 7411 Huldahronn@grunnborg.is J\u00fal\u00eda Gu\u00f0j\u00f3nsd\u00f3ttir, deildarstj\u00f3ri sto\u00f0\u00fej\u00f3nustu S\u00edmi: 433 7454 Julia@grunnborg.is &nbsp; &nbsp;","og_url":"https:\/\/dev.borgarbyggd.is\/grunnborg\/skolinn\/stjornun\/","og_site_name":"Grunnsk\u00f3linn \u00ed Borgarnesi","article_modified_time":"2025-09-09T15:32:02+00:00","twitter_card":"summary_large_image","twitter_misc":{"Est. reading time":"1 minute"},"schema":{"@context":"https:\/\/schema.org","@graph":[{"@type":"WebPage","@id":"https:\/\/dev.borgarbyggd.is\/grunnborg\/skolinn\/stjornun\/","url":"https:\/\/dev.borgarbyggd.is\/grunnborg\/skolinn\/stjornun\/","name":"Stj\u00f3rnun - Grunnsk\u00f3linn \u00ed Borgarnesi","isPartOf":{"@id":"https:\/\/dev.borgarbyggd.is\/grunnborg\/#website"},"datePublished":"2023-10-05T10:03:23+00:00","dateModified":"2025-09-09T15:32:02+00:00","breadcrumb":{"@id":"https:\/\/dev.borgarbyggd.is\/grunnborg\/skolinn\/stjornun\/#breadcrumb"},"inLanguage":"en-US","potentialAction":[{"@type":"ReadAction","target":["https:\/\/dev.borgarbyggd.is\/grunnborg\/skolinn\/stjornun\/"]}]},{"@type":"BreadcrumbList","@id":"https:\/\/dev.borgarbyggd.is\/grunnborg\/skolinn\/stjornun\/#breadcrumb","itemListElement":[{"@type":"ListItem","position":1,"name":"Home","item":"https:\/\/dev.borgarbyggd.is\/grunnborg\/"},{"@type":"ListItem","position":2,"name":"Sk\u00f3linn","item":"https:\/\/dev.borgarbyggd.is\/grunnborg\/skolinn\/"},{"@type":"ListItem","position":3,"name":"Stj\u00f3rnun"}]},{"@type":"WebSite","@id":"https:\/\/dev.borgarbyggd.is\/grunnborg\/#website","url":"https:\/\/dev.borgarbyggd.is\/grunnborg\/","name":"Grunnsk\u00f3linn \u00ed Borgarnesi","description":"","potentialAction":[{"@type":"SearchAction","target":{"@type":"EntryPoint","urlTemplate":"https:\/\/dev.borgarbyggd.is\/grunnborg\/?s={search_term_string}"},"query-input":{"@type":"PropertyValueSpecification","valueRequired":true,"valueName":"search_term_string"}}],"inLanguage":"en-US"}]}},"_links":{"self":[{"href":"https:\/\/dev.borgarbyggd.is\/grunnborg\/wp-json\/wp\/v2\/pages\/356","targetHints":{"allow":["GET"]}}],"collection":[{"href":"https:\/\/dev.borgarbyggd.is\/grunnborg\/wp-json\/wp\/v2\/pages"}],"about":[{"href":"https:\/\/dev.borgarbyggd.is\/grunnborg\/wp-json\/wp\/v2\/types\/page"}],"author":[{"embeddable":true,"href":"https:\/\/dev.borgarbyggd.is\/grunnborg\/wp-json\/wp\/v2\/users\/4"}],"replies":[{"embeddable":true,"href":"https:\/\/dev.borgarbyggd.is\/grunnborg\/wp-json\/wp\/v2\/comments?post=356"}],"version-history":[{"count":0,"href":"https:\/\/dev.borgarbyggd.is\/grunnborg\/wp-json\/wp\/v2\/pages\/356\/revisions"}],"up":[{"embeddable":true,"href":"https:\/\/dev.borgarbyggd.is\/grunnborg\/wp-json\/wp\/v2\/pages\/37"}],"wp:attachment":[{"href":"https:\/\/dev.borgarbyggd.is\/grunnborg\/wp-json\/wp\/v2\/media?parent=356"}],"curies":[{"name":"wp","href":"https:\/\/api.w.org\/{rel}","templated":true}]}}