{"id":350,"date":"2023-10-05T09:59:42","date_gmt":"2023-10-05T09:59:42","guid":{"rendered":"https:\/\/dev.borgarbyggd.is\/grunnborg\/?page_id=350"},"modified":"2024-04-04T10:12:24","modified_gmt":"2024-04-04T10:12:24","slug":"foreldrafelag","status":"publish","type":"page","link":"https:\/\/dev.borgarbyggd.is\/grunnborg\/nemendur-og-foreldrar\/foreldrafelag\/foreldrafelag\/","title":{"rendered":"Foreldraf\u00e9lag"},"content":{"rendered":"<p><span data-contrast=\"none\">Vi\u00f0 Grunnsk\u00f3lann er starfr\u00e6kt foreldraf\u00e9lag sem \u00fej\u00f3nar hagsmunum foreldra og nemenda. Tilgangur f\u00e9lagsins er:<\/span><span data-ccp-props=\"{&quot;201341983&quot;:0,&quot;335559739&quot;:315,&quot;335559740&quot;:240}\">\u00a0<\/span><\/p>\n<ul>\n<li data-leveltext=\"\uf0b7\" data-font=\"Symbol\" data-listid=\"6\" data-list-defn-props=\"{&quot;335552541&quot;:1,&quot;335559684&quot;:-2,&quot;335559685&quot;:720,&quot;335559991&quot;:360,&quot;469769226&quot;:&quot;Symbol&quot;,&quot;469769242&quot;:[8226],&quot;469777803&quot;:&quot;left&quot;,&quot;469777804&quot;:&quot;\uf0b7&quot;,&quot;469777815&quot;:&quot;multilevel&quot;}\" data-aria-posinset=\"1\" data-aria-level=\"1\"><span data-contrast=\"none\">a\u00f0 koma \u00e1 lifandi sambandi \u00e1 milli sk\u00f3lans og heimila nemenda<\/span><span data-ccp-props=\"{&quot;134233117&quot;:true,&quot;134233118&quot;:true,&quot;201341983&quot;:0,&quot;335559685&quot;:397,&quot;335559739&quot;:160,&quot;335559740&quot;:240}\">\u00a0<\/span><\/li>\n<li data-leveltext=\"\uf0b7\" data-font=\"Symbol\" data-listid=\"6\" data-list-defn-props=\"{&quot;335552541&quot;:1,&quot;335559684&quot;:-2,&quot;335559685&quot;:720,&quot;335559991&quot;:360,&quot;469769226&quot;:&quot;Symbol&quot;,&quot;469769242&quot;:[8226],&quot;469777803&quot;:&quot;left&quot;,&quot;469777804&quot;:&quot;\uf0b7&quot;,&quot;469777815&quot;:&quot;multilevel&quot;}\" data-aria-posinset=\"2\" data-aria-level=\"1\"><span data-contrast=\"none\">a\u00f0 stu\u00f0la a\u00f0 framgangi \u00fdmissa m\u00e1la \u00ed \u00fe\u00e1gu sk\u00f3lans.<\/span><span data-ccp-props=\"{&quot;134233117&quot;:true,&quot;134233118&quot;:true,&quot;201341983&quot;:0,&quot;335559685&quot;:397,&quot;335559739&quot;:160,&quot;335559740&quot;:240}\">\u00a0<\/span><\/li>\n<\/ul>\n<p><span data-contrast=\"none\">Foreldrar barna \u00ed hverjum \u00e1rgangi mynda deild \u00ed foreldraf\u00e9lagi, sem sinnir foreldrastarfi \u00ed vi\u00f0komandi \u00e1rgangi. \u00cd upphafi sk\u00f3la\u00e1rs \u00e1r hvert skal hver deild kj\u00f3sa tvenna foreldra fyrir hvorn bekk sem foreldrafulltr\u00faa, sem fr\u00e1farandi foreldrafulltr\u00faar og umsj\u00f3narkennarar skulu gera till\u00f6gu um.<\/span><span data-ccp-props=\"{&quot;201341983&quot;:0,&quot;335559739&quot;:315,&quot;335559740&quot;:240}\">\u00a0<\/span><\/p>\n<p>&nbsp;<\/p>\n<p><span style=\"color: #0000ff;\"><a style=\"color: #0000ff;\" href=\"https:\/\/dev.borgarbyggd.is\/grunnborg\/wp-content\/uploads\/sites\/2\/2023\/10\/Log-samthykkt-2017.pdf\">L\u00f6g foreldraf\u00e9lags GB<\/a><\/span><\/p>\n<p><span style=\"color: #0000ff;\"><a style=\"color: #0000ff;\" href=\"https:\/\/dev.borgarbyggd.is\/grunnborg\/wp-content\/uploads\/sites\/2\/2023\/10\/Handbok-foreldrafelags-GB.pdf\">Handb\u00f3k foreldraf\u00e9lags GB<\/a><\/span><\/p>\n<p>&nbsp;<\/p>\n<h4>Fundarger\u00f0ir foreldraf\u00e9lagsins:<\/h4>\n<p><span style=\"color: #0000ff;\"><a style=\"color: #0000ff;\" href=\"https:\/\/dev.borgarbyggd.is\/grunnborg\/wp-content\/uploads\/sites\/2\/2024\/04\/14.09.2020.pdf\">14.09.2020<\/a><\/span><\/p>\n<p><span style=\"color: #0000ff;\"><a style=\"color: #0000ff;\" href=\"https:\/\/dev.borgarbyggd.is\/grunnborg\/wp-content\/uploads\/sites\/2\/2024\/04\/22.10.2020.pdf\">22.10.2020<\/a><\/span><\/p>\n<p><span style=\"color: #0000ff;\"><a style=\"color: #0000ff;\" href=\"https:\/\/dev.borgarbyggd.is\/grunnborg\/wp-content\/uploads\/sites\/2\/2024\/04\/28.01.2021.pdf\">28.01.2021<\/a><\/span><\/p>\n<p><span style=\"color: #0000ff;\"><a style=\"color: #0000ff;\" href=\"https:\/\/dev.borgarbyggd.is\/grunnborg\/wp-content\/uploads\/sites\/2\/2024\/04\/Adalfundur-3.juni-2021-4.pdf\">03.06.2021 &#8211; a\u00f0alfundur<\/a><\/span><\/p>\n<p><span style=\"color: #0000ff;\"><a style=\"color: #0000ff;\" href=\"https:\/\/dev.borgarbyggd.is\/grunnborg\/wp-content\/uploads\/sites\/2\/2024\/04\/25.01.2023.pdf\">25.01.2023<\/a><\/span><\/p>\n","protected":false},"excerpt":{"rendered":"<p>Vi\u00f0 Grunnsk\u00f3lann er starfr\u00e6kt foreldraf\u00e9lag sem \u00fej\u00f3nar hagsmunum foreldra og nemenda. Tilgangur f\u00e9lagsins er:\u00a0 a\u00f0 koma \u00e1 lifandi sambandi \u00e1 milli sk\u00f3lans og heimila nemenda\u00a0 a\u00f0 stu\u00f0la a\u00f0 framgangi \u00fdmissa m\u00e1la \u00ed \u00fe\u00e1gu sk\u00f3lans.\u00a0 Foreldrar barna \u00ed hverjum \u00e1rgangi mynda deild \u00ed foreldraf\u00e9lagi, sem sinnir foreldrastarfi \u00ed vi\u00f0komandi \u00e1rgangi. \u00cd upphafi sk\u00f3la\u00e1rs \u00e1r hvert skal hver deild kj\u00f3sa tvenna foreldra &#8230; <\/p>\n<div><a href=\"https:\/\/dev.borgarbyggd.is\/grunnborg\/nemendur-og-foreldrar\/foreldrafelag\/foreldrafelag\/\" class=\"more-link\">Read More<\/a><\/div>\n","protected":false},"author":4,"featured_media":0,"parent":348,"menu_order":0,"comment_status":"closed","ping_status":"closed","template":"","meta":{"_acf_changed":false,"footnotes":""},"class_list":["post-350","page","type-page","status-publish","hentry","no-post-thumbnail"],"acf":{"quickaccess":false},"yoast_head":"<!-- This site is optimized with the Yoast SEO plugin v24.0 - https:\/\/yoast.com\/wordpress\/plugins\/seo\/ -->\n<title>Foreldraf\u00e9lag - Grunnsk\u00f3linn \u00ed Borgarnesi<\/title>\n<meta name=\"robots\" content=\"index, follow, max-snippet:-1, max-image-preview:large, max-video-preview:-1\" \/>\n<link rel=\"canonical\" href=\"https:\/\/dev.borgarbyggd.is\/grunnborg\/nemendur-og-foreldrar\/foreldrafelag\/foreldrafelag\/\" \/>\n<meta property=\"og:locale\" content=\"en_US\" \/>\n<meta property=\"og:type\" content=\"article\" \/>\n<meta property=\"og:title\" content=\"Foreldraf\u00e9lag - Grunnsk\u00f3linn \u00ed Borgarnesi\" \/>\n<meta property=\"og:description\" content=\"Vi\u00f0 Grunnsk\u00f3lann er starfr\u00e6kt foreldraf\u00e9lag sem \u00fej\u00f3nar hagsmunum foreldra og nemenda. Tilgangur f\u00e9lagsins er:\u00a0 a\u00f0 koma \u00e1 lifandi sambandi \u00e1 milli sk\u00f3lans og heimila nemenda\u00a0 a\u00f0 stu\u00f0la a\u00f0 framgangi \u00fdmissa m\u00e1la \u00ed \u00fe\u00e1gu sk\u00f3lans.\u00a0 Foreldrar barna \u00ed hverjum \u00e1rgangi mynda deild \u00ed foreldraf\u00e9lagi, sem sinnir foreldrastarfi \u00ed vi\u00f0komandi \u00e1rgangi. \u00cd upphafi sk\u00f3la\u00e1rs \u00e1r hvert skal hver deild kj\u00f3sa tvenna foreldra ... Read More\" \/>\n<meta property=\"og:url\" content=\"https:\/\/dev.borgarbyggd.is\/grunnborg\/nemendur-og-foreldrar\/foreldrafelag\/foreldrafelag\/\" \/>\n<meta property=\"og:site_name\" content=\"Grunnsk\u00f3linn \u00ed Borgarnesi\" \/>\n<meta property=\"article:modified_time\" content=\"2024-04-04T10:12:24+00:00\" \/>\n<meta name=\"twitter:card\" content=\"summary_large_image\" \/>\n<meta name=\"twitter:label1\" content=\"Est. reading time\" \/>\n\t<meta name=\"twitter:data1\" content=\"1 minute\" \/>\n<script type=\"application\/ld+json\" class=\"yoast-schema-graph\">{\"@context\":\"https:\/\/schema.org\",\"@graph\":[{\"@type\":\"WebPage\",\"@id\":\"https:\/\/dev.borgarbyggd.is\/grunnborg\/nemendur-og-foreldrar\/foreldrafelag\/foreldrafelag\/\",\"url\":\"https:\/\/dev.borgarbyggd.is\/grunnborg\/nemendur-og-foreldrar\/foreldrafelag\/foreldrafelag\/\",\"name\":\"Foreldraf\u00e9lag - Grunnsk\u00f3linn \u00ed Borgarnesi\",\"isPartOf\":{\"@id\":\"https:\/\/dev.borgarbyggd.is\/grunnborg\/#website\"},\"datePublished\":\"2023-10-05T09:59:42+00:00\",\"dateModified\":\"2024-04-04T10:12:24+00:00\",\"breadcrumb\":{\"@id\":\"https:\/\/dev.borgarbyggd.is\/grunnborg\/nemendur-og-foreldrar\/foreldrafelag\/foreldrafelag\/#breadcrumb\"},\"inLanguage\":\"en-US\",\"potentialAction\":[{\"@type\":\"ReadAction\",\"target\":[\"https:\/\/dev.borgarbyggd.is\/grunnborg\/nemendur-og-foreldrar\/foreldrafelag\/foreldrafelag\/\"]}]},{\"@type\":\"BreadcrumbList\",\"@id\":\"https:\/\/dev.borgarbyggd.is\/grunnborg\/nemendur-og-foreldrar\/foreldrafelag\/foreldrafelag\/#breadcrumb\",\"itemListElement\":[{\"@type\":\"ListItem\",\"position\":1,\"name\":\"Home\",\"item\":\"https:\/\/dev.borgarbyggd.is\/grunnborg\/\"},{\"@type\":\"ListItem\",\"position\":2,\"name\":\"Nemendur og foreldrar\",\"item\":\"https:\/\/dev.borgarbyggd.is\/grunnborg\/nemendur-og-foreldrar\/\"},{\"@type\":\"ListItem\",\"position\":3,\"name\":\"Foreldraf\u00e9lag\",\"item\":\"https:\/\/dev.borgarbyggd.is\/grunnborg\/nemendur-og-foreldrar\/foreldrafelag\/\"},{\"@type\":\"ListItem\",\"position\":4,\"name\":\"Foreldraf\u00e9lag\"}]},{\"@type\":\"WebSite\",\"@id\":\"https:\/\/dev.borgarbyggd.is\/grunnborg\/#website\",\"url\":\"https:\/\/dev.borgarbyggd.is\/grunnborg\/\",\"name\":\"Grunnsk\u00f3linn \u00ed Borgarnesi\",\"description\":\"\",\"potentialAction\":[{\"@type\":\"SearchAction\",\"target\":{\"@type\":\"EntryPoint\",\"urlTemplate\":\"https:\/\/dev.borgarbyggd.is\/grunnborg\/?s={search_term_string}\"},\"query-input\":{\"@type\":\"PropertyValueSpecification\",\"valueRequired\":true,\"valueName\":\"search_term_string\"}}],\"inLanguage\":\"en-US\"}]}<\/script>\n<!-- \/ Yoast SEO plugin. -->","yoast_head_json":{"title":"Foreldraf\u00e9lag - Grunnsk\u00f3linn \u00ed Borgarnesi","robots":{"index":"index","follow":"follow","max-snippet":"max-snippet:-1","max-image-preview":"max-image-preview:large","max-video-preview":"max-video-preview:-1"},"canonical":"https:\/\/dev.borgarbyggd.is\/grunnborg\/nemendur-og-foreldrar\/foreldrafelag\/foreldrafelag\/","og_locale":"en_US","og_type":"article","og_title":"Foreldraf\u00e9lag - Grunnsk\u00f3linn \u00ed Borgarnesi","og_description":"Vi\u00f0 Grunnsk\u00f3lann er starfr\u00e6kt foreldraf\u00e9lag sem \u00fej\u00f3nar hagsmunum foreldra og nemenda. Tilgangur f\u00e9lagsins er:\u00a0 a\u00f0 koma \u00e1 lifandi sambandi \u00e1 milli sk\u00f3lans og heimila nemenda\u00a0 a\u00f0 stu\u00f0la a\u00f0 framgangi \u00fdmissa m\u00e1la \u00ed \u00fe\u00e1gu sk\u00f3lans.\u00a0 Foreldrar barna \u00ed hverjum \u00e1rgangi mynda deild \u00ed foreldraf\u00e9lagi, sem sinnir foreldrastarfi \u00ed vi\u00f0komandi \u00e1rgangi. \u00cd upphafi sk\u00f3la\u00e1rs \u00e1r hvert skal hver deild kj\u00f3sa tvenna foreldra ... Read More","og_url":"https:\/\/dev.borgarbyggd.is\/grunnborg\/nemendur-og-foreldrar\/foreldrafelag\/foreldrafelag\/","og_site_name":"Grunnsk\u00f3linn \u00ed Borgarnesi","article_modified_time":"2024-04-04T10:12:24+00:00","twitter_card":"summary_large_image","twitter_misc":{"Est. reading time":"1 minute"},"schema":{"@context":"https:\/\/schema.org","@graph":[{"@type":"WebPage","@id":"https:\/\/dev.borgarbyggd.is\/grunnborg\/nemendur-og-foreldrar\/foreldrafelag\/foreldrafelag\/","url":"https:\/\/dev.borgarbyggd.is\/grunnborg\/nemendur-og-foreldrar\/foreldrafelag\/foreldrafelag\/","name":"Foreldraf\u00e9lag - Grunnsk\u00f3linn \u00ed Borgarnesi","isPartOf":{"@id":"https:\/\/dev.borgarbyggd.is\/grunnborg\/#website"},"datePublished":"2023-10-05T09:59:42+00:00","dateModified":"2024-04-04T10:12:24+00:00","breadcrumb":{"@id":"https:\/\/dev.borgarbyggd.is\/grunnborg\/nemendur-og-foreldrar\/foreldrafelag\/foreldrafelag\/#breadcrumb"},"inLanguage":"en-US","potentialAction":[{"@type":"ReadAction","target":["https:\/\/dev.borgarbyggd.is\/grunnborg\/nemendur-og-foreldrar\/foreldrafelag\/foreldrafelag\/"]}]},{"@type":"BreadcrumbList","@id":"https:\/\/dev.borgarbyggd.is\/grunnborg\/nemendur-og-foreldrar\/foreldrafelag\/foreldrafelag\/#breadcrumb","itemListElement":[{"@type":"ListItem","position":1,"name":"Home","item":"https:\/\/dev.borgarbyggd.is\/grunnborg\/"},{"@type":"ListItem","position":2,"name":"Nemendur og foreldrar","item":"https:\/\/dev.borgarbyggd.is\/grunnborg\/nemendur-og-foreldrar\/"},{"@type":"ListItem","position":3,"name":"Foreldraf\u00e9lag","item":"https:\/\/dev.borgarbyggd.is\/grunnborg\/nemendur-og-foreldrar\/foreldrafelag\/"},{"@type":"ListItem","position":4,"name":"Foreldraf\u00e9lag"}]},{"@type":"WebSite","@id":"https:\/\/dev.borgarbyggd.is\/grunnborg\/#website","url":"https:\/\/dev.borgarbyggd.is\/grunnborg\/","name":"Grunnsk\u00f3linn \u00ed Borgarnesi","description":"","potentialAction":[{"@type":"SearchAction","target":{"@type":"EntryPoint","urlTemplate":"https:\/\/dev.borgarbyggd.is\/grunnborg\/?s={search_term_string}"},"query-input":{"@type":"PropertyValueSpecification","valueRequired":true,"valueName":"search_term_string"}}],"inLanguage":"en-US"}]}},"_links":{"self":[{"href":"https:\/\/dev.borgarbyggd.is\/grunnborg\/wp-json\/wp\/v2\/pages\/350","targetHints":{"allow":["GET"]}}],"collection":[{"href":"https:\/\/dev.borgarbyggd.is\/grunnborg\/wp-json\/wp\/v2\/pages"}],"about":[{"href":"https:\/\/dev.borgarbyggd.is\/grunnborg\/wp-json\/wp\/v2\/types\/page"}],"author":[{"embeddable":true,"href":"https:\/\/dev.borgarbyggd.is\/grunnborg\/wp-json\/wp\/v2\/users\/4"}],"replies":[{"embeddable":true,"href":"https:\/\/dev.borgarbyggd.is\/grunnborg\/wp-json\/wp\/v2\/comments?post=350"}],"version-history":[{"count":0,"href":"https:\/\/dev.borgarbyggd.is\/grunnborg\/wp-json\/wp\/v2\/pages\/350\/revisions"}],"up":[{"embeddable":true,"href":"https:\/\/dev.borgarbyggd.is\/grunnborg\/wp-json\/wp\/v2\/pages\/348"}],"wp:attachment":[{"href":"https:\/\/dev.borgarbyggd.is\/grunnborg\/wp-json\/wp\/v2\/media?parent=350"}],"curies":[{"name":"wp","href":"https:\/\/api.w.org\/{rel}","templated":true}]}}