{"id":1794,"date":"2024-08-08T11:20:16","date_gmt":"2024-08-08T11:20:16","guid":{"rendered":"https:\/\/dev.borgarbyggd.is\/grunnborg\/?page_id=1794"},"modified":"2024-08-08T11:20:16","modified_gmt":"2024-08-08T11:20:16","slug":"upplysingar-um-innritun","status":"publish","type":"page","link":"https:\/\/dev.borgarbyggd.is\/grunnborg\/skolinn\/upplysingar-um-innritun\/","title":{"rendered":"Uppl\u00fdsingar um innritun"},"content":{"rendered":"<h3>Innritun \u00ed leik- og grunnsk\u00f3la<\/h3>\n<p>&nbsp;<\/p>\n<p><strong>Ums\u00f3kn<\/strong><br \/>\nS\u00f3tt er um grunn- og leiksk\u00f3ladv\u00f6l \u00e1 vef Borgarbygg\u00f0ar,\u00a0<span style=\"color: #0000ff\"><a style=\"color: #0000ff\" href=\"https:\/\/borgarbyggd.ibuagatt.is\/login.aspx\"><strong>\u00fej\u00f3nustug\u00e1tt.<\/strong><\/a><\/span><\/p>\n<p>Barn \u00ed leiksk\u00f3la getur veri\u00f0 \u00e1 bi\u00f0lista \u00fe\u00f3tt l\u00f6gheimili s\u00e9 annars sta\u00f0ar.<\/p>\n<p>Vegna t\u00edmabundinna dvala barna me\u00f0 l\u00f6gheimili \u00ed \u00f6\u00f0rum sveitarf\u00e9l\u00f6gum er fari\u00f0 eftir vi\u00f0mi\u00f0unarreglum Borgarbygg\u00f0ar vegna sk\u00f3ladvalar barna utan l\u00f6gheimilissveitarf\u00e9lags.<\/p>\n<p><strong>\u00dathlutun \/innritun \u00ed leiksk\u00f3la<\/strong><br \/>\nFari\u00f0 er eftir aldursr\u00f6\u00f0 \u00ed \u00fathlutun. Systkini hafa forval \u00ed \u00feann leiksk\u00f3la sem eldra systkini er \u00ed \u00feegar a\u00f0 \u00fathlutun er komi\u00f0 skv. aldursr\u00f6\u00f0.<\/p>\n<p><strong>Innritun<\/strong><br \/>\nGrunnsk\u00f3lastj\u00f3ri e\u00f0a leiksk\u00f3lastj\u00f3ri tilkynnir foreldrum hven\u00e6r barni\u00f0 getur hafi\u00f0 sk\u00f3lag\u00f6ngu. \u00cd leiksk\u00f3lum er \u00fea\u00f0 a\u00f0 jafna\u00f0i eigi s\u00ed\u00f0ar en fj\u00f3rum vikum \u00e1\u00f0ur en leiksk\u00f3ladv\u00f6l hefst. Sta\u00f0festa \u00fearf dv\u00f6lina hj\u00e1 leiksk\u00f3lastj\u00f3ra innan 10 daga fr\u00e1 \u00fev\u00ed a\u00f0 tilkynning berst.<\/p>\n<p><strong>Uppsagnarfrestur \u00ed leiksk\u00f3lum<\/strong><br \/>\nGagnkv\u00e6mur uppsagnarfrestur er einn m\u00e1nu\u00f0ur og mi\u00f0ast vi\u00f0 fyrsta e\u00f0a fimmt\u00e1nda dag hvers m\u00e1na\u00f0ar. Upps\u00f6gn skal vera skrifleg og skilast til leiksk\u00f3lastj\u00f3ra \u00e1 \u00fear til ger\u00f0u ey\u00f0ubla\u00f0i. Skuldi foreldrar \u00ferj\u00e1 m\u00e1nu\u00f0i er barninu sagt upp leiksk\u00f3ladv\u00f6l.<\/p>\n<p><strong>Leiksk\u00f3lagj\u00f6ld<\/strong><br \/>\nGjald fyrir dv\u00f6l \u00e1 leiksk\u00f3la er innheimt fyrirfram. Leiksk\u00f3lagj\u00f6ld eru innheimt \u00ed ellefu m\u00e1nu\u00f0i \u00e1 \u00e1ri. Gjaldskr\u00e1 leiksk\u00f3la er endursko\u00f0u\u00f0 \u00e1rlega og tekur sveitarstj\u00f3rn \u00e1kv\u00f6r\u00f0un um breytingar \u00e1 henni. Gjaldskr\u00e1 leiksk\u00f3la er a\u00f0gengileg \u00e1 heimas\u00ed\u00f0u Borgarbygg\u00f0ar og h\u00e9r.<\/p>\n<p>Gjaldskr\u00e1 leiksk\u00f3la Borgarbygg\u00f0ar m\u00e1 sj\u00e1 undir\u00a0<em>Gjaldskr\u00e1r.<\/em><\/p>\n<p><strong>Dvalart\u00edmi<\/strong><br \/>\nLeiksk\u00f3lar eru opnir virka daga kl. 07.45-16.30. Ger\u00f0ur er dvalarsamningur um dv\u00f6l barnsins \u00e1 leiksk\u00f3lanum. H\u00e6gt er a\u00f0 s\u00e6kja um breytingu \u00e1 dvalart\u00edma hj\u00e1 leiksk\u00f3lastj\u00f3ra. B\u00f6rn skulu taka fj\u00f6gurra vikna sumarleyfi.<\/p>\n<p>Starfsf\u00f3lk leiksk\u00f3la Borgarbygg\u00f0ar er bundi\u00f0 \u00feagnarskyldu.<\/p>\n","protected":false},"excerpt":{"rendered":"<p>Innritun \u00ed leik- og grunnsk\u00f3la &nbsp; Ums\u00f3kn S\u00f3tt er um grunn- og leiksk\u00f3ladv\u00f6l \u00e1 vef Borgarbygg\u00f0ar,\u00a0\u00fej\u00f3nustug\u00e1tt. Barn \u00ed leiksk\u00f3la getur veri\u00f0 \u00e1 bi\u00f0lista \u00fe\u00f3tt l\u00f6gheimili s\u00e9 annars sta\u00f0ar. Vegna t\u00edmabundinna dvala barna me\u00f0 l\u00f6gheimili \u00ed \u00f6\u00f0rum sveitarf\u00e9l\u00f6gum er fari\u00f0 eftir vi\u00f0mi\u00f0unarreglum Borgarbygg\u00f0ar vegna sk\u00f3ladvalar barna utan l\u00f6gheimilissveitarf\u00e9lags. \u00dathlutun \/innritun \u00ed leiksk\u00f3la Fari\u00f0 er eftir aldursr\u00f6\u00f0 \u00ed \u00fathlutun. Systkini hafa forval &#8230; <\/p>\n<div><a href=\"https:\/\/dev.borgarbyggd.is\/grunnborg\/skolinn\/upplysingar-um-innritun\/\" class=\"more-link\">Read More<\/a><\/div>\n","protected":false},"author":27,"featured_media":0,"parent":37,"menu_order":0,"comment_status":"closed","ping_status":"closed","template":"","meta":{"_acf_changed":false,"footnotes":""},"class_list":["post-1794","page","type-page","status-publish","hentry","no-post-thumbnail"],"acf":{"quickaccess":false},"yoast_head":"<!-- This site is optimized with the Yoast SEO plugin v24.0 - https:\/\/yoast.com\/wordpress\/plugins\/seo\/ -->\n<title>Uppl\u00fdsingar um innritun - Grunnsk\u00f3linn \u00ed Borgarnesi<\/title>\n<meta name=\"robots\" content=\"index, follow, max-snippet:-1, max-image-preview:large, max-video-preview:-1\" \/>\n<link rel=\"canonical\" href=\"https:\/\/dev.borgarbyggd.is\/grunnborg\/skolinn\/upplysingar-um-innritun\/\" \/>\n<meta property=\"og:locale\" content=\"en_US\" \/>\n<meta property=\"og:type\" content=\"article\" \/>\n<meta property=\"og:title\" content=\"Uppl\u00fdsingar um innritun - Grunnsk\u00f3linn \u00ed Borgarnesi\" \/>\n<meta property=\"og:description\" content=\"Innritun \u00ed leik- og grunnsk\u00f3la &nbsp; Ums\u00f3kn S\u00f3tt er um grunn- og leiksk\u00f3ladv\u00f6l \u00e1 vef Borgarbygg\u00f0ar,\u00a0\u00fej\u00f3nustug\u00e1tt. Barn \u00ed leiksk\u00f3la getur veri\u00f0 \u00e1 bi\u00f0lista \u00fe\u00f3tt l\u00f6gheimili s\u00e9 annars sta\u00f0ar. Vegna t\u00edmabundinna dvala barna me\u00f0 l\u00f6gheimili \u00ed \u00f6\u00f0rum sveitarf\u00e9l\u00f6gum er fari\u00f0 eftir vi\u00f0mi\u00f0unarreglum Borgarbygg\u00f0ar vegna sk\u00f3ladvalar barna utan l\u00f6gheimilissveitarf\u00e9lags. \u00dathlutun \/innritun \u00ed leiksk\u00f3la Fari\u00f0 er eftir aldursr\u00f6\u00f0 \u00ed \u00fathlutun. Systkini hafa forval ... Read More\" \/>\n<meta property=\"og:url\" content=\"https:\/\/dev.borgarbyggd.is\/grunnborg\/skolinn\/upplysingar-um-innritun\/\" \/>\n<meta property=\"og:site_name\" content=\"Grunnsk\u00f3linn \u00ed Borgarnesi\" \/>\n<meta name=\"twitter:card\" content=\"summary_large_image\" \/>\n<meta name=\"twitter:label1\" content=\"Est. reading time\" \/>\n\t<meta name=\"twitter:data1\" content=\"2 minutes\" \/>\n<script type=\"application\/ld+json\" class=\"yoast-schema-graph\">{\"@context\":\"https:\/\/schema.org\",\"@graph\":[{\"@type\":\"WebPage\",\"@id\":\"https:\/\/dev.borgarbyggd.is\/grunnborg\/skolinn\/upplysingar-um-innritun\/\",\"url\":\"https:\/\/dev.borgarbyggd.is\/grunnborg\/skolinn\/upplysingar-um-innritun\/\",\"name\":\"Uppl\u00fdsingar um innritun - Grunnsk\u00f3linn \u00ed Borgarnesi\",\"isPartOf\":{\"@id\":\"https:\/\/dev.borgarbyggd.is\/grunnborg\/#website\"},\"datePublished\":\"2024-08-08T11:20:16+00:00\",\"dateModified\":\"2024-08-08T11:20:16+00:00\",\"breadcrumb\":{\"@id\":\"https:\/\/dev.borgarbyggd.is\/grunnborg\/skolinn\/upplysingar-um-innritun\/#breadcrumb\"},\"inLanguage\":\"en-US\",\"potentialAction\":[{\"@type\":\"ReadAction\",\"target\":[\"https:\/\/dev.borgarbyggd.is\/grunnborg\/skolinn\/upplysingar-um-innritun\/\"]}]},{\"@type\":\"BreadcrumbList\",\"@id\":\"https:\/\/dev.borgarbyggd.is\/grunnborg\/skolinn\/upplysingar-um-innritun\/#breadcrumb\",\"itemListElement\":[{\"@type\":\"ListItem\",\"position\":1,\"name\":\"Home\",\"item\":\"https:\/\/dev.borgarbyggd.is\/grunnborg\/\"},{\"@type\":\"ListItem\",\"position\":2,\"name\":\"Sk\u00f3linn\",\"item\":\"https:\/\/dev.borgarbyggd.is\/grunnborg\/skolinn\/\"},{\"@type\":\"ListItem\",\"position\":3,\"name\":\"Uppl\u00fdsingar um innritun\"}]},{\"@type\":\"WebSite\",\"@id\":\"https:\/\/dev.borgarbyggd.is\/grunnborg\/#website\",\"url\":\"https:\/\/dev.borgarbyggd.is\/grunnborg\/\",\"name\":\"Grunnsk\u00f3linn \u00ed Borgarnesi\",\"description\":\"\",\"potentialAction\":[{\"@type\":\"SearchAction\",\"target\":{\"@type\":\"EntryPoint\",\"urlTemplate\":\"https:\/\/dev.borgarbyggd.is\/grunnborg\/?s={search_term_string}\"},\"query-input\":{\"@type\":\"PropertyValueSpecification\",\"valueRequired\":true,\"valueName\":\"search_term_string\"}}],\"inLanguage\":\"en-US\"}]}<\/script>\n<!-- \/ Yoast SEO plugin. -->","yoast_head_json":{"title":"Uppl\u00fdsingar um innritun - Grunnsk\u00f3linn \u00ed Borgarnesi","robots":{"index":"index","follow":"follow","max-snippet":"max-snippet:-1","max-image-preview":"max-image-preview:large","max-video-preview":"max-video-preview:-1"},"canonical":"https:\/\/dev.borgarbyggd.is\/grunnborg\/skolinn\/upplysingar-um-innritun\/","og_locale":"en_US","og_type":"article","og_title":"Uppl\u00fdsingar um innritun - Grunnsk\u00f3linn \u00ed Borgarnesi","og_description":"Innritun \u00ed leik- og grunnsk\u00f3la &nbsp; Ums\u00f3kn S\u00f3tt er um grunn- og leiksk\u00f3ladv\u00f6l \u00e1 vef Borgarbygg\u00f0ar,\u00a0\u00fej\u00f3nustug\u00e1tt. Barn \u00ed leiksk\u00f3la getur veri\u00f0 \u00e1 bi\u00f0lista \u00fe\u00f3tt l\u00f6gheimili s\u00e9 annars sta\u00f0ar. Vegna t\u00edmabundinna dvala barna me\u00f0 l\u00f6gheimili \u00ed \u00f6\u00f0rum sveitarf\u00e9l\u00f6gum er fari\u00f0 eftir vi\u00f0mi\u00f0unarreglum Borgarbygg\u00f0ar vegna sk\u00f3ladvalar barna utan l\u00f6gheimilissveitarf\u00e9lags. \u00dathlutun \/innritun \u00ed leiksk\u00f3la Fari\u00f0 er eftir aldursr\u00f6\u00f0 \u00ed \u00fathlutun. Systkini hafa forval ... Read More","og_url":"https:\/\/dev.borgarbyggd.is\/grunnborg\/skolinn\/upplysingar-um-innritun\/","og_site_name":"Grunnsk\u00f3linn \u00ed Borgarnesi","twitter_card":"summary_large_image","twitter_misc":{"Est. reading time":"2 minutes"},"schema":{"@context":"https:\/\/schema.org","@graph":[{"@type":"WebPage","@id":"https:\/\/dev.borgarbyggd.is\/grunnborg\/skolinn\/upplysingar-um-innritun\/","url":"https:\/\/dev.borgarbyggd.is\/grunnborg\/skolinn\/upplysingar-um-innritun\/","name":"Uppl\u00fdsingar um innritun - Grunnsk\u00f3linn \u00ed Borgarnesi","isPartOf":{"@id":"https:\/\/dev.borgarbyggd.is\/grunnborg\/#website"},"datePublished":"2024-08-08T11:20:16+00:00","dateModified":"2024-08-08T11:20:16+00:00","breadcrumb":{"@id":"https:\/\/dev.borgarbyggd.is\/grunnborg\/skolinn\/upplysingar-um-innritun\/#breadcrumb"},"inLanguage":"en-US","potentialAction":[{"@type":"ReadAction","target":["https:\/\/dev.borgarbyggd.is\/grunnborg\/skolinn\/upplysingar-um-innritun\/"]}]},{"@type":"BreadcrumbList","@id":"https:\/\/dev.borgarbyggd.is\/grunnborg\/skolinn\/upplysingar-um-innritun\/#breadcrumb","itemListElement":[{"@type":"ListItem","position":1,"name":"Home","item":"https:\/\/dev.borgarbyggd.is\/grunnborg\/"},{"@type":"ListItem","position":2,"name":"Sk\u00f3linn","item":"https:\/\/dev.borgarbyggd.is\/grunnborg\/skolinn\/"},{"@type":"ListItem","position":3,"name":"Uppl\u00fdsingar um innritun"}]},{"@type":"WebSite","@id":"https:\/\/dev.borgarbyggd.is\/grunnborg\/#website","url":"https:\/\/dev.borgarbyggd.is\/grunnborg\/","name":"Grunnsk\u00f3linn \u00ed Borgarnesi","description":"","potentialAction":[{"@type":"SearchAction","target":{"@type":"EntryPoint","urlTemplate":"https:\/\/dev.borgarbyggd.is\/grunnborg\/?s={search_term_string}"},"query-input":{"@type":"PropertyValueSpecification","valueRequired":true,"valueName":"search_term_string"}}],"inLanguage":"en-US"}]}},"_links":{"self":[{"href":"https:\/\/dev.borgarbyggd.is\/grunnborg\/wp-json\/wp\/v2\/pages\/1794","targetHints":{"allow":["GET"]}}],"collection":[{"href":"https:\/\/dev.borgarbyggd.is\/grunnborg\/wp-json\/wp\/v2\/pages"}],"about":[{"href":"https:\/\/dev.borgarbyggd.is\/grunnborg\/wp-json\/wp\/v2\/types\/page"}],"author":[{"embeddable":true,"href":"https:\/\/dev.borgarbyggd.is\/grunnborg\/wp-json\/wp\/v2\/users\/27"}],"replies":[{"embeddable":true,"href":"https:\/\/dev.borgarbyggd.is\/grunnborg\/wp-json\/wp\/v2\/comments?post=1794"}],"version-history":[{"count":0,"href":"https:\/\/dev.borgarbyggd.is\/grunnborg\/wp-json\/wp\/v2\/pages\/1794\/revisions"}],"up":[{"embeddable":true,"href":"https:\/\/dev.borgarbyggd.is\/grunnborg\/wp-json\/wp\/v2\/pages\/37"}],"wp:attachment":[{"href":"https:\/\/dev.borgarbyggd.is\/grunnborg\/wp-json\/wp\/v2\/media?parent=1794"}],"curies":[{"name":"wp","href":"https:\/\/api.w.org\/{rel}","templated":true}]}}