{"id":1196,"date":"2024-03-01T10:35:59","date_gmt":"2024-03-01T10:35:59","guid":{"rendered":"https:\/\/dev.borgarbyggd.is\/grunnborg\/?page_id=1196"},"modified":"2025-10-13T14:29:27","modified_gmt":"2025-10-13T14:29:27","slug":"aaetlanir","status":"publish","type":"page","link":"https:\/\/dev.borgarbyggd.is\/grunnborg\/stefnur-og-aaetlanir\/aaetlanir\/","title":{"rendered":"\u00c1\u00e6tlanir"},"content":{"rendered":"<p><span style=\"color: #0000ff\"><a href=\"https:\/\/dev.borgarbyggd.is\/grunnborg\/wp-content\/uploads\/sites\/2\/2025\/10\/Tillaga-Handbok-um-samskipta-1.pdf\">\u00c1\u00e6tlun um samskipta- og\/e\u00f0a eineltism\u00e1l<\/a><\/span><\/p>\n<p><span style=\"color: #0000ff\"><a style=\"color: #0000ff\" href=\"https:\/\/dev.borgarbyggd.is\/grunnborg\/wp-content\/uploads\/sites\/2\/2023\/10\/Fiknivarnir.pdf\">F\u00edknivarnir<\/a><\/span><\/p>\n<p><span style=\"color: #0000ff\"><a style=\"color: #0000ff\" href=\"https:\/\/dev.borgarbyggd.is\/grunnborg\/wp-content\/uploads\/sites\/2\/2023\/10\/Hegdun-og-urraedi-skyru-morkin.pdf\">Heg\u00f0un og \u00farr\u00e6\u00f0i \u2013 sk\u00fdru m\u00f6rkin<\/a><\/span><\/p>\n<p><span style=\"color: #0000ff\"><a style=\"color: #0000ff\" href=\"https:\/\/dev.borgarbyggd.is\/grunnborg\/wp-content\/uploads\/sites\/2\/2023\/10\/Jafnrettisaaetlun-Grunnskolans-i-Borgarnesi.pdf\">Jafnr\u00e9ttis\u00e1\u00e6tlun<\/a><\/span><\/p>\n<p><span style=\"color: #0000ff\"><a style=\"color: #0000ff\" href=\"https:\/\/dev.borgarbyggd.is\/grunnborg\/wp-content\/uploads\/sites\/2\/2023\/10\/Mottaka-nyrra-starfsmanna.pdf\">M\u00f3tt\u00f6ku\u00e1\u00e6tlun<\/a><\/span><\/p>\n<p><span style=\"color: #0000ff\"><a style=\"color: #0000ff\" href=\"https:\/\/dev.borgarbyggd.is\/grunnborg\/wp-content\/uploads\/sites\/2\/2023\/10\/Neydar-og-oryggisaaetlun.pdf\">Ney\u00f0ar- og \u00f6ryggis\u00e1\u00e6tlun<\/a><\/span><\/p>\n<p><span style=\"color: #0000ff\"><a style=\"color: #0000ff\" href=\"https:\/\/dev.borgarbyggd.is\/grunnborg\/wp-content\/uploads\/sites\/2\/2023\/10\/Ovedur.pdf\">\u00d3ve\u00f0ur<\/a><\/span><\/p>\n<p><span style=\"color: #0000ff\"><a style=\"color: #0000ff\" href=\"https:\/\/dev.borgarbyggd.is\/grunnborg\/wp-content\/uploads\/sites\/2\/2023\/10\/Rymingaraaetlun.pdf\">R\u00fdmingar\u00e1\u00e6tlun<\/a><\/span><\/p>\n<p><span style=\"color: #0000ff\"><a style=\"color: #0000ff\" href=\"https:\/\/dev.borgarbyggd.is\/grunnborg\/wp-content\/uploads\/sites\/2\/2023\/10\/Vidbragdsaaetlun-almannavarna.pdf\">Vi\u00f0brag\u00f0s\u00e1\u00e6tlun almannavarna<\/a><\/span><\/p>\n<p><span style=\"color: #0000ff\"><a style=\"color: #0000ff\" href=\"https:\/\/dev.borgarbyggd.is\/grunnborg\/wp-content\/uploads\/sites\/2\/2023\/10\/Vidbrogd-vid-afollum.pdf\">Vi\u00f0br\u00f6g\u00f0 vi\u00f0 \u00e1f\u00f6llum<\/a><\/span><\/p>\n<p><span style=\"color: #0000ff\"><a style=\"color: #0000ff\" href=\"https:\/\/dev.borgarbyggd.is\/grunnborg\/wp-content\/uploads\/sites\/2\/2023\/10\/Oryggis-og-slysavarnir.pdf\">\u00d6ryggis- og slysavarnir<\/a><\/span><\/p>\n","protected":false},"excerpt":{"rendered":"<p>\u00c1\u00e6tlun um samskipta- og\/e\u00f0a eineltism\u00e1l F\u00edknivarnir Heg\u00f0un og \u00farr\u00e6\u00f0i \u2013 sk\u00fdru m\u00f6rkin Jafnr\u00e9ttis\u00e1\u00e6tlun M\u00f3tt\u00f6ku\u00e1\u00e6tlun Ney\u00f0ar- og \u00f6ryggis\u00e1\u00e6tlun \u00d3ve\u00f0ur R\u00fdmingar\u00e1\u00e6tlun Vi\u00f0brag\u00f0s\u00e1\u00e6tlun almannavarna Vi\u00f0br\u00f6g\u00f0 vi\u00f0 \u00e1f\u00f6llum \u00d6ryggis- og slysavarnir<\/p>\n","protected":false},"author":27,"featured_media":0,"parent":52,"menu_order":0,"comment_status":"closed","ping_status":"closed","template":"","meta":{"_acf_changed":false,"footnotes":""},"class_list":["post-1196","page","type-page","status-publish","hentry","no-post-thumbnail"],"acf":{"quickaccess":false},"yoast_head":"<!-- This site is optimized with the Yoast SEO plugin v24.0 - https:\/\/yoast.com\/wordpress\/plugins\/seo\/ -->\n<title>\u00c1\u00e6tlanir - Grunnsk\u00f3linn \u00ed Borgarnesi<\/title>\n<meta name=\"robots\" content=\"index, follow, max-snippet:-1, max-image-preview:large, max-video-preview:-1\" \/>\n<link rel=\"canonical\" href=\"https:\/\/dev.borgarbyggd.is\/grunnborg\/stefnur-og-aaetlanir\/aaetlanir\/\" \/>\n<meta property=\"og:locale\" content=\"en_US\" \/>\n<meta property=\"og:type\" content=\"article\" \/>\n<meta property=\"og:title\" content=\"\u00c1\u00e6tlanir - Grunnsk\u00f3linn \u00ed Borgarnesi\" \/>\n<meta property=\"og:description\" content=\"\u00c1\u00e6tlun um samskipta- og\/e\u00f0a eineltism\u00e1l F\u00edknivarnir Heg\u00f0un og \u00farr\u00e6\u00f0i \u2013 sk\u00fdru m\u00f6rkin Jafnr\u00e9ttis\u00e1\u00e6tlun M\u00f3tt\u00f6ku\u00e1\u00e6tlun Ney\u00f0ar- og \u00f6ryggis\u00e1\u00e6tlun \u00d3ve\u00f0ur R\u00fdmingar\u00e1\u00e6tlun Vi\u00f0brag\u00f0s\u00e1\u00e6tlun almannavarna Vi\u00f0br\u00f6g\u00f0 vi\u00f0 \u00e1f\u00f6llum \u00d6ryggis- og slysavarnir\" \/>\n<meta property=\"og:url\" content=\"https:\/\/dev.borgarbyggd.is\/grunnborg\/stefnur-og-aaetlanir\/aaetlanir\/\" \/>\n<meta property=\"og:site_name\" content=\"Grunnsk\u00f3linn \u00ed Borgarnesi\" \/>\n<meta property=\"article:modified_time\" content=\"2025-10-13T14:29:27+00:00\" \/>\n<meta name=\"twitter:card\" content=\"summary_large_image\" \/>\n<meta name=\"twitter:label1\" content=\"Est. reading time\" \/>\n\t<meta name=\"twitter:data1\" content=\"1 minute\" \/>\n<script type=\"application\/ld+json\" class=\"yoast-schema-graph\">{\"@context\":\"https:\/\/schema.org\",\"@graph\":[{\"@type\":\"WebPage\",\"@id\":\"https:\/\/dev.borgarbyggd.is\/grunnborg\/stefnur-og-aaetlanir\/aaetlanir\/\",\"url\":\"https:\/\/dev.borgarbyggd.is\/grunnborg\/stefnur-og-aaetlanir\/aaetlanir\/\",\"name\":\"\u00c1\u00e6tlanir - Grunnsk\u00f3linn \u00ed Borgarnesi\",\"isPartOf\":{\"@id\":\"https:\/\/dev.borgarbyggd.is\/grunnborg\/#website\"},\"datePublished\":\"2024-03-01T10:35:59+00:00\",\"dateModified\":\"2025-10-13T14:29:27+00:00\",\"breadcrumb\":{\"@id\":\"https:\/\/dev.borgarbyggd.is\/grunnborg\/stefnur-og-aaetlanir\/aaetlanir\/#breadcrumb\"},\"inLanguage\":\"en-US\",\"potentialAction\":[{\"@type\":\"ReadAction\",\"target\":[\"https:\/\/dev.borgarbyggd.is\/grunnborg\/stefnur-og-aaetlanir\/aaetlanir\/\"]}]},{\"@type\":\"BreadcrumbList\",\"@id\":\"https:\/\/dev.borgarbyggd.is\/grunnborg\/stefnur-og-aaetlanir\/aaetlanir\/#breadcrumb\",\"itemListElement\":[{\"@type\":\"ListItem\",\"position\":1,\"name\":\"Home\",\"item\":\"https:\/\/dev.borgarbyggd.is\/grunnborg\/\"},{\"@type\":\"ListItem\",\"position\":2,\"name\":\"Stefnur og \u00e1\u00e6tlanir\",\"item\":\"https:\/\/dev.borgarbyggd.is\/grunnborg\/stefnur-og-aaetlanir\/\"},{\"@type\":\"ListItem\",\"position\":3,\"name\":\"\u00c1\u00e6tlanir\"}]},{\"@type\":\"WebSite\",\"@id\":\"https:\/\/dev.borgarbyggd.is\/grunnborg\/#website\",\"url\":\"https:\/\/dev.borgarbyggd.is\/grunnborg\/\",\"name\":\"Grunnsk\u00f3linn \u00ed Borgarnesi\",\"description\":\"\",\"potentialAction\":[{\"@type\":\"SearchAction\",\"target\":{\"@type\":\"EntryPoint\",\"urlTemplate\":\"https:\/\/dev.borgarbyggd.is\/grunnborg\/?s={search_term_string}\"},\"query-input\":{\"@type\":\"PropertyValueSpecification\",\"valueRequired\":true,\"valueName\":\"search_term_string\"}}],\"inLanguage\":\"en-US\"}]}<\/script>\n<!-- \/ Yoast SEO plugin. -->","yoast_head_json":{"title":"\u00c1\u00e6tlanir - Grunnsk\u00f3linn \u00ed Borgarnesi","robots":{"index":"index","follow":"follow","max-snippet":"max-snippet:-1","max-image-preview":"max-image-preview:large","max-video-preview":"max-video-preview:-1"},"canonical":"https:\/\/dev.borgarbyggd.is\/grunnborg\/stefnur-og-aaetlanir\/aaetlanir\/","og_locale":"en_US","og_type":"article","og_title":"\u00c1\u00e6tlanir - Grunnsk\u00f3linn \u00ed Borgarnesi","og_description":"\u00c1\u00e6tlun um samskipta- og\/e\u00f0a eineltism\u00e1l F\u00edknivarnir Heg\u00f0un og \u00farr\u00e6\u00f0i \u2013 sk\u00fdru m\u00f6rkin Jafnr\u00e9ttis\u00e1\u00e6tlun M\u00f3tt\u00f6ku\u00e1\u00e6tlun Ney\u00f0ar- og \u00f6ryggis\u00e1\u00e6tlun \u00d3ve\u00f0ur R\u00fdmingar\u00e1\u00e6tlun Vi\u00f0brag\u00f0s\u00e1\u00e6tlun almannavarna Vi\u00f0br\u00f6g\u00f0 vi\u00f0 \u00e1f\u00f6llum \u00d6ryggis- og slysavarnir","og_url":"https:\/\/dev.borgarbyggd.is\/grunnborg\/stefnur-og-aaetlanir\/aaetlanir\/","og_site_name":"Grunnsk\u00f3linn \u00ed Borgarnesi","article_modified_time":"2025-10-13T14:29:27+00:00","twitter_card":"summary_large_image","twitter_misc":{"Est. reading time":"1 minute"},"schema":{"@context":"https:\/\/schema.org","@graph":[{"@type":"WebPage","@id":"https:\/\/dev.borgarbyggd.is\/grunnborg\/stefnur-og-aaetlanir\/aaetlanir\/","url":"https:\/\/dev.borgarbyggd.is\/grunnborg\/stefnur-og-aaetlanir\/aaetlanir\/","name":"\u00c1\u00e6tlanir - Grunnsk\u00f3linn \u00ed Borgarnesi","isPartOf":{"@id":"https:\/\/dev.borgarbyggd.is\/grunnborg\/#website"},"datePublished":"2024-03-01T10:35:59+00:00","dateModified":"2025-10-13T14:29:27+00:00","breadcrumb":{"@id":"https:\/\/dev.borgarbyggd.is\/grunnborg\/stefnur-og-aaetlanir\/aaetlanir\/#breadcrumb"},"inLanguage":"en-US","potentialAction":[{"@type":"ReadAction","target":["https:\/\/dev.borgarbyggd.is\/grunnborg\/stefnur-og-aaetlanir\/aaetlanir\/"]}]},{"@type":"BreadcrumbList","@id":"https:\/\/dev.borgarbyggd.is\/grunnborg\/stefnur-og-aaetlanir\/aaetlanir\/#breadcrumb","itemListElement":[{"@type":"ListItem","position":1,"name":"Home","item":"https:\/\/dev.borgarbyggd.is\/grunnborg\/"},{"@type":"ListItem","position":2,"name":"Stefnur og \u00e1\u00e6tlanir","item":"https:\/\/dev.borgarbyggd.is\/grunnborg\/stefnur-og-aaetlanir\/"},{"@type":"ListItem","position":3,"name":"\u00c1\u00e6tlanir"}]},{"@type":"WebSite","@id":"https:\/\/dev.borgarbyggd.is\/grunnborg\/#website","url":"https:\/\/dev.borgarbyggd.is\/grunnborg\/","name":"Grunnsk\u00f3linn \u00ed Borgarnesi","description":"","potentialAction":[{"@type":"SearchAction","target":{"@type":"EntryPoint","urlTemplate":"https:\/\/dev.borgarbyggd.is\/grunnborg\/?s={search_term_string}"},"query-input":{"@type":"PropertyValueSpecification","valueRequired":true,"valueName":"search_term_string"}}],"inLanguage":"en-US"}]}},"_links":{"self":[{"href":"https:\/\/dev.borgarbyggd.is\/grunnborg\/wp-json\/wp\/v2\/pages\/1196","targetHints":{"allow":["GET"]}}],"collection":[{"href":"https:\/\/dev.borgarbyggd.is\/grunnborg\/wp-json\/wp\/v2\/pages"}],"about":[{"href":"https:\/\/dev.borgarbyggd.is\/grunnborg\/wp-json\/wp\/v2\/types\/page"}],"author":[{"embeddable":true,"href":"https:\/\/dev.borgarbyggd.is\/grunnborg\/wp-json\/wp\/v2\/users\/27"}],"replies":[{"embeddable":true,"href":"https:\/\/dev.borgarbyggd.is\/grunnborg\/wp-json\/wp\/v2\/comments?post=1196"}],"version-history":[{"count":0,"href":"https:\/\/dev.borgarbyggd.is\/grunnborg\/wp-json\/wp\/v2\/pages\/1196\/revisions"}],"up":[{"embeddable":true,"href":"https:\/\/dev.borgarbyggd.is\/grunnborg\/wp-json\/wp\/v2\/pages\/52"}],"wp:attachment":[{"href":"https:\/\/dev.borgarbyggd.is\/grunnborg\/wp-json\/wp\/v2\/media?parent=1196"}],"curies":[{"name":"wp","href":"https:\/\/api.w.org\/{rel}","templated":true}]}}