{"version":"1.0","provider_name":"Grunnsk\u00f3linn \u00ed Borgarnesi","provider_url":"https:\/\/dev.borgarbyggd.is\/grunnborg","author_name":"marianeves","author_url":"https:\/\/dev.borgarbyggd.is\/grunnborg\/author\/marianeves\/","title":"Nemendaverndarr\u00e1\u00f0 - Grunnsk\u00f3linn \u00ed Borgarnesi","type":"rich","width":600,"height":338,"html":"<blockquote class=\"wp-embedded-content\" data-secret=\"ZzFgitnwsv\"><a href=\"https:\/\/dev.borgarbyggd.is\/grunnborg\/stodthjonusta\/nemendaverndarrad\/\">Nemendaverndarr\u00e1\u00f0<\/a><\/blockquote><iframe sandbox=\"allow-scripts\" security=\"restricted\" src=\"https:\/\/dev.borgarbyggd.is\/grunnborg\/stodthjonusta\/nemendaverndarrad\/embed\/#?secret=ZzFgitnwsv\" width=\"600\" height=\"338\" title=\"&#8220;Nemendaverndarr\u00e1\u00f0&#8221; &#8212; Grunnsk\u00f3linn \u00ed Borgarnesi\" data-secret=\"ZzFgitnwsv\" frameborder=\"0\" marginwidth=\"0\" marginheight=\"0\" scrolling=\"no\" class=\"wp-embedded-content\"><\/iframe><script type=\"text\/javascript\">\n\/* <![CDATA[ *\/\n\/*! This file is auto-generated *\/\n!function(d,l){\"use strict\";l.querySelector&&d.addEventListener&&\"undefined\"!=typeof URL&&(d.wp=d.wp||{},d.wp.receiveEmbedMessage||(d.wp.receiveEmbedMessage=function(e){var t=e.data;if((t||t.secret||t.message||t.value)&&!\/[^a-zA-Z0-9]\/.test(t.secret)){for(var s,r,n,a=l.querySelectorAll('iframe[data-secret=\"'+t.secret+'\"]'),o=l.querySelectorAll('blockquote[data-secret=\"'+t.secret+'\"]'),c=new RegExp(\"^https?:$\",\"i\"),i=0;i<o.length;i++)o[i].style.display=\"none\";for(i=0;i<a.length;i++)s=a[i],e.source===s.contentWindow&&(s.removeAttribute(\"style\"),\"height\"===t.message?(1e3<(r=parseInt(t.value,10))?r=1e3:~~r<200&&(r=200),s.height=r):\"link\"===t.message&&(r=new URL(s.getAttribute(\"src\")),n=new URL(t.value),c.test(n.protocol))&&n.host===r.host&&l.activeElement===s&&(d.top.location.href=t.value))}},d.addEventListener(\"message\",d.wp.receiveEmbedMessage,!1),l.addEventListener(\"DOMContentLoaded\",function(){for(var e,t,s=l.querySelectorAll(\"iframe.wp-embedded-content\"),r=0;r<s.length;r++)(t=(e=s[r]).getAttribute(\"data-secret\"))||(t=Math.random().toString(36).substring(2,12),e.src+=\"#?secret=\"+t,e.setAttribute(\"data-secret\",t)),e.contentWindow.postMessage({message:\"ready\",secret:t},\"*\")},!1)))}(window,document);\n\/\/# sourceURL=https:\/\/dev.borgarbyggd.is\/grunnborg\/wp-includes\/js\/wp-embed.min.js\n\/* ]]> *\/\n<\/script>\n","description":"\u00cd regluger\u00f0 584\/2010 segir um starfsemi nemendaverndarr\u00e1\u00f0a grunnsk\u00f3la a\u00f0 sk\u00f3lastj\u00f3ri grunnsk\u00f3la samr\u00e6mi innan hvers grunnsk\u00f3la st\u00f6rf \u00feeirra sem sj\u00e1 um m\u00e1lefni einstakra nemenda er l\u00fata a\u00f0 s\u00e9rfr\u00e6\u00f0i\u00fej\u00f3nustu, n\u00e1ms- og starfsr\u00e1\u00f0gj\u00f6f og sk\u00f3laheilsug\u00e6slu me\u00f0 stofnun nemendaverndarr\u00e1\u00f0s skv. 40. gr. laga nr. 91\/2008 um grunnsk\u00f3la.\u00a0 Jafnframt skal sk\u00f3lastj\u00f3ri grunnsk\u00f3la stu\u00f0la a\u00f0 samr\u00e1\u00f0i vi\u00f0 f\u00e9lags\u00fej\u00f3nustu sveitarf\u00e9lags og barnaverndaryfirv\u00f6ld vegna m\u00e1lefna einstakra nemenda e\u00f0a ... Read More"}

Grunnskólinn í Borgarnesi

Nemendaverndarráð - Grunnskólinn í Borgarnesi

<blockquote class="wp-embedded-content" data-secret="ZzFgitnwsv"><a href="https://dev.borgarbyggd.is/grunnborg/stodthjonusta/nemendaverndarrad/">Nemendaverndarráð</a></blockquote><iframe sandbox="allow-scripts" security="restricted" src="https://dev.borgarbyggd.is/grunnborg/stodthjonusta/nemendaverndarrad/embed/#?secret=ZzFgitnwsv" width="600" height="338" title="&#8220;Nemendaverndarráð&#8221; &#8212; Grunnskólinn í Borgarnesi" data-secret="ZzFgitnwsv" frameborder="0" marginwidth="0" marginheight="0" scrolling="no" class="wp-embedded-content"></iframe><script type="text/javascript">
/* <![CDATA[ */
/*! This file is auto-generated */
!function(d,l){"use strict";l.querySelector&&d.addEventListener&&"undefined"!=typeof URL&&(d.wp=d.wp||{},d.wp.receiveEmbedMessage||(d.wp.receiveEmbedMessage=function(e){var t=e.data;if((t||t.secret||t.message||t.value)&&!/[^a-zA-Z0-9]/.test(t.secret)){for(var s,r,n,a=l.querySelectorAll('iframe[data-secret="'+t.secret+'"]'),o=l.querySelectorAll('blockquote[data-secret="'+t.secret+'"]'),c=new RegExp("^https?:$","i"),i=0;i<o.length;i++)o[i].style.display="none";for(i=0;i<a.length;i++)s=a[i],e.source===s.contentWindow&&(s.removeAttribute("style"),"height"===t.message?(1e3<(r=parseInt(t.value,10))?r=1e3:~~r<200&&(r=200),s.height=r):"link"===t.message&&(r=new URL(s.getAttribute("src")),n=new URL(t.value),c.test(n.protocol))&&n.host===r.host&&l.activeElement===s&&(d.top.location.href=t.value))}},d.addEventListener("message",d.wp.receiveEmbedMessage,!1),l.addEventListener("DOMContentLoaded",function(){for(var e,t,s=l.querySelectorAll("iframe.wp-embedded-content"),r=0;r<s.length;r++)(t=(e=s[r]).getAttribute("data-secret"))||(t=Math.random().toString(36).substring(2,12),e.src+="#?secret="+t,e.setAttribute("data-secret",t)),e.contentWindow.postMessage({message:"ready",secret:t},"*")},!1)))}(window,document);
//# sourceURL=https://dev.borgarbyggd.is/grunnborg/wp-includes/js/wp-embed.min.js
/* ]]> */
</script>

Í reglugerð 584/2010 segir um starfsemi nemendaverndarráða grunnskóla að skólastjóri grunnskóla samræmi innan hvers grunnskóla störf þeirra sem sjá um málefni einstakra nemenda er lúta að sérfræðiþjónustu, náms- og starfsráðgjöf og skólaheilsugæslu með stofnun nemendaverndarráðs skv. 40. gr. laga nr. 91/2008 um grunnskóla.  Jafnframt skal skólastjóri grunnskóla stuðla að samráði við félagsþjónustu sveitarfélags og barnaverndaryfirvöld vegna málefna einstakra nemenda eða ... Read More
