{"version":"1.0","provider_name":"Grunnsk\u00f3linn \u00ed Borgarnesi","provider_url":"https:\/\/dev.borgarbyggd.is\/grunnborg","author_name":"sunna","author_url":"https:\/\/dev.borgarbyggd.is\/grunnborg\/author\/sunna\/","title":"Opinn dagur \u00ed Grunnsk\u00f3lanum \u00ed Borgarnesi - Grunnsk\u00f3linn \u00ed Borgarnesi","type":"rich","width":600,"height":338,"html":"<blockquote class=\"wp-embedded-content\" data-secret=\"tYpOyekCIY\"><a href=\"https:\/\/dev.borgarbyggd.is\/grunnborg\/frettir\/opinn-dagur-i-grunnskolanum-i-borgarnesi\/\">Opinn dagur \u00ed Grunnsk\u00f3lanum \u00ed Borgarnesi<\/a><\/blockquote><iframe sandbox=\"allow-scripts\" security=\"restricted\" src=\"https:\/\/dev.borgarbyggd.is\/grunnborg\/frettir\/opinn-dagur-i-grunnskolanum-i-borgarnesi\/embed\/#?secret=tYpOyekCIY\" width=\"600\" height=\"338\" title=\"&#8220;Opinn dagur \u00ed Grunnsk\u00f3lanum \u00ed Borgarnesi&#8221; &#8212; Grunnsk\u00f3linn \u00ed Borgarnesi\" data-secret=\"tYpOyekCIY\" frameborder=\"0\" marginwidth=\"0\" marginheight=\"0\" scrolling=\"no\" class=\"wp-embedded-content\"><\/iframe><script type=\"text\/javascript\">\n\/* <![CDATA[ *\/\n\/*! This file is auto-generated *\/\n!function(d,l){\"use strict\";l.querySelector&&d.addEventListener&&\"undefined\"!=typeof URL&&(d.wp=d.wp||{},d.wp.receiveEmbedMessage||(d.wp.receiveEmbedMessage=function(e){var t=e.data;if((t||t.secret||t.message||t.value)&&!\/[^a-zA-Z0-9]\/.test(t.secret)){for(var s,r,n,a=l.querySelectorAll('iframe[data-secret=\"'+t.secret+'\"]'),o=l.querySelectorAll('blockquote[data-secret=\"'+t.secret+'\"]'),c=new RegExp(\"^https?:$\",\"i\"),i=0;i<o.length;i++)o[i].style.display=\"none\";for(i=0;i<a.length;i++)s=a[i],e.source===s.contentWindow&&(s.removeAttribute(\"style\"),\"height\"===t.message?(1e3<(r=parseInt(t.value,10))?r=1e3:~~r<200&&(r=200),s.height=r):\"link\"===t.message&&(r=new URL(s.getAttribute(\"src\")),n=new URL(t.value),c.test(n.protocol))&&n.host===r.host&&l.activeElement===s&&(d.top.location.href=t.value))}},d.addEventListener(\"message\",d.wp.receiveEmbedMessage,!1),l.addEventListener(\"DOMContentLoaded\",function(){for(var e,t,s=l.querySelectorAll(\"iframe.wp-embedded-content\"),r=0;r<s.length;r++)(t=(e=s[r]).getAttribute(\"data-secret\"))||(t=Math.random().toString(36).substring(2,12),e.src+=\"#?secret=\"+t,e.setAttribute(\"data-secret\",t)),e.contentWindow.postMessage({message:\"ready\",secret:t},\"*\")},!1)))}(window,document);\n\/\/# sourceURL=https:\/\/dev.borgarbyggd.is\/grunnborg\/wp-includes\/js\/wp-embed.min.js\n\/* ]]> *\/\n<\/script>\n","thumbnail_url":"https:\/\/dev.borgarbyggd.is\/grunnborg\/wp-content\/uploads\/sites\/2\/2025\/05\/Opinn-dagur-e1746622186350.jpg","thumbnail_width":518,"thumbnail_height":288,"description":"&nbsp; Opinn dagur \u00ed Grunnsk\u00f3lanum \u00ed Borgarnesi mi\u00f0vikudaginn 14. ma\u00ed fr\u00e1 kl. 10:00-13:00 &nbsp; Foreldrum og \u00f6\u00f0rum velunnurum sk\u00f3lans er bo\u00f0i\u00f0 \u00ed heims\u00f3kn til a\u00f0 sko\u00f0a sk\u00f3lann og kynna s\u00e9r starfi\u00f0. 9. bekkur ver\u00f0ur me\u00f0 kaffih\u00fas \u00fear sem kaupa m\u00e1 lj\u00faffengar veitingar. Allur \u00e1g\u00f3\u00f0i rennur \u00ed fer\u00f0asj\u00f3\u00f0 nemenda. \u00d6ll velkomin!"}

Grunnskólinn í Borgarnesi

Opinn dagur í Grunnskólanum í Borgarnesi - Grunnskólinn í Borgarnesi

<blockquote class="wp-embedded-content" data-secret="tYpOyekCIY"><a href="https://dev.borgarbyggd.is/grunnborg/frettir/opinn-dagur-i-grunnskolanum-i-borgarnesi/">Opinn dagur í Grunnskólanum í Borgarnesi</a></blockquote><iframe sandbox="allow-scripts" security="restricted" src="https://dev.borgarbyggd.is/grunnborg/frettir/opinn-dagur-i-grunnskolanum-i-borgarnesi/embed/#?secret=tYpOyekCIY" width="600" height="338" title="&#8220;Opinn dagur í Grunnskólanum í Borgarnesi&#8221; &#8212; Grunnskólinn í Borgarnesi" data-secret="tYpOyekCIY" frameborder="0" marginwidth="0" marginheight="0" scrolling="no" class="wp-embedded-content"></iframe><script type="text/javascript">
/* <![CDATA[ */
/*! This file is auto-generated */
!function(d,l){"use strict";l.querySelector&&d.addEventListener&&"undefined"!=typeof URL&&(d.wp=d.wp||{},d.wp.receiveEmbedMessage||(d.wp.receiveEmbedMessage=function(e){var t=e.data;if((t||t.secret||t.message||t.value)&&!/[^a-zA-Z0-9]/.test(t.secret)){for(var s,r,n,a=l.querySelectorAll('iframe[data-secret="'+t.secret+'"]'),o=l.querySelectorAll('blockquote[data-secret="'+t.secret+'"]'),c=new RegExp("^https?:$","i"),i=0;i<o.length;i++)o[i].style.display="none";for(i=0;i<a.length;i++)s=a[i],e.source===s.contentWindow&&(s.removeAttribute("style"),"height"===t.message?(1e3<(r=parseInt(t.value,10))?r=1e3:~~r<200&&(r=200),s.height=r):"link"===t.message&&(r=new URL(s.getAttribute("src")),n=new URL(t.value),c.test(n.protocol))&&n.host===r.host&&l.activeElement===s&&(d.top.location.href=t.value))}},d.addEventListener("message",d.wp.receiveEmbedMessage,!1),l.addEventListener("DOMContentLoaded",function(){for(var e,t,s=l.querySelectorAll("iframe.wp-embedded-content"),r=0;r<s.length;r++)(t=(e=s[r]).getAttribute("data-secret"))||(t=Math.random().toString(36).substring(2,12),e.src+="#?secret="+t,e.setAttribute("data-secret",t)),e.contentWindow.postMessage({message:"ready",secret:t},"*")},!1)))}(window,document);
//# sourceURL=https://dev.borgarbyggd.is/grunnborg/wp-includes/js/wp-embed.min.js
/* ]]> */
</script>

&nbsp; Opinn dagur í Grunnskólanum í Borgarnesi miðvikudaginn 14. maí frá kl. 10:00-13:00 &nbsp; Foreldrum og öðrum velunnurum skólans er boðið í heimsókn til að skoða skólann og kynna sér starfið. 9. bekkur verður með kaffihús þar sem kaupa má ljúffengar veitingar. Allur ágóði rennur í ferðasjóð nemenda. Öll velkomin!
