{"id":4635,"date":"2024-12-03T15:42:03","date_gmt":"2024-12-03T15:42:03","guid":{"rendered":"https:\/\/dev.borgarbyggd.is\/gbf\/?page_id=4635"},"modified":"2025-05-13T14:08:29","modified_gmt":"2025-05-13T14:08:29","slug":"heilsueflandi-grunnskoli","status":"publish","type":"page","link":"https:\/\/dev.borgarbyggd.is\/gbf\/heilsueflandi-grunnskoli\/","title":{"rendered":"Heilsueflandi grunnsk\u00f3li"},"content":{"rendered":"<p>Grunnsk\u00f3li Borgarfjar\u00f0ar er \u00fe\u00e1tttakandi \u00ed verkefninu Heilsueflandi grunnsk\u00f3li sem er \u00e6tla\u00f0 a\u00f0 sty\u00f0ja sk\u00f3la \u00ed markvissri heilsueflingu \u00ed starfinu.<\/p>\n<p>\u00c1herslu\u00fe\u00e6ttir Grunnsk\u00f3la Borgarfjar\u00f0ar eru matar\u00e6\u00f0i, ge\u00f0r\u00e6kt og hreyfing en sk\u00f3linn er mj\u00f6g framarlega \u00ed \u00feeim \u00fe\u00e1ttum.<\/p>\n<div><\/div>\n<section class=\"accordion\">\n<div class=\"accordiontitle\">Matar\u00e6\u00f0i<\/div>\n<div class=\"accordionbody\">\n<p>\u00cd sk\u00f3lanum er bo\u00f0i\u00f0 upp \u00e1 morgunmat, h\u00e1degismat og millim\u00e1l.<\/p>\n<p>\u00c1 \u00f6llum deildum eru starfandi matr\u00e1\u00f0ar og elda \u00far eins fersku hr\u00e1efni og m\u00f6guleiki er \u00e1. L\u00f6g\u00f0 er \u00e1hersla \u00e1 a\u00f0 n\u00fdta hr\u00e1efni \u00far h\u00e9ra\u00f0i, gr\u00e6nmeti, kj\u00f6t og fisk.<\/p>\n<p>Bo\u00f0i\u00f0 er upp \u00e1 morgunver\u00f0arhla\u00f0bor\u00f0, morgunkorn, hafragraut og fleira, me\u00f0 fj\u00f6lbreyttu me\u00f0l\u00e6ti.<\/p>\n<p>\u00cd h\u00e1deginu er heitur matur me\u00f0 fersku gr\u00e6nmeti sem nemendur skammta s\u00e9r sj\u00e1lfir.<\/p>\n<p>Nemendum er bo\u00f0i\u00f0 upp \u00e1 \u00e1vexti \u00e1 milli matm\u00e1lst\u00edma.<\/p>\n<p>A\u00f0gengi a\u00f0 fersku vatni er gott.<\/p>\n<\/div>\n<\/section>\n<div>\n<div><\/div>\n<section class=\"accordion\">\n<div class=\"accordiontitle\">Hreyfing<\/div>\n<div class=\"accordionbody\">\n<p>Sk\u00f3ladagur yngsta- og mi\u00f0stigs hefst \u00e1 morgung\u00f6ngu \u00e1 \u00f6llum deildum. Lengd g\u00f6ngunnar er misj\u00f6fn eftir a\u00f0st\u00e6\u00f0um \u00e1 hverjum sta\u00f0.<\/p>\n<p>\u00cd\u00fer\u00f3ttat\u00edmar eru fj\u00f3rum sinnum \u00ed viku hj\u00e1 nemendum sem er meira en vi\u00f0mi\u00f0unarstundatafla kve\u00f0ur \u00e1 um.<\/p>\n<p>Nemendur \u00e1 yngsta- og mi\u00f0stigi fara \u00fat \u00ed \u00f6llum fr\u00edm\u00edn\u00fatum og unglingastigi\u00f0 er eindregi\u00f0 hvatt til \u00fativistar einnig.<\/p>\n<\/div>\n<\/section>\n<\/div>\n<div>\n<div>\n<div><\/div>\n<section class=\"accordion\">\n<div class=\"accordiontitle\">Ge\u00f0r\u00e6kt<\/div>\n<div class=\"accordionbody\">\n<p>Framt\u00ed\u00f0ars\u00fdn Grunnsk\u00f3la Borgarfjar\u00f0ar er a\u00f0 sk\u00f3linn \u00fatskrifi metna\u00f0arfulla nemendur, sem n\u00fdti styrkleika s\u00edna til a\u00f0 n\u00e1 \u00e1rangri. \u00deessu vinnur sk\u00f3linn markvisst a\u00f0 me\u00f0 uppeldisstefnu sinni, Lei\u00f0toganum \u00ed m\u00e9r. \u00dear temja nemendur s\u00e9r \u00fdmsar venjur til a\u00f0 n\u00e1 \u00e1rangri, b\u00e6\u00f0i n\u00e1mslega og pers\u00f3nulega.<\/p>\n<p>Deildir Grunnsk\u00f3la Borgarfjar\u00f0ar eru fremur f\u00e1mennar og tengsl starfsf\u00f3lks og nemenda mikil. \u00dea\u00f0 au\u00f0veldar sk\u00f3lanum uppbyggingu \u00e1 j\u00e1kv\u00e6\u00f0um sk\u00f3labrag og a\u00f0 nemendur finni a\u00f0 \u00feau sannarlega tilheyri h\u00f3pnum.<\/p>\n<\/div>\n<\/section>\n<div><\/div>\n<\/div>\n<\/div>\n<section class=\"accordion\">\n<div class=\"accordiontitle\">Samstarf vi\u00f0 ungmennaf\u00e9l\u00f6g<\/div>\n<div class=\"accordionbody\">\n<p>\u00c1 Kleppj\u00e1rnsreykjum og Varmalandi hefur veri\u00f0 unni\u00f0 \u00ed samstarfi vi\u00f0 ungmennaf\u00e9l\u00f6gin \u00e1 sv\u00e6\u00f0inu \u00feannig a\u00f0 \u00ed\u00fer\u00f3tta\u00e6fingar yngri barna eru \u00e1 sk\u00f3lat\u00edma. \u00deannig styttist vinnut\u00edmi barnanna, foreldrar \u00feurfa minna a\u00f0 skutla og fleirum gefst \u00feannig kostur \u00e1 a\u00f0 \u00e6fa \u00ed\u00fer\u00f3ttir.<\/p>\n<\/div>\n<\/section>\n<div><\/div>\n<div>\n<div><\/div>\n<section class=\"accordion\">\n<div class=\"accordiontitle\">\u00datival<\/div>\n<div class=\"accordionbody\">\n<p><img loading=\"lazy\" decoding=\"async\" class=\"\" style=\"float: left\" src=\"https:\/\/v1.padlet.pics\/3\/image.webp?t=c_limit%2Cdpr_2%2Ch_615%2Cw_820&amp;url=https%3A%2F%2Fu1.padletusercontent.com%2Fuploads%2Fpadlet-uploads%2F3422822663%2Fb687563ada198c81c41dc9d6364ea258%2F_tieldun.jpg%3Fexpiry_token%3D5WaHZRdGG3LkUVQGy3SZ-zdRtq89aJeottSBaF_Hii8EGDVBG-vnLc5ZfL_2GiKosWMOCkHArMcc8LorETHcZ1DajmjAaVnSx3mO6DFtD43C6UVXq6l_in6uwo2MhseYmj0RYYvAuNbIyaricF1W3CH6vQr8K7wj-Adb2KM2i2vtlPAHfcts8dprLgenDnOLfKMzWVFRnhiz1xTBQtx4TA%3D%3D\" width=\"296\" height=\"222\" \/><\/p>\n<p style=\"text-align: left\">Valgreinar eru \u00ed bo\u00f0i fyrir nemendur \u00ed 5.-10. bekk, mis oft \u00ed viku fyrir hvern \u00e1rgang.<br \/>\nMe\u00f0al valgreina sem bo\u00f0i\u00f0 hefur veri\u00f0 upp \u00e1 er Fer\u00f0amennska og r\u00f6tun, \u00fear sem nemendur l\u00e6r\u00f0u r\u00e9ttan \u00fatb\u00fana\u00f0 til \u00fativistar.<\/p>\n<p>\u00datieldun er einnig mj\u00f6g vins\u00e6lt val \u00fear sem nemendur elda \u00e1 b\u00e1li \u00fdmisskonar g\u00f3\u00f0g\u00e6ti.<\/p>\n<\/div>\n<\/section>\n<div><\/div>\n<\/div>\n<p>&nbsp;<\/p>\n<p>&nbsp;<\/p>\n","protected":false},"excerpt":{"rendered":"<p>Grunnsk\u00f3li Borgarfjar\u00f0ar er \u00fe\u00e1tttakandi \u00ed verkefninu Heilsueflandi grunnsk\u00f3li sem er \u00e6tla\u00f0 a\u00f0 sty\u00f0ja sk\u00f3la \u00ed markvissri heilsueflingu \u00ed starfinu. \u00c1herslu\u00fe\u00e6ttir Grunnsk\u00f3la Borgarfjar\u00f0ar eru matar\u00e6\u00f0i, ge\u00f0r\u00e6kt og hreyfing en sk\u00f3linn er mj\u00f6g framarlega \u00ed \u00feeim \u00fe\u00e1ttum. Matar\u00e6\u00f0i \u00cd sk\u00f3lanum er bo\u00f0i\u00f0 upp \u00e1 morgunmat, h\u00e1degismat og millim\u00e1l. \u00c1 \u00f6llum deildum eru starfandi matr\u00e1\u00f0ar og elda \u00far eins fersku hr\u00e1efni og m\u00f6guleiki &#8230; <\/p>\n<div><a href=\"https:\/\/dev.borgarbyggd.is\/gbf\/heilsueflandi-grunnskoli\/\" class=\"more-link\">Read More<\/a><\/div>\n","protected":false},"author":44,"featured_media":0,"parent":0,"menu_order":0,"comment_status":"closed","ping_status":"closed","template":"","meta":{"_acf_changed":false,"footnotes":""},"class_list":["post-4635","page","type-page","status-publish","hentry","no-post-thumbnail"],"acf":{"quickaccess":false},"yoast_head":"<!-- This site is optimized with the Yoast SEO plugin v24.0 - https:\/\/yoast.com\/wordpress\/plugins\/seo\/ -->\n<title>Heilsueflandi grunnsk\u00f3li - Grunnsk\u00f3li Borgarfjar\u00f0ar<\/title>\n<meta name=\"robots\" content=\"noindex, follow, max-snippet:-1, max-image-preview:large, max-video-preview:-1\" \/>\n<meta property=\"og:locale\" content=\"is_IS\" \/>\n<meta property=\"og:type\" content=\"article\" \/>\n<meta property=\"og:title\" content=\"Heilsueflandi grunnsk\u00f3li - Grunnsk\u00f3li Borgarfjar\u00f0ar\" \/>\n<meta property=\"og:description\" content=\"Grunnsk\u00f3li Borgarfjar\u00f0ar er \u00fe\u00e1tttakandi \u00ed verkefninu Heilsueflandi grunnsk\u00f3li sem er \u00e6tla\u00f0 a\u00f0 sty\u00f0ja sk\u00f3la \u00ed markvissri heilsueflingu \u00ed starfinu. \u00c1herslu\u00fe\u00e6ttir Grunnsk\u00f3la Borgarfjar\u00f0ar eru matar\u00e6\u00f0i, ge\u00f0r\u00e6kt og hreyfing en sk\u00f3linn er mj\u00f6g framarlega \u00ed \u00feeim \u00fe\u00e1ttum. Matar\u00e6\u00f0i \u00cd sk\u00f3lanum er bo\u00f0i\u00f0 upp \u00e1 morgunmat, h\u00e1degismat og millim\u00e1l. \u00c1 \u00f6llum deildum eru starfandi matr\u00e1\u00f0ar og elda \u00far eins fersku hr\u00e1efni og m\u00f6guleiki ... Read More\" \/>\n<meta property=\"og:url\" content=\"https:\/\/dev.borgarbyggd.is\/gbf\/heilsueflandi-grunnskoli\/\" \/>\n<meta property=\"og:site_name\" content=\"Grunnsk\u00f3li Borgarfjar\u00f0ar\" \/>\n<meta property=\"article:modified_time\" content=\"2025-05-13T14:08:29+00:00\" \/>\n<meta property=\"og:image\" content=\"https:\/\/v1.padlet.pics\/3\/image.webp?t=c_limit%2Cdpr_2%2Ch_615%2Cw_820&amp;url=https%3A%2F%2Fu1.padletusercontent.com%2Fuploads%2Fpadlet-uploads%2F3422822663%2Fb687563ada198c81c41dc9d6364ea258%2F_tieldun.jpg%3Fexpiry_token%3D5WaHZRdGG3LkUVQGy3SZ-zdRtq89aJeottSBaF_Hii8EGDVBG-vnLc5ZfL_2GiKosWMOCkHArMcc8LorETHcZ1DajmjAaVnSx3mO6DFtD43C6UVXq6l_in6uwo2MhseYmj0RYYvAuNbIyaricF1W3CH6vQr8K7wj-Adb2KM2i2vtlPAHfcts8dprLgenDnOLfKMzWVFRnhiz1xTBQtx4TA%3D%3D\" \/>\n<meta name=\"twitter:card\" content=\"summary_large_image\" \/>\n<meta name=\"twitter:label1\" content=\"Est. reading time\" \/>\n\t<meta name=\"twitter:data1\" content=\"3 minutes\" \/>\n<script type=\"application\/ld+json\" class=\"yoast-schema-graph\">{\"@context\":\"https:\/\/schema.org\",\"@graph\":[{\"@type\":\"WebPage\",\"@id\":\"https:\/\/dev.borgarbyggd.is\/gbf\/heilsueflandi-grunnskoli\/\",\"url\":\"https:\/\/dev.borgarbyggd.is\/gbf\/heilsueflandi-grunnskoli\/\",\"name\":\"Heilsueflandi grunnsk\u00f3li - Grunnsk\u00f3li Borgarfjar\u00f0ar\",\"isPartOf\":{\"@id\":\"https:\/\/dev.borgarbyggd.is\/gbf\/#website\"},\"primaryImageOfPage\":{\"@id\":\"https:\/\/dev.borgarbyggd.is\/gbf\/heilsueflandi-grunnskoli\/#primaryimage\"},\"image\":{\"@id\":\"https:\/\/dev.borgarbyggd.is\/gbf\/heilsueflandi-grunnskoli\/#primaryimage\"},\"thumbnailUrl\":\"https:\/\/v1.padlet.pics\/3\/image.webp?t=c_limit%2Cdpr_2%2Ch_615%2Cw_820&amp;url=https%3A%2F%2Fu1.padletusercontent.com%2Fuploads%2Fpadlet-uploads%2F3422822663%2Fb687563ada198c81c41dc9d6364ea258%2F_tieldun.jpg%3Fexpiry_token%3D5WaHZRdGG3LkUVQGy3SZ-zdRtq89aJeottSBaF_Hii8EGDVBG-vnLc5ZfL_2GiKosWMOCkHArMcc8LorETHcZ1DajmjAaVnSx3mO6DFtD43C6UVXq6l_in6uwo2MhseYmj0RYYvAuNbIyaricF1W3CH6vQr8K7wj-Adb2KM2i2vtlPAHfcts8dprLgenDnOLfKMzWVFRnhiz1xTBQtx4TA%3D%3D\",\"datePublished\":\"2024-12-03T15:42:03+00:00\",\"dateModified\":\"2025-05-13T14:08:29+00:00\",\"breadcrumb\":{\"@id\":\"https:\/\/dev.borgarbyggd.is\/gbf\/heilsueflandi-grunnskoli\/#breadcrumb\"},\"inLanguage\":\"is\",\"potentialAction\":[{\"@type\":\"ReadAction\",\"target\":[\"https:\/\/dev.borgarbyggd.is\/gbf\/heilsueflandi-grunnskoli\/\"]}]},{\"@type\":\"ImageObject\",\"inLanguage\":\"is\",\"@id\":\"https:\/\/dev.borgarbyggd.is\/gbf\/heilsueflandi-grunnskoli\/#primaryimage\",\"url\":\"https:\/\/v1.padlet.pics\/3\/image.webp?t=c_limit%2Cdpr_2%2Ch_615%2Cw_820&amp;url=https%3A%2F%2Fu1.padletusercontent.com%2Fuploads%2Fpadlet-uploads%2F3422822663%2Fb687563ada198c81c41dc9d6364ea258%2F_tieldun.jpg%3Fexpiry_token%3D5WaHZRdGG3LkUVQGy3SZ-zdRtq89aJeottSBaF_Hii8EGDVBG-vnLc5ZfL_2GiKosWMOCkHArMcc8LorETHcZ1DajmjAaVnSx3mO6DFtD43C6UVXq6l_in6uwo2MhseYmj0RYYvAuNbIyaricF1W3CH6vQr8K7wj-Adb2KM2i2vtlPAHfcts8dprLgenDnOLfKMzWVFRnhiz1xTBQtx4TA%3D%3D\",\"contentUrl\":\"https:\/\/v1.padlet.pics\/3\/image.webp?t=c_limit%2Cdpr_2%2Ch_615%2Cw_820&amp;url=https%3A%2F%2Fu1.padletusercontent.com%2Fuploads%2Fpadlet-uploads%2F3422822663%2Fb687563ada198c81c41dc9d6364ea258%2F_tieldun.jpg%3Fexpiry_token%3D5WaHZRdGG3LkUVQGy3SZ-zdRtq89aJeottSBaF_Hii8EGDVBG-vnLc5ZfL_2GiKosWMOCkHArMcc8LorETHcZ1DajmjAaVnSx3mO6DFtD43C6UVXq6l_in6uwo2MhseYmj0RYYvAuNbIyaricF1W3CH6vQr8K7wj-Adb2KM2i2vtlPAHfcts8dprLgenDnOLfKMzWVFRnhiz1xTBQtx4TA%3D%3D\"},{\"@type\":\"BreadcrumbList\",\"@id\":\"https:\/\/dev.borgarbyggd.is\/gbf\/heilsueflandi-grunnskoli\/#breadcrumb\",\"itemListElement\":[{\"@type\":\"ListItem\",\"position\":1,\"name\":\"Home\",\"item\":\"https:\/\/dev.borgarbyggd.is\/gbf\/\"},{\"@type\":\"ListItem\",\"position\":2,\"name\":\"Heilsueflandi grunnsk\u00f3li\"}]},{\"@type\":\"WebSite\",\"@id\":\"https:\/\/dev.borgarbyggd.is\/gbf\/#website\",\"url\":\"https:\/\/dev.borgarbyggd.is\/gbf\/\",\"name\":\"Grunnsk\u00f3li Borgarfjar\u00f0ar\",\"description\":\"\",\"potentialAction\":[{\"@type\":\"SearchAction\",\"target\":{\"@type\":\"EntryPoint\",\"urlTemplate\":\"https:\/\/dev.borgarbyggd.is\/gbf\/?s={search_term_string}\"},\"query-input\":{\"@type\":\"PropertyValueSpecification\",\"valueRequired\":true,\"valueName\":\"search_term_string\"}}],\"inLanguage\":\"is\"}]}<\/script>\n<!-- \/ Yoast SEO plugin. -->","yoast_head_json":{"title":"Heilsueflandi grunnsk\u00f3li - Grunnsk\u00f3li Borgarfjar\u00f0ar","robots":{"index":"noindex","follow":"follow","max-snippet":"max-snippet:-1","max-image-preview":"max-image-preview:large","max-video-preview":"max-video-preview:-1"},"og_locale":"is_IS","og_type":"article","og_title":"Heilsueflandi grunnsk\u00f3li - Grunnsk\u00f3li Borgarfjar\u00f0ar","og_description":"Grunnsk\u00f3li Borgarfjar\u00f0ar er \u00fe\u00e1tttakandi \u00ed verkefninu Heilsueflandi grunnsk\u00f3li sem er \u00e6tla\u00f0 a\u00f0 sty\u00f0ja sk\u00f3la \u00ed markvissri heilsueflingu \u00ed starfinu. \u00c1herslu\u00fe\u00e6ttir Grunnsk\u00f3la Borgarfjar\u00f0ar eru matar\u00e6\u00f0i, ge\u00f0r\u00e6kt og hreyfing en sk\u00f3linn er mj\u00f6g framarlega \u00ed \u00feeim \u00fe\u00e1ttum. Matar\u00e6\u00f0i \u00cd sk\u00f3lanum er bo\u00f0i\u00f0 upp \u00e1 morgunmat, h\u00e1degismat og millim\u00e1l. \u00c1 \u00f6llum deildum eru starfandi matr\u00e1\u00f0ar og elda \u00far eins fersku hr\u00e1efni og m\u00f6guleiki ... Read More","og_url":"https:\/\/dev.borgarbyggd.is\/gbf\/heilsueflandi-grunnskoli\/","og_site_name":"Grunnsk\u00f3li Borgarfjar\u00f0ar","article_modified_time":"2025-05-13T14:08:29+00:00","og_image":[{"url":"https:\/\/v1.padlet.pics\/3\/image.webp?t=c_limit%2Cdpr_2%2Ch_615%2Cw_820&amp;url=https%3A%2F%2Fu1.padletusercontent.com%2Fuploads%2Fpadlet-uploads%2F3422822663%2Fb687563ada198c81c41dc9d6364ea258%2F_tieldun.jpg%3Fexpiry_token%3D5WaHZRdGG3LkUVQGy3SZ-zdRtq89aJeottSBaF_Hii8EGDVBG-vnLc5ZfL_2GiKosWMOCkHArMcc8LorETHcZ1DajmjAaVnSx3mO6DFtD43C6UVXq6l_in6uwo2MhseYmj0RYYvAuNbIyaricF1W3CH6vQr8K7wj-Adb2KM2i2vtlPAHfcts8dprLgenDnOLfKMzWVFRnhiz1xTBQtx4TA%3D%3D","type":"","width":"","height":""}],"twitter_card":"summary_large_image","twitter_misc":{"Est. reading time":"3 minutes"},"schema":{"@context":"https:\/\/schema.org","@graph":[{"@type":"WebPage","@id":"https:\/\/dev.borgarbyggd.is\/gbf\/heilsueflandi-grunnskoli\/","url":"https:\/\/dev.borgarbyggd.is\/gbf\/heilsueflandi-grunnskoli\/","name":"Heilsueflandi grunnsk\u00f3li - Grunnsk\u00f3li Borgarfjar\u00f0ar","isPartOf":{"@id":"https:\/\/dev.borgarbyggd.is\/gbf\/#website"},"primaryImageOfPage":{"@id":"https:\/\/dev.borgarbyggd.is\/gbf\/heilsueflandi-grunnskoli\/#primaryimage"},"image":{"@id":"https:\/\/dev.borgarbyggd.is\/gbf\/heilsueflandi-grunnskoli\/#primaryimage"},"thumbnailUrl":"https:\/\/v1.padlet.pics\/3\/image.webp?t=c_limit%2Cdpr_2%2Ch_615%2Cw_820&amp;url=https%3A%2F%2Fu1.padletusercontent.com%2Fuploads%2Fpadlet-uploads%2F3422822663%2Fb687563ada198c81c41dc9d6364ea258%2F_tieldun.jpg%3Fexpiry_token%3D5WaHZRdGG3LkUVQGy3SZ-zdRtq89aJeottSBaF_Hii8EGDVBG-vnLc5ZfL_2GiKosWMOCkHArMcc8LorETHcZ1DajmjAaVnSx3mO6DFtD43C6UVXq6l_in6uwo2MhseYmj0RYYvAuNbIyaricF1W3CH6vQr8K7wj-Adb2KM2i2vtlPAHfcts8dprLgenDnOLfKMzWVFRnhiz1xTBQtx4TA%3D%3D","datePublished":"2024-12-03T15:42:03+00:00","dateModified":"2025-05-13T14:08:29+00:00","breadcrumb":{"@id":"https:\/\/dev.borgarbyggd.is\/gbf\/heilsueflandi-grunnskoli\/#breadcrumb"},"inLanguage":"is","potentialAction":[{"@type":"ReadAction","target":["https:\/\/dev.borgarbyggd.is\/gbf\/heilsueflandi-grunnskoli\/"]}]},{"@type":"ImageObject","inLanguage":"is","@id":"https:\/\/dev.borgarbyggd.is\/gbf\/heilsueflandi-grunnskoli\/#primaryimage","url":"https:\/\/v1.padlet.pics\/3\/image.webp?t=c_limit%2Cdpr_2%2Ch_615%2Cw_820&amp;url=https%3A%2F%2Fu1.padletusercontent.com%2Fuploads%2Fpadlet-uploads%2F3422822663%2Fb687563ada198c81c41dc9d6364ea258%2F_tieldun.jpg%3Fexpiry_token%3D5WaHZRdGG3LkUVQGy3SZ-zdRtq89aJeottSBaF_Hii8EGDVBG-vnLc5ZfL_2GiKosWMOCkHArMcc8LorETHcZ1DajmjAaVnSx3mO6DFtD43C6UVXq6l_in6uwo2MhseYmj0RYYvAuNbIyaricF1W3CH6vQr8K7wj-Adb2KM2i2vtlPAHfcts8dprLgenDnOLfKMzWVFRnhiz1xTBQtx4TA%3D%3D","contentUrl":"https:\/\/v1.padlet.pics\/3\/image.webp?t=c_limit%2Cdpr_2%2Ch_615%2Cw_820&amp;url=https%3A%2F%2Fu1.padletusercontent.com%2Fuploads%2Fpadlet-uploads%2F3422822663%2Fb687563ada198c81c41dc9d6364ea258%2F_tieldun.jpg%3Fexpiry_token%3D5WaHZRdGG3LkUVQGy3SZ-zdRtq89aJeottSBaF_Hii8EGDVBG-vnLc5ZfL_2GiKosWMOCkHArMcc8LorETHcZ1DajmjAaVnSx3mO6DFtD43C6UVXq6l_in6uwo2MhseYmj0RYYvAuNbIyaricF1W3CH6vQr8K7wj-Adb2KM2i2vtlPAHfcts8dprLgenDnOLfKMzWVFRnhiz1xTBQtx4TA%3D%3D"},{"@type":"BreadcrumbList","@id":"https:\/\/dev.borgarbyggd.is\/gbf\/heilsueflandi-grunnskoli\/#breadcrumb","itemListElement":[{"@type":"ListItem","position":1,"name":"Home","item":"https:\/\/dev.borgarbyggd.is\/gbf\/"},{"@type":"ListItem","position":2,"name":"Heilsueflandi grunnsk\u00f3li"}]},{"@type":"WebSite","@id":"https:\/\/dev.borgarbyggd.is\/gbf\/#website","url":"https:\/\/dev.borgarbyggd.is\/gbf\/","name":"Grunnsk\u00f3li Borgarfjar\u00f0ar","description":"","potentialAction":[{"@type":"SearchAction","target":{"@type":"EntryPoint","urlTemplate":"https:\/\/dev.borgarbyggd.is\/gbf\/?s={search_term_string}"},"query-input":{"@type":"PropertyValueSpecification","valueRequired":true,"valueName":"search_term_string"}}],"inLanguage":"is"}]}},"_links":{"self":[{"href":"https:\/\/dev.borgarbyggd.is\/gbf\/wp-json\/wp\/v2\/pages\/4635","targetHints":{"allow":["GET"]}}],"collection":[{"href":"https:\/\/dev.borgarbyggd.is\/gbf\/wp-json\/wp\/v2\/pages"}],"about":[{"href":"https:\/\/dev.borgarbyggd.is\/gbf\/wp-json\/wp\/v2\/types\/page"}],"author":[{"embeddable":true,"href":"https:\/\/dev.borgarbyggd.is\/gbf\/wp-json\/wp\/v2\/users\/44"}],"replies":[{"embeddable":true,"href":"https:\/\/dev.borgarbyggd.is\/gbf\/wp-json\/wp\/v2\/comments?post=4635"}],"version-history":[{"count":0,"href":"https:\/\/dev.borgarbyggd.is\/gbf\/wp-json\/wp\/v2\/pages\/4635\/revisions"}],"wp:attachment":[{"href":"https:\/\/dev.borgarbyggd.is\/gbf\/wp-json\/wp\/v2\/media?parent=4635"}],"curies":[{"name":"wp","href":"https:\/\/api.w.org\/{rel}","templated":true}]}}