{"id":45,"date":"2023-07-25T16:42:10","date_gmt":"2023-07-25T16:42:10","guid":{"rendered":"https:\/\/dev.borgarbyggd.is\/gbf\/?page_id=45"},"modified":"2025-12-11T15:49:43","modified_gmt":"2025-12-11T15:49:43","slug":"samstarf-milli-skolastiga","status":"publish","type":"page","link":"https:\/\/dev.borgarbyggd.is\/gbf\/skolinn\/samstarf-milli-skolastiga\/","title":{"rendered":"Samstarf milli sk\u00f3lastiga"},"content":{"rendered":"<section class=\"accordion\">\n<div class=\"accordiontitle\">Samstarf leik- og grunnsk\u00f3la<\/div>\n<div class=\"accordionbody\">\n<p style=\"text-align: left\">Tilgangurinn me\u00f0 samstarfi milli sk\u00f3lastiga er a\u00f0 skapa samfellu \u00ed n\u00e1mi barna, koma til m\u00f3ts vi\u00f0 \u00fearfir \u00feeirra og stu\u00f0la a\u00f0 markvissari uppbyggingu n\u00e1ms. Mikilv\u00e6gt er til a\u00f0 n\u00e1 \u00feessum markmi\u00f0um a\u00f0 treysta \u00e1 gagnkv\u00e6ma \u00feekkingu og skilning kennara \u00e1 \u00feessum tveimur sk\u00f3lastigum \u00e1 starfi og starfsa\u00f0st\u00e6\u00f0um hvers annars. Markmi\u00f0i\u00f0 er a\u00f0 stu\u00f0la a\u00f0 vell\u00ed\u00f0an og \u00f6ryggi barna og foreldra \u00feegar b\u00f6rnin flytjast \u00e1 milli sk\u00f3lastiga.Til a\u00f0 n\u00e1 \u00feessu markmi\u00f0i er mikilv\u00e6gt a\u00f0 samr\u00e6mi s\u00e9 milli \u00feess sem b\u00f6rn vinna me\u00f0 e\u00f0a gera \u00ed leiksk\u00f3lanum og \u00feess sem unni\u00f0 er a\u00f0 \u00ed grunnsk\u00f3lanum; a\u00f0 kr\u00f6fur og v\u00e6ntingar \u00ed sambandi vi\u00f0 vinnubr\u00f6g\u00f0, n\u00e1m og samskipti s\u00e9u r\u00e6dd og m\u00f3tu\u00f0 og s\u00e9u \u00f6llum kunn. Ekki er stefnt a\u00f0 \u00fev\u00ed a\u00f0 allt eigi a\u00f0 vera eins \u00e1 sk\u00f3lastigunum heldur a\u00f0 mismunurinn s\u00e9 innan \u00feeirra marka a\u00f0 hann valdi ekki \u00f3\u00f6ryggi og kv\u00ed\u00f0a hj\u00e1 b\u00f6rnum og foreldrum \u00feeirra.<\/p>\n<\/div>\n<\/section>\n<div><\/div>\n<section class=\"accordion\">\n<div class=\"accordiontitle\">Samstarf vi\u00f0 Menntask\u00f3la Borgarfjar\u00f0ar<\/div>\n<div class=\"accordionbody\">\n<p>Helstu markmi\u00f0 samstarfs og tengsla milli sk\u00f3lastiga eru a\u00f0 skapa samfellu \u00ed n\u00e1mi nemenda, koma til m\u00f3ts vi\u00f0 \u00fearfir \u00feeirra og stu\u00f0la a\u00f0 markvissari uppbyggingu n\u00e1msins.Sk\u00f3linn \u00e1 \u00ed g\u00f3\u00f0u samstarfi vi\u00f0 Menntask\u00f3la Borgarfjar\u00f0ar. \u00cd samstarfinu felst m.a. \u00e1byrg\u00f0 \u00e1 uppl\u00fdsingagj\u00f6f milli sk\u00f3lanna, til nemenda og foreldra um n\u00e1m \u00e1 framhaldssk\u00f3lastigi og hvernig samstarfinu er h\u00e1tta\u00f0. \u00c1 grunnsk\u00f3lag\u00f6ngu sinni f\u00e1 nemendur uppl\u00fdsingar um framhaldssk\u00f3lastigi\u00f0 \u00ed heild sinni og n\u00e1msframbo\u00f0 einstakra sk\u00f3la, einkum Menntask\u00f3la Borgarfjar\u00f0ar. Vi\u00f0 sk\u00f3lann er starfandi n\u00e1ms- og starfsr\u00e1\u00f0gjafi sem a\u00f0sto\u00f0ar nemendur vi\u00f0 a\u00f0 velja n\u00e1m vi\u00f0 h\u00e6fi. Sveitarf\u00e9l\u00f6g koma \u00e1 samstarfi grunn- og framhaldssk\u00f3la.<\/p>\n<p>Nemendum er heimilt a\u00f0 stunda n\u00e1m \u00ed einst\u00f6kum n\u00e1msgreinum \u00e1 framhaldssk\u00f3lastigi a\u00f0 loknu grunnsk\u00f3lan\u00e1mi \u00ed vi\u00f0komandi n\u00e1msgreinum. N\u00e1mi\u00f0 er \u00e1 \u00e1byrg\u00f0 grunnsk\u00f3lans og vitnisbur\u00f0ur um \u00fea\u00f0 \u00fev\u00ed birtur \u00e1 vitnisbur\u00f0arbla\u00f0i nemandans vi\u00f0 lok grunnsk\u00f3la.<\/p>\n<p>Var\u00f0andi nemendur sem hafa veri\u00f0 \u00ed s\u00e9rdeild sk\u00f3lans e\u00f0a noti\u00f0 s\u00e9r\u00farr\u00e6\u00f0a \u00ed grunnsk\u00f3lanum, skulu kennarar og a\u00f0rir faga\u00f0ilar, \u00e1samt nemanda og foreldrum hans, taka \u00fe\u00e1tt \u00ed m\u00f3tun og ger\u00f0 tilf\u00e6rslu\u00e1\u00e6tlunar vegna fyrirhuga\u00f0s n\u00e1ms hans \u00ed framhaldssk\u00f3la og skal mi\u00f0a vi\u00f0 a\u00f0 undirb\u00faningur hennar hefjist \u00ed 9. bekk.<\/p>\n<p>\u00c1herslur \u00ed samstarfinu eru eftirfarandi:<br \/>\nStj\u00f3rnendur sk\u00f3lanna funda reglulega me\u00f0 \u00fea\u00f0 a\u00f0 markmi\u00f0i a\u00f0 efla uppl\u00fdsingastreymi og samstarf \u00e1 milli sk\u00f3lanna, s.s. me\u00f0 sameiginlegu n\u00e1mskei\u00f0ahaldi og fagfundum \u00fevert \u00e1 sk\u00f3lastigin.<\/p>\n<p>Stj\u00f3rnendur MB koma \u00ed grunnsk\u00f3lann a\u00f0 kynna starf MB fyrir nemendum \u00ed t\u00edunda (og n\u00edunda) bekk. Starfsmenn f\u00e1 einnig stutta kynningu.<\/p>\n<p>Nemendum sk\u00f3lans er bo\u00f0i\u00f0 a\u00f0 taka \u00fe\u00e1tt \u00ed v\u00f6ldum \u00fe\u00e1ttum \u00ed f\u00e9lagsl\u00edfi Menntask\u00f3lans.<\/p>\n<\/div>\n<\/section>\n<div><\/div>\n<section class=\"accordion\">\n<div class=\"accordiontitle\">Samstarf vi\u00f0 Landb\u00fana\u00f0arh\u00e1sk\u00f3la \u00cdslands<\/div>\n<div class=\"accordionbody\">\n<p style=\"text-align: left\">Um \u00e1rabil hefur \u00fer\u00f3ast \u00e1kve\u00f0in samvinna milli leik-, grunn- og h\u00e1sk\u00f3lans \u00e1 Hvanneyri. \u00deessi samvinna h\u00f3fst sem stu\u00f0ningur \u00e1hugasamra foreldra og velunnara vi\u00f0 metna\u00f0arfullt sk\u00f3lastarf. Samvinnan felst m.a. \u00ed \u00fev\u00ed a\u00f0 nemendur f\u00e1 a\u00f0: vinna \u00ed gr\u00f3\u00f0urh\u00fasi, heims\u00e6kja fj\u00f3s og Landb\u00fana\u00f0arsafn, nota sv\u00e6\u00f0i vi\u00f0 skj\u00f3lbelti, sko\u00f0a listaverk Landb\u00fana\u00f0arh\u00e1sk\u00f3la \u00cdslands, taka \u00e1 m\u00f3ti sk\u00f3lah\u00f3p leiksk\u00f3lans og f\u00e1 bo\u00f0 \u00e1 vi\u00f0bur\u00f0i \u00ed sk\u00f3lanum. Allt eru \u00feetta \u00fe\u00e6ttir sem eru komnir me\u00f0 \u00e1kve\u00f0na hef\u00f0 innan leik- og grunnsk\u00f3lans.<\/p>\n<p style=\"text-align: left\">\u00cd ma\u00ed 2009 var undirrita\u00f0ur samstarfssamningur sem f\u00e9kk nafni\u00f0 Lengi b\u00fdr a\u00f0 fyrstu ger\u00f0. S\u00e1 samningur var endurb\u00e6ttur \u00ed ma\u00ed 2019 \u00ed tengslum vi\u00f0 n\u00fdja a\u00f0aln\u00e1msskr\u00e1 grunnsk\u00f3la. Allir \u00feessir sk\u00f3lar hafa \u00feann kost a\u00f0 g\u00f6nguf\u00e6ri er \u00e1 milli \u00feeirra og \u00fear af lei\u00f0andi enginn aksturskostna\u00f0ur. Sk\u00f3li er hluti af samf\u00e9laginu og hlutverk hans felst ekki s\u00edst \u00ed \u00fev\u00ed a\u00f0 lei\u00f0a nemendur inn \u00ed \u00feetta samf\u00e9lag, gera \u00fe\u00e1 me\u00f0vita\u00f0a um st\u00f6rfin sem \u00fear eru unnin og hvernig \u00fea\u00f0 sem \u00feeir l\u00e6ra tengist st\u00f6rfunum.<\/p>\n<\/div>\n<\/section>\n<div><\/div>\n<p style=\"text-align: left\"><div class=\"hlekkur_a_skjal\" style=\"text-align: left;\"><a style=\"max-width: 100%;\" href=\"https:\/\/dev.borgarbyggd.is\/gbf\/wp-content\/uploads\/sites\/6\/2023\/11\/Samstarf-leik-og-grunnskola_andabaer.pdf\">Samstarf vi\u00f0 Andab\u00e6<\/a><\/div>\n<div style=\"text-align: left\"><div class=\"hlekkur_a_skjal\" style=\"text-align: left;\"><a style=\"max-width: 100%;\" href=\"https:\/\/dev.borgarbyggd.is\/gbf\/wp-content\/uploads\/sites\/6\/2025\/12\/samstarf-leik-og-grunn-25-26_kljr.pdf\">Samstarf vi\u00f0 Hno\u00f0rab\u00f3l<\/a><\/div><\/div>\n<div class=\"hlekkur_a_skjal\" style=\"text-align: left;\"><a style=\"max-width: 100%;\" href=\"https:\/\/dev.borgarbyggd.is\/gbf\/wp-content\/uploads\/sites\/6\/2025\/12\/samstarf_Hraunborg.pdf\">Samstarf vi\u00f0 Hraunborg<\/a><\/div>\n<p style=\"text-align: left\"><div class=\"hlekkur_a_skjal\" style=\"text-align: left;\"><a style=\"max-width: 100%;\" href=\"https:\/\/dev.borgarbyggd.is\/gbf\/wp-content\/uploads\/sites\/6\/2023\/11\/samningur_2019_Lbhi.pdf\">Samstarfssamningur vi\u00f0 Landb\u00fana\u00f0arh\u00e1sk\u00f3la \u00cdslands og leiksk\u00f3lann Andab\u00e6<\/a><\/div>\n","protected":false},"excerpt":{"rendered":"<p>Samstarf leik- og grunnsk\u00f3la Tilgangurinn me\u00f0 samstarfi milli sk\u00f3lastiga er a\u00f0 skapa samfellu \u00ed n\u00e1mi barna, koma til m\u00f3ts vi\u00f0 \u00fearfir \u00feeirra og stu\u00f0la a\u00f0 markvissari uppbyggingu n\u00e1ms. Mikilv\u00e6gt er til a\u00f0 n\u00e1 \u00feessum markmi\u00f0um a\u00f0 treysta \u00e1 gagnkv\u00e6ma \u00feekkingu og skilning kennara \u00e1 \u00feessum tveimur sk\u00f3lastigum \u00e1 starfi og starfsa\u00f0st\u00e6\u00f0um hvers annars. Markmi\u00f0i\u00f0 er a\u00f0 stu\u00f0la a\u00f0 vell\u00ed\u00f0an og &#8230; <\/p>\n<div><a href=\"https:\/\/dev.borgarbyggd.is\/gbf\/skolinn\/samstarf-milli-skolastiga\/\" class=\"more-link\">Read More<\/a><\/div>\n","protected":false},"author":1,"featured_media":0,"parent":15,"menu_order":0,"comment_status":"closed","ping_status":"closed","template":"","meta":{"_acf_changed":false,"footnotes":""},"class_list":["post-45","page","type-page","status-publish","hentry","no-post-thumbnail"],"acf":{"quickaccess":false},"yoast_head":"<!-- This site is optimized with the Yoast SEO plugin v24.0 - https:\/\/yoast.com\/wordpress\/plugins\/seo\/ -->\n<title>Samstarf milli sk\u00f3lastiga - Grunnsk\u00f3li Borgarfjar\u00f0ar<\/title>\n<meta name=\"robots\" content=\"noindex, follow, max-snippet:-1, max-image-preview:large, max-video-preview:-1\" \/>\n<meta property=\"og:locale\" content=\"is_IS\" \/>\n<meta property=\"og:type\" content=\"article\" \/>\n<meta property=\"og:title\" content=\"Samstarf milli sk\u00f3lastiga - Grunnsk\u00f3li Borgarfjar\u00f0ar\" \/>\n<meta property=\"og:description\" content=\"Samstarf leik- og grunnsk\u00f3la Tilgangurinn me\u00f0 samstarfi milli sk\u00f3lastiga er a\u00f0 skapa samfellu \u00ed n\u00e1mi barna, koma til m\u00f3ts vi\u00f0 \u00fearfir \u00feeirra og stu\u00f0la a\u00f0 markvissari uppbyggingu n\u00e1ms. Mikilv\u00e6gt er til a\u00f0 n\u00e1 \u00feessum markmi\u00f0um a\u00f0 treysta \u00e1 gagnkv\u00e6ma \u00feekkingu og skilning kennara \u00e1 \u00feessum tveimur sk\u00f3lastigum \u00e1 starfi og starfsa\u00f0st\u00e6\u00f0um hvers annars. Markmi\u00f0i\u00f0 er a\u00f0 stu\u00f0la a\u00f0 vell\u00ed\u00f0an og ... Read More\" \/>\n<meta property=\"og:url\" content=\"https:\/\/dev.borgarbyggd.is\/gbf\/skolinn\/samstarf-milli-skolastiga\/\" \/>\n<meta property=\"og:site_name\" content=\"Grunnsk\u00f3li Borgarfjar\u00f0ar\" \/>\n<meta property=\"article:modified_time\" content=\"2025-12-11T15:49:43+00:00\" \/>\n<meta name=\"twitter:card\" content=\"summary_large_image\" \/>\n<meta name=\"twitter:label1\" content=\"Est. reading time\" \/>\n\t<meta name=\"twitter:data1\" content=\"4 minutes\" \/>\n<script type=\"application\/ld+json\" class=\"yoast-schema-graph\">{\"@context\":\"https:\/\/schema.org\",\"@graph\":[{\"@type\":\"WebPage\",\"@id\":\"https:\/\/dev.borgarbyggd.is\/gbf\/skolinn\/samstarf-milli-skolastiga\/\",\"url\":\"https:\/\/dev.borgarbyggd.is\/gbf\/skolinn\/samstarf-milli-skolastiga\/\",\"name\":\"Samstarf milli sk\u00f3lastiga - Grunnsk\u00f3li Borgarfjar\u00f0ar\",\"isPartOf\":{\"@id\":\"https:\/\/dev.borgarbyggd.is\/gbf\/#website\"},\"datePublished\":\"2023-07-25T16:42:10+00:00\",\"dateModified\":\"2025-12-11T15:49:43+00:00\",\"breadcrumb\":{\"@id\":\"https:\/\/dev.borgarbyggd.is\/gbf\/skolinn\/samstarf-milli-skolastiga\/#breadcrumb\"},\"inLanguage\":\"is\",\"potentialAction\":[{\"@type\":\"ReadAction\",\"target\":[\"https:\/\/dev.borgarbyggd.is\/gbf\/skolinn\/samstarf-milli-skolastiga\/\"]}]},{\"@type\":\"BreadcrumbList\",\"@id\":\"https:\/\/dev.borgarbyggd.is\/gbf\/skolinn\/samstarf-milli-skolastiga\/#breadcrumb\",\"itemListElement\":[{\"@type\":\"ListItem\",\"position\":1,\"name\":\"Home\",\"item\":\"https:\/\/dev.borgarbyggd.is\/gbf\/\"},{\"@type\":\"ListItem\",\"position\":2,\"name\":\"Sk\u00f3linn\",\"item\":\"https:\/\/dev.borgarbyggd.is\/gbf\/skolinn\/\"},{\"@type\":\"ListItem\",\"position\":3,\"name\":\"Samstarf milli sk\u00f3lastiga\"}]},{\"@type\":\"WebSite\",\"@id\":\"https:\/\/dev.borgarbyggd.is\/gbf\/#website\",\"url\":\"https:\/\/dev.borgarbyggd.is\/gbf\/\",\"name\":\"Grunnsk\u00f3li Borgarfjar\u00f0ar\",\"description\":\"\",\"potentialAction\":[{\"@type\":\"SearchAction\",\"target\":{\"@type\":\"EntryPoint\",\"urlTemplate\":\"https:\/\/dev.borgarbyggd.is\/gbf\/?s={search_term_string}\"},\"query-input\":{\"@type\":\"PropertyValueSpecification\",\"valueRequired\":true,\"valueName\":\"search_term_string\"}}],\"inLanguage\":\"is\"}]}<\/script>\n<!-- \/ Yoast SEO plugin. -->","yoast_head_json":{"title":"Samstarf milli sk\u00f3lastiga - Grunnsk\u00f3li Borgarfjar\u00f0ar","robots":{"index":"noindex","follow":"follow","max-snippet":"max-snippet:-1","max-image-preview":"max-image-preview:large","max-video-preview":"max-video-preview:-1"},"og_locale":"is_IS","og_type":"article","og_title":"Samstarf milli sk\u00f3lastiga - Grunnsk\u00f3li Borgarfjar\u00f0ar","og_description":"Samstarf leik- og grunnsk\u00f3la Tilgangurinn me\u00f0 samstarfi milli sk\u00f3lastiga er a\u00f0 skapa samfellu \u00ed n\u00e1mi barna, koma til m\u00f3ts vi\u00f0 \u00fearfir \u00feeirra og stu\u00f0la a\u00f0 markvissari uppbyggingu n\u00e1ms. Mikilv\u00e6gt er til a\u00f0 n\u00e1 \u00feessum markmi\u00f0um a\u00f0 treysta \u00e1 gagnkv\u00e6ma \u00feekkingu og skilning kennara \u00e1 \u00feessum tveimur sk\u00f3lastigum \u00e1 starfi og starfsa\u00f0st\u00e6\u00f0um hvers annars. Markmi\u00f0i\u00f0 er a\u00f0 stu\u00f0la a\u00f0 vell\u00ed\u00f0an og ... Read More","og_url":"https:\/\/dev.borgarbyggd.is\/gbf\/skolinn\/samstarf-milli-skolastiga\/","og_site_name":"Grunnsk\u00f3li Borgarfjar\u00f0ar","article_modified_time":"2025-12-11T15:49:43+00:00","twitter_card":"summary_large_image","twitter_misc":{"Est. reading time":"4 minutes"},"schema":{"@context":"https:\/\/schema.org","@graph":[{"@type":"WebPage","@id":"https:\/\/dev.borgarbyggd.is\/gbf\/skolinn\/samstarf-milli-skolastiga\/","url":"https:\/\/dev.borgarbyggd.is\/gbf\/skolinn\/samstarf-milli-skolastiga\/","name":"Samstarf milli sk\u00f3lastiga - Grunnsk\u00f3li Borgarfjar\u00f0ar","isPartOf":{"@id":"https:\/\/dev.borgarbyggd.is\/gbf\/#website"},"datePublished":"2023-07-25T16:42:10+00:00","dateModified":"2025-12-11T15:49:43+00:00","breadcrumb":{"@id":"https:\/\/dev.borgarbyggd.is\/gbf\/skolinn\/samstarf-milli-skolastiga\/#breadcrumb"},"inLanguage":"is","potentialAction":[{"@type":"ReadAction","target":["https:\/\/dev.borgarbyggd.is\/gbf\/skolinn\/samstarf-milli-skolastiga\/"]}]},{"@type":"BreadcrumbList","@id":"https:\/\/dev.borgarbyggd.is\/gbf\/skolinn\/samstarf-milli-skolastiga\/#breadcrumb","itemListElement":[{"@type":"ListItem","position":1,"name":"Home","item":"https:\/\/dev.borgarbyggd.is\/gbf\/"},{"@type":"ListItem","position":2,"name":"Sk\u00f3linn","item":"https:\/\/dev.borgarbyggd.is\/gbf\/skolinn\/"},{"@type":"ListItem","position":3,"name":"Samstarf milli sk\u00f3lastiga"}]},{"@type":"WebSite","@id":"https:\/\/dev.borgarbyggd.is\/gbf\/#website","url":"https:\/\/dev.borgarbyggd.is\/gbf\/","name":"Grunnsk\u00f3li Borgarfjar\u00f0ar","description":"","potentialAction":[{"@type":"SearchAction","target":{"@type":"EntryPoint","urlTemplate":"https:\/\/dev.borgarbyggd.is\/gbf\/?s={search_term_string}"},"query-input":{"@type":"PropertyValueSpecification","valueRequired":true,"valueName":"search_term_string"}}],"inLanguage":"is"}]}},"_links":{"self":[{"href":"https:\/\/dev.borgarbyggd.is\/gbf\/wp-json\/wp\/v2\/pages\/45","targetHints":{"allow":["GET"]}}],"collection":[{"href":"https:\/\/dev.borgarbyggd.is\/gbf\/wp-json\/wp\/v2\/pages"}],"about":[{"href":"https:\/\/dev.borgarbyggd.is\/gbf\/wp-json\/wp\/v2\/types\/page"}],"author":[{"embeddable":true,"href":"https:\/\/dev.borgarbyggd.is\/gbf\/wp-json\/wp\/v2\/users\/1"}],"replies":[{"embeddable":true,"href":"https:\/\/dev.borgarbyggd.is\/gbf\/wp-json\/wp\/v2\/comments?post=45"}],"version-history":[{"count":0,"href":"https:\/\/dev.borgarbyggd.is\/gbf\/wp-json\/wp\/v2\/pages\/45\/revisions"}],"up":[{"embeddable":true,"href":"https:\/\/dev.borgarbyggd.is\/gbf\/wp-json\/wp\/v2\/pages\/15"}],"wp:attachment":[{"href":"https:\/\/dev.borgarbyggd.is\/gbf\/wp-json\/wp\/v2\/media?parent=45"}],"curies":[{"name":"wp","href":"https:\/\/api.w.org\/{rel}","templated":true}]}}