{"id":400,"date":"2023-11-02T11:25:19","date_gmt":"2023-11-02T11:25:19","guid":{"rendered":"https:\/\/dev.borgarbyggd.is\/gbf\/?page_id=400"},"modified":"2023-12-14T11:32:15","modified_gmt":"2023-12-14T11:32:15","slug":"smidjuhelgar","status":"publish","type":"page","link":"https:\/\/dev.borgarbyggd.is\/gbf\/nam-og-kennsla\/smidjuhelgar\/","title":{"rendered":"Smi\u00f0juhelgar"},"content":{"rendered":"<p style=\"text-align: left\"><span class=\"ui-provider ee bcg bch bci bcj bck bcl bcm bcn bco bcp bcq bcr bcs bct bcu bcv bcw bcx bcy bcz bda bdb bdc bdd bde bdf bdg bdh bdi bdj bdk bdl bdm bdn\" dir=\"ltr\">Smi\u00f0juhelgi er haldin tvisvar \u00e1 sk\u00f3la\u00e1rinu fyrir nemendur unglingastigs. \u00de\u00e6r eru hluti af sk\u00f3lastarfinu og eykur mj\u00f6g fj\u00f6lbreytni n\u00e1msvals nemenda. Tilgangur smi\u00f0janna er a\u00f0 m\u00e6ta vali fyrir unglingana me\u00f0 \u00f6\u00f0rum h\u00e6tti en almennt t\u00ed\u00f0kast og gefa \u00feeim kost \u00e1 a\u00f0 hafa meira um val sitt a\u00f0 segja. \u00cd f\u00e1mennum sk\u00f3lum byggjast valgreinarnar oft \u00e1 \u00fev\u00ed sem kennarar innan hvers sk\u00f3la treysta s\u00e9r til a\u00f0 bj\u00f3\u00f0a upp \u00e1 a\u00f0 kenna og vill vali\u00f0 \u00fe\u00e1 stundum ver\u00f0a einsleitt. Me\u00f0 smi\u00f0juhelgunum f\u00e1 nemendur fleiri t\u00e6kif\u00e6ri. \u00deeir setja fram hugmyndir s\u00ednar um \u00fea\u00f0 sem \u00feeim finnst \u00e1hugavert og langar a\u00f0 hafa \u00ed vali. Unni\u00f0 er \u00fat fr\u00e1 \u00feeirra hugmyndum og leitast vi\u00f0 a\u00f0 bj\u00f3\u00f0a upp\u00e1 smi\u00f0jur sem flestir hafa \u00e1huga \u00e1 hverju sinni. Smi\u00f0jurnar hafa veri\u00f0 kosta\u00f0ar af sk\u00f3lunum og \u00fe\u00e1ttt\u00f6kugj\u00f6ld \u00fev\u00ed engin.<\/span><\/p>\n<p style=\"text-align: left\"><span class=\"ui-provider ee bcg bch bci bcj bck bcl bcm bcn bco bcp bcq bcr bcs bct bcu bcv bcw bcx bcy bcz bda bdb bdc bdd bde bdf bdg bdh bdi bdj bdk bdl bdm bdn\" dir=\"ltr\">Stundatafla unglinganna er einni kennslustund styttri en l\u00f6gbo\u00f0i\u00f0 er og b\u00e6tir smi\u00f0juhelgin \u00feeim \u00feann t\u00edma. Nemendur velja sig inn \u00ed \u00e1kve\u00f0nar smi\u00f0jur og vinna \u00ed \u00feeim undir lei\u00f0s\u00f6gn kennara fr\u00e1 f\u00f6studagseftirmi\u00f0degi til klukkan 14 \u00e1 laugardegi.\u00a0<\/span><\/p>\n<p style=\"text-align: left\">Undanfarna vetur hafa nemendur fr\u00e1 Au\u00f0arsk\u00f3la og Reykh\u00f3lask\u00f3la komi\u00f0 og teki\u00f0 \u00fe\u00e1tt \u00ed smi\u00f0juhelgi. Dagskr\u00e1 smi\u00f0juhelga er unnin \u00fat fr\u00e1 hugmyndum og \u00e1hugasvi\u00f0i nemenda. \u00deegar dagskr\u00e1 liggur fyrir sendum vi\u00f0 \u00fat valbla\u00f0 sem nemendur fylla \u00fat og skila til sk\u00f3lans. Hver nemandi velur eina smi\u00f0ju og vinnur \u00ed henni allan t\u00edmann.<\/p>\n<p style=\"text-align: left\">Nemendur gista \u00ed sk\u00f3lanum eina n\u00f3tt, eiga saman skemmtilega kv\u00f6ldstund \u00fear sem nemendaf\u00e9lagi\u00f0 s\u00e9r um a\u00f0 vera me\u00f0 kv\u00f6ldv\u00f6ku, ratleiki, sundsprell e\u00f0a hva\u00f0eina sem \u00feeim \u00feykir skemmtilegt. Foreldrar nemenda hj\u00e1lpa til og taka kv\u00f6ld- og n\u00e6turvaktir.<\/p>\n<p style=\"text-align: left\">\u00cd lok smi\u00f0juhelgarinnar koma foreldrar a\u00f0 s\u00e6kja nemendur og gefst \u00feeim t\u00e6kif\u00e6ri til a\u00f0 kynnast \u00fev\u00ed sem unni\u00f0 var a\u00f0. Nemendur og kennarar gera grein fyrir verkefnum helgarinnar og afrakstur \u00feeirra er s\u00fdndur. Vinna nemenda er metin af kennara e\u00f0a lei\u00f0beinenda hverrar smi\u00f0ju fyrir sig \u00ed lokin og er hluti af n\u00e1msmati valgreina sk\u00f3lans.<\/p>\n","protected":false},"excerpt":{"rendered":"<p>Smi\u00f0juhelgi er haldin tvisvar \u00e1 sk\u00f3la\u00e1rinu fyrir nemendur unglingastigs. \u00de\u00e6r eru hluti af sk\u00f3lastarfinu og eykur mj\u00f6g fj\u00f6lbreytni n\u00e1msvals nemenda. Tilgangur smi\u00f0janna er a\u00f0 m\u00e6ta vali fyrir unglingana me\u00f0 \u00f6\u00f0rum h\u00e6tti en almennt t\u00ed\u00f0kast og gefa \u00feeim kost \u00e1 a\u00f0 hafa meira um val sitt a\u00f0 segja. \u00cd f\u00e1mennum sk\u00f3lum byggjast valgreinarnar oft \u00e1 \u00fev\u00ed sem kennarar innan hvers sk\u00f3la &#8230; <\/p>\n<div><a href=\"https:\/\/dev.borgarbyggd.is\/gbf\/nam-og-kennsla\/smidjuhelgar\/\" class=\"more-link\">Read More<\/a><\/div>\n","protected":false},"author":30,"featured_media":0,"parent":17,"menu_order":0,"comment_status":"closed","ping_status":"closed","template":"","meta":{"_acf_changed":false,"footnotes":""},"class_list":["post-400","page","type-page","status-publish","hentry","no-post-thumbnail"],"acf":{"quickaccess":false},"yoast_head":"<!-- This site is optimized with the Yoast SEO plugin v24.0 - https:\/\/yoast.com\/wordpress\/plugins\/seo\/ -->\n<title>Smi\u00f0juhelgar - Grunnsk\u00f3li Borgarfjar\u00f0ar<\/title>\n<meta name=\"robots\" content=\"noindex, follow, max-snippet:-1, max-image-preview:large, max-video-preview:-1\" \/>\n<meta property=\"og:locale\" content=\"is_IS\" \/>\n<meta property=\"og:type\" content=\"article\" \/>\n<meta property=\"og:title\" content=\"Smi\u00f0juhelgar - Grunnsk\u00f3li Borgarfjar\u00f0ar\" \/>\n<meta property=\"og:description\" content=\"Smi\u00f0juhelgi er haldin tvisvar \u00e1 sk\u00f3la\u00e1rinu fyrir nemendur unglingastigs. \u00de\u00e6r eru hluti af sk\u00f3lastarfinu og eykur mj\u00f6g fj\u00f6lbreytni n\u00e1msvals nemenda. Tilgangur smi\u00f0janna er a\u00f0 m\u00e6ta vali fyrir unglingana me\u00f0 \u00f6\u00f0rum h\u00e6tti en almennt t\u00ed\u00f0kast og gefa \u00feeim kost \u00e1 a\u00f0 hafa meira um val sitt a\u00f0 segja. \u00cd f\u00e1mennum sk\u00f3lum byggjast valgreinarnar oft \u00e1 \u00fev\u00ed sem kennarar innan hvers sk\u00f3la ... Read More\" \/>\n<meta property=\"og:url\" content=\"https:\/\/dev.borgarbyggd.is\/gbf\/nam-og-kennsla\/smidjuhelgar\/\" \/>\n<meta property=\"og:site_name\" content=\"Grunnsk\u00f3li Borgarfjar\u00f0ar\" \/>\n<meta property=\"article:modified_time\" content=\"2023-12-14T11:32:15+00:00\" \/>\n<meta name=\"twitter:card\" content=\"summary_large_image\" \/>\n<meta name=\"twitter:label1\" content=\"Est. reading time\" \/>\n\t<meta name=\"twitter:data1\" content=\"2 minutes\" \/>\n<script type=\"application\/ld+json\" class=\"yoast-schema-graph\">{\"@context\":\"https:\/\/schema.org\",\"@graph\":[{\"@type\":\"WebPage\",\"@id\":\"https:\/\/dev.borgarbyggd.is\/gbf\/nam-og-kennsla\/smidjuhelgar\/\",\"url\":\"https:\/\/dev.borgarbyggd.is\/gbf\/nam-og-kennsla\/smidjuhelgar\/\",\"name\":\"Smi\u00f0juhelgar - Grunnsk\u00f3li Borgarfjar\u00f0ar\",\"isPartOf\":{\"@id\":\"https:\/\/dev.borgarbyggd.is\/gbf\/#website\"},\"datePublished\":\"2023-11-02T11:25:19+00:00\",\"dateModified\":\"2023-12-14T11:32:15+00:00\",\"breadcrumb\":{\"@id\":\"https:\/\/dev.borgarbyggd.is\/gbf\/nam-og-kennsla\/smidjuhelgar\/#breadcrumb\"},\"inLanguage\":\"is\",\"potentialAction\":[{\"@type\":\"ReadAction\",\"target\":[\"https:\/\/dev.borgarbyggd.is\/gbf\/nam-og-kennsla\/smidjuhelgar\/\"]}]},{\"@type\":\"BreadcrumbList\",\"@id\":\"https:\/\/dev.borgarbyggd.is\/gbf\/nam-og-kennsla\/smidjuhelgar\/#breadcrumb\",\"itemListElement\":[{\"@type\":\"ListItem\",\"position\":1,\"name\":\"Home\",\"item\":\"https:\/\/dev.borgarbyggd.is\/gbf\/\"},{\"@type\":\"ListItem\",\"position\":2,\"name\":\"N\u00e1m og kennsla\",\"item\":\"https:\/\/dev.borgarbyggd.is\/gbf\/nam-og-kennsla\/\"},{\"@type\":\"ListItem\",\"position\":3,\"name\":\"Smi\u00f0juhelgar\"}]},{\"@type\":\"WebSite\",\"@id\":\"https:\/\/dev.borgarbyggd.is\/gbf\/#website\",\"url\":\"https:\/\/dev.borgarbyggd.is\/gbf\/\",\"name\":\"Grunnsk\u00f3li Borgarfjar\u00f0ar\",\"description\":\"\",\"potentialAction\":[{\"@type\":\"SearchAction\",\"target\":{\"@type\":\"EntryPoint\",\"urlTemplate\":\"https:\/\/dev.borgarbyggd.is\/gbf\/?s={search_term_string}\"},\"query-input\":{\"@type\":\"PropertyValueSpecification\",\"valueRequired\":true,\"valueName\":\"search_term_string\"}}],\"inLanguage\":\"is\"}]}<\/script>\n<!-- \/ Yoast SEO plugin. -->","yoast_head_json":{"title":"Smi\u00f0juhelgar - Grunnsk\u00f3li Borgarfjar\u00f0ar","robots":{"index":"noindex","follow":"follow","max-snippet":"max-snippet:-1","max-image-preview":"max-image-preview:large","max-video-preview":"max-video-preview:-1"},"og_locale":"is_IS","og_type":"article","og_title":"Smi\u00f0juhelgar - Grunnsk\u00f3li Borgarfjar\u00f0ar","og_description":"Smi\u00f0juhelgi er haldin tvisvar \u00e1 sk\u00f3la\u00e1rinu fyrir nemendur unglingastigs. \u00de\u00e6r eru hluti af sk\u00f3lastarfinu og eykur mj\u00f6g fj\u00f6lbreytni n\u00e1msvals nemenda. Tilgangur smi\u00f0janna er a\u00f0 m\u00e6ta vali fyrir unglingana me\u00f0 \u00f6\u00f0rum h\u00e6tti en almennt t\u00ed\u00f0kast og gefa \u00feeim kost \u00e1 a\u00f0 hafa meira um val sitt a\u00f0 segja. \u00cd f\u00e1mennum sk\u00f3lum byggjast valgreinarnar oft \u00e1 \u00fev\u00ed sem kennarar innan hvers sk\u00f3la ... Read More","og_url":"https:\/\/dev.borgarbyggd.is\/gbf\/nam-og-kennsla\/smidjuhelgar\/","og_site_name":"Grunnsk\u00f3li Borgarfjar\u00f0ar","article_modified_time":"2023-12-14T11:32:15+00:00","twitter_card":"summary_large_image","twitter_misc":{"Est. reading time":"2 minutes"},"schema":{"@context":"https:\/\/schema.org","@graph":[{"@type":"WebPage","@id":"https:\/\/dev.borgarbyggd.is\/gbf\/nam-og-kennsla\/smidjuhelgar\/","url":"https:\/\/dev.borgarbyggd.is\/gbf\/nam-og-kennsla\/smidjuhelgar\/","name":"Smi\u00f0juhelgar - Grunnsk\u00f3li Borgarfjar\u00f0ar","isPartOf":{"@id":"https:\/\/dev.borgarbyggd.is\/gbf\/#website"},"datePublished":"2023-11-02T11:25:19+00:00","dateModified":"2023-12-14T11:32:15+00:00","breadcrumb":{"@id":"https:\/\/dev.borgarbyggd.is\/gbf\/nam-og-kennsla\/smidjuhelgar\/#breadcrumb"},"inLanguage":"is","potentialAction":[{"@type":"ReadAction","target":["https:\/\/dev.borgarbyggd.is\/gbf\/nam-og-kennsla\/smidjuhelgar\/"]}]},{"@type":"BreadcrumbList","@id":"https:\/\/dev.borgarbyggd.is\/gbf\/nam-og-kennsla\/smidjuhelgar\/#breadcrumb","itemListElement":[{"@type":"ListItem","position":1,"name":"Home","item":"https:\/\/dev.borgarbyggd.is\/gbf\/"},{"@type":"ListItem","position":2,"name":"N\u00e1m og kennsla","item":"https:\/\/dev.borgarbyggd.is\/gbf\/nam-og-kennsla\/"},{"@type":"ListItem","position":3,"name":"Smi\u00f0juhelgar"}]},{"@type":"WebSite","@id":"https:\/\/dev.borgarbyggd.is\/gbf\/#website","url":"https:\/\/dev.borgarbyggd.is\/gbf\/","name":"Grunnsk\u00f3li Borgarfjar\u00f0ar","description":"","potentialAction":[{"@type":"SearchAction","target":{"@type":"EntryPoint","urlTemplate":"https:\/\/dev.borgarbyggd.is\/gbf\/?s={search_term_string}"},"query-input":{"@type":"PropertyValueSpecification","valueRequired":true,"valueName":"search_term_string"}}],"inLanguage":"is"}]}},"_links":{"self":[{"href":"https:\/\/dev.borgarbyggd.is\/gbf\/wp-json\/wp\/v2\/pages\/400","targetHints":{"allow":["GET"]}}],"collection":[{"href":"https:\/\/dev.borgarbyggd.is\/gbf\/wp-json\/wp\/v2\/pages"}],"about":[{"href":"https:\/\/dev.borgarbyggd.is\/gbf\/wp-json\/wp\/v2\/types\/page"}],"author":[{"embeddable":true,"href":"https:\/\/dev.borgarbyggd.is\/gbf\/wp-json\/wp\/v2\/users\/30"}],"replies":[{"embeddable":true,"href":"https:\/\/dev.borgarbyggd.is\/gbf\/wp-json\/wp\/v2\/comments?post=400"}],"version-history":[{"count":0,"href":"https:\/\/dev.borgarbyggd.is\/gbf\/wp-json\/wp\/v2\/pages\/400\/revisions"}],"up":[{"embeddable":true,"href":"https:\/\/dev.borgarbyggd.is\/gbf\/wp-json\/wp\/v2\/pages\/17"}],"wp:attachment":[{"href":"https:\/\/dev.borgarbyggd.is\/gbf\/wp-json\/wp\/v2\/media?parent=400"}],"curies":[{"name":"wp","href":"https:\/\/api.w.org\/{rel}","templated":true}]}}