{"id":125,"date":"2023-10-09T07:39:56","date_gmt":"2023-10-09T07:39:56","guid":{"rendered":"https:\/\/dev.borgarbyggd.is\/gbf\/?page_id=125"},"modified":"2025-12-11T14:50:46","modified_gmt":"2025-12-11T14:50:46","slug":"skolarad","status":"publish","type":"page","link":"https:\/\/dev.borgarbyggd.is\/gbf\/skolinn\/stjornun\/skolarad\/","title":{"rendered":"Sk\u00f3lar\u00e1\u00f0"},"content":{"rendered":"<p style=\"text-align: left\">Vi\u00f0 grunnsk\u00f3la skal starfa sk\u00f3lar\u00e1\u00f0 sem er samr\u00e1\u00f0svettvangur sk\u00f3lastj\u00f3ra og sk\u00f3lasamf\u00e9lags um sk\u00f3lahald. Sk\u00f3lar\u00e1\u00f0 tekur \u00fe\u00e1tt \u00ed stefnum\u00f6rkun fyrir sk\u00f3lann og m\u00f3tun s\u00e9rkenna hans. Sk\u00f3lar\u00e1\u00f0 fjallar um sk\u00f3lan\u00e1mskr\u00e1 sk\u00f3lans, \u00e1rlega starfs\u00e1\u00e6tlun, rekstrar\u00e1\u00e6tlun og a\u00f0rar \u00e1\u00e6tlanir um sk\u00f3lastarfi\u00f0. Sk\u00f3lar\u00e1\u00f0 skal f\u00e1 til umsagnar \u00e1\u00e6tlanir um fyrirhuga\u00f0ar meiri h\u00e1ttar breytingar \u00e1 sk\u00f3lahaldi og starfsemi sk\u00f3la \u00e1\u00f0ur en endanleg \u00e1kv\u00f6r\u00f0un um \u00fe\u00e6r er tekin. Sk\u00f3lar\u00e1\u00f0 fylgist almennt me\u00f0 \u00f6ryggi, a\u00f0b\u00fana\u00f0i og almennri velfer\u00f0 nemenda. Sk\u00f3lanefnd, sbr. 6. gr., getur me\u00f0 sam\u00feykki sveitarstj\u00f3rnar fali\u00f0 sk\u00f3lar\u00e1\u00f0um einstakra sk\u00f3la \u00e1kve\u00f0in verkefni \u00feessu til vi\u00f0b\u00f3tar. R\u00e1\u00f0herra setur regluger\u00f0 um starfsemi sk\u00f3lar\u00e1\u00f0a \u00ed samr\u00e1\u00f0i vi\u00f0 samt\u00f6k sveitarf\u00e9laga, kennara og foreldra (8. gr. laga nr. 91\/2008).<\/p>\n<h4 style=\"text-align: left\">Skipan sk\u00f3lar\u00e1\u00f0s sk\u00f3la\u00e1ri\u00f0 2025 \u2013 2026 er sem h\u00e9r segir:<\/h4>\n<p style=\"text-align: left\">Helga Jens\u00edna Svavarsd\u00f3ttir sk\u00f3lastj\u00f3ri<\/p>\n<p style=\"text-align: left\">Anna Helga Sigf\u00fasd\u00f3ttir fulltr\u00fai kennara<br \/>\n\u00de\u00f3ra Magn\u00fasd\u00f3ttir\u00a0 fulltr\u00fai kennara<\/p>\n<p style=\"text-align: left\">Krist\u00edn Kristj\u00e1nsd\u00f3ttir fulltr\u00fai starfsmanna<\/p>\n<p style=\"text-align: left\">Sigurbj\u00f6rg \u00de\u00f3runn Marteinsd\u00f3ttir fulltr\u00fai foreldra Hvanneyri<br \/>\nElsa \u00deorbjarnard\u00f3ttir fulltr\u00fai foreldra Kleppj\u00e1rnsreykjum<br \/>\nArnaldur Gunnarsson fulltr\u00fai foreldra \u00e1 Varmalandi<\/p>\n<p style=\"text-align: left\">Baldur Karl Andrason fulltr\u00fai nemenda<br \/>\nGeorg Gu\u00f0nason fulltr\u00fai nemenda<\/p>\n<h4 style=\"text-align: left\">FUNDIR SK\u00d3LAR\u00c1\u00d0S veturinn 2025-2026:<\/h4>\n<p>19. n\u00f3vember 2025<\/p>\n<h4 style=\"text-align: left\">FUNDIR SK\u00d3LAR\u00c1\u00d0S veturinn 2024-2025:<\/h4>\n<p><a href=\"https:\/\/dev.borgarbyggd.is\/gbf\/wp-content\/uploads\/sites\/6\/2024\/11\/Skolarad_301024.pdf\">Fundur 30. okt\u00f3ber 2024<\/a><\/p>\n<p><a href=\"https:\/\/dev.borgarbyggd.is\/gbf\/wp-content\/uploads\/sites\/6\/2024\/11\/skolarad_12.11.24-1.pdf\">Fundur 12. n\u00f3vember 2024<\/a><\/p>\n<p><a href=\"https:\/\/dev.borgarbyggd.is\/gbf\/wp-content\/uploads\/sites\/6\/2025\/02\/Skolarad_1002_2025.pdf\">Fundur 10. febr\u00faar 2025<\/a><\/p>\n<p><a href=\"https:\/\/dev.borgarbyggd.is\/gbf\/wp-content\/uploads\/sites\/6\/2025\/06\/skolarad_02_06_25.pdf\">Fundur 2. j\u00fan\u00ed 2025<\/a><\/p>\n<h4 style=\"text-align: left\">FUNDIR SK\u00d3LAR\u00c1\u00d0S veturinn 2023-2024:<\/h4>\n<p style=\"text-align: left\"><a href=\"https:\/\/dev.borgarbyggd.is\/gbf\/wp-content\/uploads\/sites\/6\/2023\/11\/Skolarad_61123.pdf\">Fundur 6. n\u00f3vember 2023<\/a><\/p>\n<p style=\"text-align: left\"><a href=\"https:\/\/dev.borgarbyggd.is\/gbf\/wp-content\/uploads\/sites\/6\/2024\/02\/skolarad_31.1.24.pdf\">Fundur 31. jan\u00faar 2024<\/a><\/p>\n<p><a href=\"https:\/\/dev.borgarbyggd.is\/gbf\/wp-content\/uploads\/sites\/6\/2024\/04\/skolarad_18.4.2024.pdf\">Fundur 18. apr\u00edl 2024<\/a><\/p>\n<p><a href=\"https:\/\/dev.borgarbyggd.is\/gbf\/wp-content\/uploads\/sites\/6\/2024\/06\/Skolarad_030624.pdf\">Fundur 3. j\u00fan\u00ed 2024<\/a><\/p>\n","protected":false},"excerpt":{"rendered":"<p>Vi\u00f0 grunnsk\u00f3la skal starfa sk\u00f3lar\u00e1\u00f0 sem er samr\u00e1\u00f0svettvangur sk\u00f3lastj\u00f3ra og sk\u00f3lasamf\u00e9lags um sk\u00f3lahald. Sk\u00f3lar\u00e1\u00f0 tekur \u00fe\u00e1tt \u00ed stefnum\u00f6rkun fyrir sk\u00f3lann og m\u00f3tun s\u00e9rkenna hans. Sk\u00f3lar\u00e1\u00f0 fjallar um sk\u00f3lan\u00e1mskr\u00e1 sk\u00f3lans, \u00e1rlega starfs\u00e1\u00e6tlun, rekstrar\u00e1\u00e6tlun og a\u00f0rar \u00e1\u00e6tlanir um sk\u00f3lastarfi\u00f0. Sk\u00f3lar\u00e1\u00f0 skal f\u00e1 til umsagnar \u00e1\u00e6tlanir um fyrirhuga\u00f0ar meiri h\u00e1ttar breytingar \u00e1 sk\u00f3lahaldi og starfsemi sk\u00f3la \u00e1\u00f0ur en endanleg \u00e1kv\u00f6r\u00f0un um \u00fe\u00e6r er &#8230; <\/p>\n<div><a href=\"https:\/\/dev.borgarbyggd.is\/gbf\/skolinn\/stjornun\/skolarad\/\" class=\"more-link\">Read More<\/a><\/div>\n","protected":false},"author":4,"featured_media":0,"parent":33,"menu_order":0,"comment_status":"closed","ping_status":"closed","template":"","meta":{"_acf_changed":false,"footnotes":""},"class_list":["post-125","page","type-page","status-publish","hentry","no-post-thumbnail"],"acf":{"quickaccess":false},"yoast_head":"<!-- This site is optimized with the Yoast SEO plugin v24.0 - https:\/\/yoast.com\/wordpress\/plugins\/seo\/ -->\n<title>Sk\u00f3lar\u00e1\u00f0 - Grunnsk\u00f3li Borgarfjar\u00f0ar<\/title>\n<meta name=\"robots\" content=\"noindex, follow, max-snippet:-1, max-image-preview:large, max-video-preview:-1\" \/>\n<meta property=\"og:locale\" content=\"is_IS\" \/>\n<meta property=\"og:type\" content=\"article\" \/>\n<meta property=\"og:title\" content=\"Sk\u00f3lar\u00e1\u00f0 - Grunnsk\u00f3li Borgarfjar\u00f0ar\" \/>\n<meta property=\"og:description\" content=\"Vi\u00f0 grunnsk\u00f3la skal starfa sk\u00f3lar\u00e1\u00f0 sem er samr\u00e1\u00f0svettvangur sk\u00f3lastj\u00f3ra og sk\u00f3lasamf\u00e9lags um sk\u00f3lahald. Sk\u00f3lar\u00e1\u00f0 tekur \u00fe\u00e1tt \u00ed stefnum\u00f6rkun fyrir sk\u00f3lann og m\u00f3tun s\u00e9rkenna hans. Sk\u00f3lar\u00e1\u00f0 fjallar um sk\u00f3lan\u00e1mskr\u00e1 sk\u00f3lans, \u00e1rlega starfs\u00e1\u00e6tlun, rekstrar\u00e1\u00e6tlun og a\u00f0rar \u00e1\u00e6tlanir um sk\u00f3lastarfi\u00f0. Sk\u00f3lar\u00e1\u00f0 skal f\u00e1 til umsagnar \u00e1\u00e6tlanir um fyrirhuga\u00f0ar meiri h\u00e1ttar breytingar \u00e1 sk\u00f3lahaldi og starfsemi sk\u00f3la \u00e1\u00f0ur en endanleg \u00e1kv\u00f6r\u00f0un um \u00fe\u00e6r er ... Read More\" \/>\n<meta property=\"og:url\" content=\"https:\/\/dev.borgarbyggd.is\/gbf\/skolinn\/stjornun\/skolarad\/\" \/>\n<meta property=\"og:site_name\" content=\"Grunnsk\u00f3li Borgarfjar\u00f0ar\" \/>\n<meta property=\"article:modified_time\" content=\"2025-12-11T14:50:46+00:00\" \/>\n<meta name=\"twitter:card\" content=\"summary_large_image\" \/>\n<meta name=\"twitter:label1\" content=\"Est. reading time\" \/>\n\t<meta name=\"twitter:data1\" content=\"2 minutes\" \/>\n<script type=\"application\/ld+json\" class=\"yoast-schema-graph\">{\"@context\":\"https:\/\/schema.org\",\"@graph\":[{\"@type\":\"WebPage\",\"@id\":\"https:\/\/dev.borgarbyggd.is\/gbf\/skolinn\/stjornun\/skolarad\/\",\"url\":\"https:\/\/dev.borgarbyggd.is\/gbf\/skolinn\/stjornun\/skolarad\/\",\"name\":\"Sk\u00f3lar\u00e1\u00f0 - Grunnsk\u00f3li Borgarfjar\u00f0ar\",\"isPartOf\":{\"@id\":\"https:\/\/dev.borgarbyggd.is\/gbf\/#website\"},\"datePublished\":\"2023-10-09T07:39:56+00:00\",\"dateModified\":\"2025-12-11T14:50:46+00:00\",\"breadcrumb\":{\"@id\":\"https:\/\/dev.borgarbyggd.is\/gbf\/skolinn\/stjornun\/skolarad\/#breadcrumb\"},\"inLanguage\":\"is\",\"potentialAction\":[{\"@type\":\"ReadAction\",\"target\":[\"https:\/\/dev.borgarbyggd.is\/gbf\/skolinn\/stjornun\/skolarad\/\"]}]},{\"@type\":\"BreadcrumbList\",\"@id\":\"https:\/\/dev.borgarbyggd.is\/gbf\/skolinn\/stjornun\/skolarad\/#breadcrumb\",\"itemListElement\":[{\"@type\":\"ListItem\",\"position\":1,\"name\":\"Home\",\"item\":\"https:\/\/dev.borgarbyggd.is\/gbf\/\"},{\"@type\":\"ListItem\",\"position\":2,\"name\":\"Sk\u00f3linn\",\"item\":\"https:\/\/dev.borgarbyggd.is\/gbf\/skolinn\/\"},{\"@type\":\"ListItem\",\"position\":3,\"name\":\"Stj\u00f3rnun\",\"item\":\"https:\/\/dev.borgarbyggd.is\/gbf\/skolinn\/stjornun\/\"},{\"@type\":\"ListItem\",\"position\":4,\"name\":\"Sk\u00f3lar\u00e1\u00f0\"}]},{\"@type\":\"WebSite\",\"@id\":\"https:\/\/dev.borgarbyggd.is\/gbf\/#website\",\"url\":\"https:\/\/dev.borgarbyggd.is\/gbf\/\",\"name\":\"Grunnsk\u00f3li Borgarfjar\u00f0ar\",\"description\":\"\",\"potentialAction\":[{\"@type\":\"SearchAction\",\"target\":{\"@type\":\"EntryPoint\",\"urlTemplate\":\"https:\/\/dev.borgarbyggd.is\/gbf\/?s={search_term_string}\"},\"query-input\":{\"@type\":\"PropertyValueSpecification\",\"valueRequired\":true,\"valueName\":\"search_term_string\"}}],\"inLanguage\":\"is\"}]}<\/script>\n<!-- \/ Yoast SEO plugin. -->","yoast_head_json":{"title":"Sk\u00f3lar\u00e1\u00f0 - Grunnsk\u00f3li Borgarfjar\u00f0ar","robots":{"index":"noindex","follow":"follow","max-snippet":"max-snippet:-1","max-image-preview":"max-image-preview:large","max-video-preview":"max-video-preview:-1"},"og_locale":"is_IS","og_type":"article","og_title":"Sk\u00f3lar\u00e1\u00f0 - Grunnsk\u00f3li Borgarfjar\u00f0ar","og_description":"Vi\u00f0 grunnsk\u00f3la skal starfa sk\u00f3lar\u00e1\u00f0 sem er samr\u00e1\u00f0svettvangur sk\u00f3lastj\u00f3ra og sk\u00f3lasamf\u00e9lags um sk\u00f3lahald. Sk\u00f3lar\u00e1\u00f0 tekur \u00fe\u00e1tt \u00ed stefnum\u00f6rkun fyrir sk\u00f3lann og m\u00f3tun s\u00e9rkenna hans. Sk\u00f3lar\u00e1\u00f0 fjallar um sk\u00f3lan\u00e1mskr\u00e1 sk\u00f3lans, \u00e1rlega starfs\u00e1\u00e6tlun, rekstrar\u00e1\u00e6tlun og a\u00f0rar \u00e1\u00e6tlanir um sk\u00f3lastarfi\u00f0. Sk\u00f3lar\u00e1\u00f0 skal f\u00e1 til umsagnar \u00e1\u00e6tlanir um fyrirhuga\u00f0ar meiri h\u00e1ttar breytingar \u00e1 sk\u00f3lahaldi og starfsemi sk\u00f3la \u00e1\u00f0ur en endanleg \u00e1kv\u00f6r\u00f0un um \u00fe\u00e6r er ... Read More","og_url":"https:\/\/dev.borgarbyggd.is\/gbf\/skolinn\/stjornun\/skolarad\/","og_site_name":"Grunnsk\u00f3li Borgarfjar\u00f0ar","article_modified_time":"2025-12-11T14:50:46+00:00","twitter_card":"summary_large_image","twitter_misc":{"Est. reading time":"2 minutes"},"schema":{"@context":"https:\/\/schema.org","@graph":[{"@type":"WebPage","@id":"https:\/\/dev.borgarbyggd.is\/gbf\/skolinn\/stjornun\/skolarad\/","url":"https:\/\/dev.borgarbyggd.is\/gbf\/skolinn\/stjornun\/skolarad\/","name":"Sk\u00f3lar\u00e1\u00f0 - Grunnsk\u00f3li Borgarfjar\u00f0ar","isPartOf":{"@id":"https:\/\/dev.borgarbyggd.is\/gbf\/#website"},"datePublished":"2023-10-09T07:39:56+00:00","dateModified":"2025-12-11T14:50:46+00:00","breadcrumb":{"@id":"https:\/\/dev.borgarbyggd.is\/gbf\/skolinn\/stjornun\/skolarad\/#breadcrumb"},"inLanguage":"is","potentialAction":[{"@type":"ReadAction","target":["https:\/\/dev.borgarbyggd.is\/gbf\/skolinn\/stjornun\/skolarad\/"]}]},{"@type":"BreadcrumbList","@id":"https:\/\/dev.borgarbyggd.is\/gbf\/skolinn\/stjornun\/skolarad\/#breadcrumb","itemListElement":[{"@type":"ListItem","position":1,"name":"Home","item":"https:\/\/dev.borgarbyggd.is\/gbf\/"},{"@type":"ListItem","position":2,"name":"Sk\u00f3linn","item":"https:\/\/dev.borgarbyggd.is\/gbf\/skolinn\/"},{"@type":"ListItem","position":3,"name":"Stj\u00f3rnun","item":"https:\/\/dev.borgarbyggd.is\/gbf\/skolinn\/stjornun\/"},{"@type":"ListItem","position":4,"name":"Sk\u00f3lar\u00e1\u00f0"}]},{"@type":"WebSite","@id":"https:\/\/dev.borgarbyggd.is\/gbf\/#website","url":"https:\/\/dev.borgarbyggd.is\/gbf\/","name":"Grunnsk\u00f3li Borgarfjar\u00f0ar","description":"","potentialAction":[{"@type":"SearchAction","target":{"@type":"EntryPoint","urlTemplate":"https:\/\/dev.borgarbyggd.is\/gbf\/?s={search_term_string}"},"query-input":{"@type":"PropertyValueSpecification","valueRequired":true,"valueName":"search_term_string"}}],"inLanguage":"is"}]}},"_links":{"self":[{"href":"https:\/\/dev.borgarbyggd.is\/gbf\/wp-json\/wp\/v2\/pages\/125","targetHints":{"allow":["GET"]}}],"collection":[{"href":"https:\/\/dev.borgarbyggd.is\/gbf\/wp-json\/wp\/v2\/pages"}],"about":[{"href":"https:\/\/dev.borgarbyggd.is\/gbf\/wp-json\/wp\/v2\/types\/page"}],"author":[{"embeddable":true,"href":"https:\/\/dev.borgarbyggd.is\/gbf\/wp-json\/wp\/v2\/users\/4"}],"replies":[{"embeddable":true,"href":"https:\/\/dev.borgarbyggd.is\/gbf\/wp-json\/wp\/v2\/comments?post=125"}],"version-history":[{"count":0,"href":"https:\/\/dev.borgarbyggd.is\/gbf\/wp-json\/wp\/v2\/pages\/125\/revisions"}],"up":[{"embeddable":true,"href":"https:\/\/dev.borgarbyggd.is\/gbf\/wp-json\/wp\/v2\/pages\/33"}],"wp:attachment":[{"href":"https:\/\/dev.borgarbyggd.is\/gbf\/wp-json\/wp\/v2\/media?parent=125"}],"curies":[{"name":"wp","href":"https:\/\/api.w.org\/{rel}","templated":true}]}}