{"id":12,"date":"2023-10-27T08:56:43","date_gmt":"2023-10-27T08:56:43","guid":{"rendered":"https:\/\/dev.borgarbyggd.is\/fristund\/?page_id=12"},"modified":"2025-08-25T09:54:51","modified_gmt":"2025-08-25T09:54:51","slug":"gjaldskra","status":"publish","type":"page","link":"https:\/\/dev.borgarbyggd.is\/fristund\/gjaldskra\/","title":{"rendered":"Gjaldskr\u00e1"},"content":{"rendered":"<p style=\"text-align: center\"><strong>Gjaldskr\u00e1 fyrir \u00e1ri\u00f0 2025<\/strong><br \/>\n<strong>Fr\u00edstundastarf \u00ed Borgarbygg\u00f0<\/strong><\/p>\n<p style=\"text-align: center\">Bo\u00f0i\u00f0 er upp \u00e1 fr\u00edstund fyrir b\u00f6rn \u00ed 1.-4.bekk \u00ed Grunnsk\u00f3la Borgarnes og Grunnsk\u00f3la Borgarfjar\u00f0ar<br \/>\na\u00f0 lokum hef\u00f0bundnum sk\u00f3ladegi.<\/p>\n<p style=\"text-align: center\"><strong>Gjald fyrir \u00fe\u00e1tt\u00f6ku \u00ed fr\u00edstund er:<\/strong><br \/>\nVer\u00f0 pr klukkut\u00edma: 405 kr\u00f3nur.<br \/>\nS\u00ed\u00f0degishressing: 164 kr\u00f3nur \u00e1 dag.<br \/>\nSmi\u00f0jur\/N\u00e1mskei\u00f0 \u00e1 vegum fr\u00edstundar: 550 kr\u00f3nur fyrir skipti\u00f0.<\/p>\n<p style=\"text-align: center\"><strong>Systkinaafsl\u00e1ttur:<\/strong><br \/>\nEf fleiri en eitt barn eru skr\u00e1\u00f0 \u00ed fr\u00edstund, \u00e1 leiksk\u00f3la e\u00f0a hj\u00e1 dagforeldrum eiga foreldrar r\u00e9tt \u00e1<br \/>\nsystkinaafsl\u00e6tti fyrir eldra\/elsta barni\u00f0. \u00c1vallt er greitt fullt ver\u00f0 fyrir yngsta barni\u00f0. Veittur er 50%<br \/>\nafsl\u00e1ttur af dvalargjaldi fyrir barn umfram eitt og 100% afsl\u00e1ttur af dvalargjaldi fyrir hvert barn<br \/>\numfram tv\u00f6. Fullt ver\u00f0 er greitt fyrir f\u00e6\u00f0i<\/p>\n<p style=\"text-align: center\"><strong><a href=\"https:\/\/dev.borgarbyggd.is\/fristund\/wp-content\/uploads\/sites\/18\/2025\/08\/Gjaldskra-fristundastarf-i-Borgarbyggd-2025.pdf\">Gjaldskr\u00e1 fr\u00edstundastarfs \u00ed Borgarbyggd 2025<\/a><\/strong><\/p>\n","protected":false},"excerpt":{"rendered":"<p>Gjaldskr\u00e1 fyrir \u00e1ri\u00f0 2025 Fr\u00edstundastarf \u00ed Borgarbygg\u00f0 Bo\u00f0i\u00f0 er upp \u00e1 fr\u00edstund fyrir b\u00f6rn \u00ed 1.-4.bekk \u00ed Grunnsk\u00f3la Borgarnes og Grunnsk\u00f3la Borgarfjar\u00f0ar a\u00f0 lokum hef\u00f0bundnum sk\u00f3ladegi. Gjald fyrir \u00fe\u00e1tt\u00f6ku \u00ed fr\u00edstund er: Ver\u00f0 pr klukkut\u00edma: 405 kr\u00f3nur. S\u00ed\u00f0degishressing: 164 kr\u00f3nur \u00e1 dag. Smi\u00f0jur\/N\u00e1mskei\u00f0 \u00e1 vegum fr\u00edstundar: 550 kr\u00f3nur fyrir skipti\u00f0. Systkinaafsl\u00e1ttur: Ef fleiri en eitt barn eru skr\u00e1\u00f0 \u00ed fr\u00edstund, &#8230; <\/p>\n<div><a href=\"https:\/\/dev.borgarbyggd.is\/fristund\/gjaldskra\/\" class=\"more-link\">Read More<\/a><\/div>\n","protected":false},"author":4,"featured_media":0,"parent":0,"menu_order":0,"comment_status":"closed","ping_status":"closed","template":"","meta":{"_acf_changed":false,"footnotes":""},"class_list":["post-12","page","type-page","status-publish","hentry","no-post-thumbnail"],"acf":{"quickaccess":false},"yoast_head":"<!-- This site is optimized with the Yoast SEO plugin v24.0 - https:\/\/yoast.com\/wordpress\/plugins\/seo\/ -->\n<title>Gjaldskr\u00e1 - Fr\u00edstund<\/title>\n<meta name=\"robots\" content=\"noindex, follow, max-snippet:-1, max-image-preview:large, max-video-preview:-1\" \/>\n<meta property=\"og:locale\" content=\"is_IS\" \/>\n<meta property=\"og:type\" content=\"article\" \/>\n<meta property=\"og:title\" content=\"Gjaldskr\u00e1 - Fr\u00edstund\" \/>\n<meta property=\"og:description\" content=\"Gjaldskr\u00e1 fyrir \u00e1ri\u00f0 2025 Fr\u00edstundastarf \u00ed Borgarbygg\u00f0 Bo\u00f0i\u00f0 er upp \u00e1 fr\u00edstund fyrir b\u00f6rn \u00ed 1.-4.bekk \u00ed Grunnsk\u00f3la Borgarnes og Grunnsk\u00f3la Borgarfjar\u00f0ar a\u00f0 lokum hef\u00f0bundnum sk\u00f3ladegi. Gjald fyrir \u00fe\u00e1tt\u00f6ku \u00ed fr\u00edstund er: Ver\u00f0 pr klukkut\u00edma: 405 kr\u00f3nur. S\u00ed\u00f0degishressing: 164 kr\u00f3nur \u00e1 dag. Smi\u00f0jur\/N\u00e1mskei\u00f0 \u00e1 vegum fr\u00edstundar: 550 kr\u00f3nur fyrir skipti\u00f0. Systkinaafsl\u00e1ttur: Ef fleiri en eitt barn eru skr\u00e1\u00f0 \u00ed fr\u00edstund, ... Read More\" \/>\n<meta property=\"og:url\" content=\"https:\/\/dev.borgarbyggd.is\/fristund\/gjaldskra\/\" \/>\n<meta property=\"og:site_name\" content=\"Fr\u00edstund\" \/>\n<meta property=\"article:modified_time\" content=\"2025-08-25T09:54:51+00:00\" \/>\n<meta name=\"twitter:card\" content=\"summary_large_image\" \/>\n<meta name=\"twitter:label1\" content=\"Est. reading time\" \/>\n\t<meta name=\"twitter:data1\" content=\"1 minute\" \/>\n<script type=\"application\/ld+json\" class=\"yoast-schema-graph\">{\"@context\":\"https:\/\/schema.org\",\"@graph\":[{\"@type\":\"WebPage\",\"@id\":\"https:\/\/dev.borgarbyggd.is\/fristund\/gjaldskra\/\",\"url\":\"https:\/\/dev.borgarbyggd.is\/fristund\/gjaldskra\/\",\"name\":\"Gjaldskr\u00e1 - Fr\u00edstund\",\"isPartOf\":{\"@id\":\"https:\/\/dev.borgarbyggd.is\/fristund\/#website\"},\"datePublished\":\"2023-10-27T08:56:43+00:00\",\"dateModified\":\"2025-08-25T09:54:51+00:00\",\"breadcrumb\":{\"@id\":\"https:\/\/dev.borgarbyggd.is\/fristund\/gjaldskra\/#breadcrumb\"},\"inLanguage\":\"is\",\"potentialAction\":[{\"@type\":\"ReadAction\",\"target\":[\"https:\/\/dev.borgarbyggd.is\/fristund\/gjaldskra\/\"]}]},{\"@type\":\"BreadcrumbList\",\"@id\":\"https:\/\/dev.borgarbyggd.is\/fristund\/gjaldskra\/#breadcrumb\",\"itemListElement\":[{\"@type\":\"ListItem\",\"position\":1,\"name\":\"Home\",\"item\":\"https:\/\/dev.borgarbyggd.is\/fristund\/\"},{\"@type\":\"ListItem\",\"position\":2,\"name\":\"Gjaldskr\u00e1\"}]},{\"@type\":\"WebSite\",\"@id\":\"https:\/\/dev.borgarbyggd.is\/fristund\/#website\",\"url\":\"https:\/\/dev.borgarbyggd.is\/fristund\/\",\"name\":\"Fr\u00edstund\",\"description\":\"\",\"potentialAction\":[{\"@type\":\"SearchAction\",\"target\":{\"@type\":\"EntryPoint\",\"urlTemplate\":\"https:\/\/dev.borgarbyggd.is\/fristund\/?s={search_term_string}\"},\"query-input\":{\"@type\":\"PropertyValueSpecification\",\"valueRequired\":true,\"valueName\":\"search_term_string\"}}],\"inLanguage\":\"is\"}]}<\/script>\n<!-- \/ Yoast SEO plugin. -->","yoast_head_json":{"title":"Gjaldskr\u00e1 - Fr\u00edstund","robots":{"index":"noindex","follow":"follow","max-snippet":"max-snippet:-1","max-image-preview":"max-image-preview:large","max-video-preview":"max-video-preview:-1"},"og_locale":"is_IS","og_type":"article","og_title":"Gjaldskr\u00e1 - Fr\u00edstund","og_description":"Gjaldskr\u00e1 fyrir \u00e1ri\u00f0 2025 Fr\u00edstundastarf \u00ed Borgarbygg\u00f0 Bo\u00f0i\u00f0 er upp \u00e1 fr\u00edstund fyrir b\u00f6rn \u00ed 1.-4.bekk \u00ed Grunnsk\u00f3la Borgarnes og Grunnsk\u00f3la Borgarfjar\u00f0ar a\u00f0 lokum hef\u00f0bundnum sk\u00f3ladegi. Gjald fyrir \u00fe\u00e1tt\u00f6ku \u00ed fr\u00edstund er: Ver\u00f0 pr klukkut\u00edma: 405 kr\u00f3nur. S\u00ed\u00f0degishressing: 164 kr\u00f3nur \u00e1 dag. Smi\u00f0jur\/N\u00e1mskei\u00f0 \u00e1 vegum fr\u00edstundar: 550 kr\u00f3nur fyrir skipti\u00f0. Systkinaafsl\u00e1ttur: Ef fleiri en eitt barn eru skr\u00e1\u00f0 \u00ed fr\u00edstund, ... Read More","og_url":"https:\/\/dev.borgarbyggd.is\/fristund\/gjaldskra\/","og_site_name":"Fr\u00edstund","article_modified_time":"2025-08-25T09:54:51+00:00","twitter_card":"summary_large_image","twitter_misc":{"Est. reading time":"1 minute"},"schema":{"@context":"https:\/\/schema.org","@graph":[{"@type":"WebPage","@id":"https:\/\/dev.borgarbyggd.is\/fristund\/gjaldskra\/","url":"https:\/\/dev.borgarbyggd.is\/fristund\/gjaldskra\/","name":"Gjaldskr\u00e1 - Fr\u00edstund","isPartOf":{"@id":"https:\/\/dev.borgarbyggd.is\/fristund\/#website"},"datePublished":"2023-10-27T08:56:43+00:00","dateModified":"2025-08-25T09:54:51+00:00","breadcrumb":{"@id":"https:\/\/dev.borgarbyggd.is\/fristund\/gjaldskra\/#breadcrumb"},"inLanguage":"is","potentialAction":[{"@type":"ReadAction","target":["https:\/\/dev.borgarbyggd.is\/fristund\/gjaldskra\/"]}]},{"@type":"BreadcrumbList","@id":"https:\/\/dev.borgarbyggd.is\/fristund\/gjaldskra\/#breadcrumb","itemListElement":[{"@type":"ListItem","position":1,"name":"Home","item":"https:\/\/dev.borgarbyggd.is\/fristund\/"},{"@type":"ListItem","position":2,"name":"Gjaldskr\u00e1"}]},{"@type":"WebSite","@id":"https:\/\/dev.borgarbyggd.is\/fristund\/#website","url":"https:\/\/dev.borgarbyggd.is\/fristund\/","name":"Fr\u00edstund","description":"","potentialAction":[{"@type":"SearchAction","target":{"@type":"EntryPoint","urlTemplate":"https:\/\/dev.borgarbyggd.is\/fristund\/?s={search_term_string}"},"query-input":{"@type":"PropertyValueSpecification","valueRequired":true,"valueName":"search_term_string"}}],"inLanguage":"is"}]}},"_links":{"self":[{"href":"https:\/\/dev.borgarbyggd.is\/fristund\/wp-json\/wp\/v2\/pages\/12","targetHints":{"allow":["GET"]}}],"collection":[{"href":"https:\/\/dev.borgarbyggd.is\/fristund\/wp-json\/wp\/v2\/pages"}],"about":[{"href":"https:\/\/dev.borgarbyggd.is\/fristund\/wp-json\/wp\/v2\/types\/page"}],"author":[{"embeddable":true,"href":"https:\/\/dev.borgarbyggd.is\/fristund\/wp-json\/wp\/v2\/users\/4"}],"replies":[{"embeddable":true,"href":"https:\/\/dev.borgarbyggd.is\/fristund\/wp-json\/wp\/v2\/comments?post=12"}],"version-history":[{"count":0,"href":"https:\/\/dev.borgarbyggd.is\/fristund\/wp-json\/wp\/v2\/pages\/12\/revisions"}],"wp:attachment":[{"href":"https:\/\/dev.borgarbyggd.is\/fristund\/wp-json\/wp\/v2\/media?parent=12"}],"curies":[{"name":"wp","href":"https:\/\/api.w.org\/{rel}","templated":true}]}}