{"id":56,"date":"2023-08-04T09:57:29","date_gmt":"2023-08-04T09:57:29","guid":{"rendered":"https:\/\/dev.borgarbyggd.is\/andabaer\/?page_id=56"},"modified":"2024-09-24T09:38:59","modified_gmt":"2024-09-24T09:38:59","slug":"samfelagsmidlasida-foreldrafelagsins","status":"publish","type":"page","link":"https:\/\/dev.borgarbyggd.is\/andabaer\/foreldrar\/samfelagsmidlasida-foreldrafelagsins\/","title":{"rendered":"Samf\u00e9lagsmi\u00f0las\u00ed\u00f0a foreldraf\u00e9lagsins"},"content":{"rendered":"<p><a class=\"Hyperlink SCXW200014361 BCX9\" href=\"https:\/\/www.facebook.com\/groups\/1607157149545559\" target=\"_blank\" rel=\"noreferrer noopener\"><span class=\"TextRun Highlight SCXW200014361 BCX9\" lang=\"IS-IS\" xml:lang=\"IS-IS\" data-contrast=\"none\"><span class=\"NormalTextRun SCXW200014361 BCX9\" data-ccp-charstyle=\"Hyperlink\">Hlekkur inn \u00e1 facebook s\u00ed\u00f0u foreldraf\u00e9lags Andab\u00e6jar<\/span><\/span><\/a><span class=\"EOP SCXW200014361 BCX9\" data-ccp-props=\"{&quot;201341983&quot;:0,&quot;335559739&quot;:160,&quot;335559740&quot;:259}\">\u00a0<\/span><\/p>\n<p>&nbsp;<\/p>\n","protected":false},"excerpt":{"rendered":"<p>Hlekkur inn \u00e1 facebook s\u00ed\u00f0u foreldraf\u00e9lags Andab\u00e6jar\u00a0 &nbsp;<\/p>\n","protected":false},"author":4,"featured_media":0,"parent":54,"menu_order":0,"comment_status":"closed","ping_status":"closed","template":"","meta":{"_acf_changed":false,"footnotes":""},"class_list":["post-56","page","type-page","status-publish","hentry","no-post-thumbnail"],"acf":{"quickaccess":false},"yoast_head":"<!-- This site is optimized with the Yoast SEO plugin v24.0 - https:\/\/yoast.com\/wordpress\/plugins\/seo\/ -->\n<title>Samf\u00e9lagsmi\u00f0las\u00ed\u00f0a foreldraf\u00e9lagsins - Andab\u00e6r<\/title>\n<meta name=\"robots\" content=\"noindex, follow, max-snippet:-1, max-image-preview:large, max-video-preview:-1\" \/>\n<meta property=\"og:locale\" content=\"is_IS\" \/>\n<meta property=\"og:type\" content=\"article\" \/>\n<meta property=\"og:title\" content=\"Samf\u00e9lagsmi\u00f0las\u00ed\u00f0a foreldraf\u00e9lagsins - Andab\u00e6r\" \/>\n<meta property=\"og:description\" content=\"Hlekkur inn \u00e1 facebook s\u00ed\u00f0u foreldraf\u00e9lags Andab\u00e6jar\u00a0 &nbsp;\" \/>\n<meta property=\"og:url\" content=\"https:\/\/dev.borgarbyggd.is\/andabaer\/foreldrar\/samfelagsmidlasida-foreldrafelagsins\/\" \/>\n<meta property=\"og:site_name\" content=\"Andab\u00e6r\" \/>\n<meta property=\"article:modified_time\" content=\"2024-09-24T09:38:59+00:00\" \/>\n<meta name=\"twitter:card\" content=\"summary_large_image\" \/>\n<meta name=\"twitter:label1\" content=\"Est. reading time\" \/>\n\t<meta name=\"twitter:data1\" content=\"1 minute\" \/>\n<script type=\"application\/ld+json\" class=\"yoast-schema-graph\">{\"@context\":\"https:\/\/schema.org\",\"@graph\":[{\"@type\":\"WebPage\",\"@id\":\"https:\/\/dev.borgarbyggd.is\/andabaer\/foreldrar\/samfelagsmidlasida-foreldrafelagsins\/\",\"url\":\"https:\/\/dev.borgarbyggd.is\/andabaer\/foreldrar\/samfelagsmidlasida-foreldrafelagsins\/\",\"name\":\"Samf\u00e9lagsmi\u00f0las\u00ed\u00f0a foreldraf\u00e9lagsins - Andab\u00e6r\",\"isPartOf\":{\"@id\":\"https:\/\/dev.borgarbyggd.is\/andabaer\/#website\"},\"datePublished\":\"2023-08-04T09:57:29+00:00\",\"dateModified\":\"2024-09-24T09:38:59+00:00\",\"breadcrumb\":{\"@id\":\"https:\/\/dev.borgarbyggd.is\/andabaer\/foreldrar\/samfelagsmidlasida-foreldrafelagsins\/#breadcrumb\"},\"inLanguage\":\"is\",\"potentialAction\":[{\"@type\":\"ReadAction\",\"target\":[\"https:\/\/dev.borgarbyggd.is\/andabaer\/foreldrar\/samfelagsmidlasida-foreldrafelagsins\/\"]}]},{\"@type\":\"BreadcrumbList\",\"@id\":\"https:\/\/dev.borgarbyggd.is\/andabaer\/foreldrar\/samfelagsmidlasida-foreldrafelagsins\/#breadcrumb\",\"itemListElement\":[{\"@type\":\"ListItem\",\"position\":1,\"name\":\"Home\",\"item\":\"https:\/\/dev.borgarbyggd.is\/andabaer\/\"},{\"@type\":\"ListItem\",\"position\":2,\"name\":\"Foreldrar\",\"item\":\"https:\/\/dev.borgarbyggd.is\/andabaer\/foreldrar\/\"},{\"@type\":\"ListItem\",\"position\":3,\"name\":\"Samf\u00e9lagsmi\u00f0las\u00ed\u00f0a foreldraf\u00e9lagsins\"}]},{\"@type\":\"WebSite\",\"@id\":\"https:\/\/dev.borgarbyggd.is\/andabaer\/#website\",\"url\":\"https:\/\/dev.borgarbyggd.is\/andabaer\/\",\"name\":\"Andab\u00e6r\",\"description\":\"\",\"potentialAction\":[{\"@type\":\"SearchAction\",\"target\":{\"@type\":\"EntryPoint\",\"urlTemplate\":\"https:\/\/dev.borgarbyggd.is\/andabaer\/?s={search_term_string}\"},\"query-input\":{\"@type\":\"PropertyValueSpecification\",\"valueRequired\":true,\"valueName\":\"search_term_string\"}}],\"inLanguage\":\"is\"}]}<\/script>\n<!-- \/ Yoast SEO plugin. -->","yoast_head_json":{"title":"Samf\u00e9lagsmi\u00f0las\u00ed\u00f0a foreldraf\u00e9lagsins - Andab\u00e6r","robots":{"index":"noindex","follow":"follow","max-snippet":"max-snippet:-1","max-image-preview":"max-image-preview:large","max-video-preview":"max-video-preview:-1"},"og_locale":"is_IS","og_type":"article","og_title":"Samf\u00e9lagsmi\u00f0las\u00ed\u00f0a foreldraf\u00e9lagsins - Andab\u00e6r","og_description":"Hlekkur inn \u00e1 facebook s\u00ed\u00f0u foreldraf\u00e9lags Andab\u00e6jar\u00a0 &nbsp;","og_url":"https:\/\/dev.borgarbyggd.is\/andabaer\/foreldrar\/samfelagsmidlasida-foreldrafelagsins\/","og_site_name":"Andab\u00e6r","article_modified_time":"2024-09-24T09:38:59+00:00","twitter_card":"summary_large_image","twitter_misc":{"Est. reading time":"1 minute"},"schema":{"@context":"https:\/\/schema.org","@graph":[{"@type":"WebPage","@id":"https:\/\/dev.borgarbyggd.is\/andabaer\/foreldrar\/samfelagsmidlasida-foreldrafelagsins\/","url":"https:\/\/dev.borgarbyggd.is\/andabaer\/foreldrar\/samfelagsmidlasida-foreldrafelagsins\/","name":"Samf\u00e9lagsmi\u00f0las\u00ed\u00f0a foreldraf\u00e9lagsins - Andab\u00e6r","isPartOf":{"@id":"https:\/\/dev.borgarbyggd.is\/andabaer\/#website"},"datePublished":"2023-08-04T09:57:29+00:00","dateModified":"2024-09-24T09:38:59+00:00","breadcrumb":{"@id":"https:\/\/dev.borgarbyggd.is\/andabaer\/foreldrar\/samfelagsmidlasida-foreldrafelagsins\/#breadcrumb"},"inLanguage":"is","potentialAction":[{"@type":"ReadAction","target":["https:\/\/dev.borgarbyggd.is\/andabaer\/foreldrar\/samfelagsmidlasida-foreldrafelagsins\/"]}]},{"@type":"BreadcrumbList","@id":"https:\/\/dev.borgarbyggd.is\/andabaer\/foreldrar\/samfelagsmidlasida-foreldrafelagsins\/#breadcrumb","itemListElement":[{"@type":"ListItem","position":1,"name":"Home","item":"https:\/\/dev.borgarbyggd.is\/andabaer\/"},{"@type":"ListItem","position":2,"name":"Foreldrar","item":"https:\/\/dev.borgarbyggd.is\/andabaer\/foreldrar\/"},{"@type":"ListItem","position":3,"name":"Samf\u00e9lagsmi\u00f0las\u00ed\u00f0a foreldraf\u00e9lagsins"}]},{"@type":"WebSite","@id":"https:\/\/dev.borgarbyggd.is\/andabaer\/#website","url":"https:\/\/dev.borgarbyggd.is\/andabaer\/","name":"Andab\u00e6r","description":"","potentialAction":[{"@type":"SearchAction","target":{"@type":"EntryPoint","urlTemplate":"https:\/\/dev.borgarbyggd.is\/andabaer\/?s={search_term_string}"},"query-input":{"@type":"PropertyValueSpecification","valueRequired":true,"valueName":"search_term_string"}}],"inLanguage":"is"}]}},"_links":{"self":[{"href":"https:\/\/dev.borgarbyggd.is\/andabaer\/wp-json\/wp\/v2\/pages\/56","targetHints":{"allow":["GET"]}}],"collection":[{"href":"https:\/\/dev.borgarbyggd.is\/andabaer\/wp-json\/wp\/v2\/pages"}],"about":[{"href":"https:\/\/dev.borgarbyggd.is\/andabaer\/wp-json\/wp\/v2\/types\/page"}],"author":[{"embeddable":true,"href":"https:\/\/dev.borgarbyggd.is\/andabaer\/wp-json\/wp\/v2\/users\/4"}],"replies":[{"embeddable":true,"href":"https:\/\/dev.borgarbyggd.is\/andabaer\/wp-json\/wp\/v2\/comments?post=56"}],"version-history":[{"count":0,"href":"https:\/\/dev.borgarbyggd.is\/andabaer\/wp-json\/wp\/v2\/pages\/56\/revisions"}],"up":[{"embeddable":true,"href":"https:\/\/dev.borgarbyggd.is\/andabaer\/wp-json\/wp\/v2\/pages\/54"}],"wp:attachment":[{"href":"https:\/\/dev.borgarbyggd.is\/andabaer\/wp-json\/wp\/v2\/media?parent=56"}],"curies":[{"name":"wp","href":"https:\/\/api.w.org\/{rel}","templated":true}]}}