{"id":531,"date":"2024-03-06T14:16:24","date_gmt":"2024-03-06T14:16:24","guid":{"rendered":"https:\/\/dev.borgarbyggd.is\/andabaer\/?page_id=531"},"modified":"2024-03-08T10:13:04","modified_gmt":"2024-03-08T10:13:04","slug":"graenfanaleikskoli","status":"publish","type":"page","link":"https:\/\/dev.borgarbyggd.is\/andabaer\/skolastarfid\/graenfanaleikskoli\/","title":{"rendered":"Gr\u00e6nf\u00e1naleiksk\u00f3li"},"content":{"rendered":"<p><img loading=\"lazy\" decoding=\"async\" class=\"alignnone size-full wp-image-279\" src=\"https:\/\/dev.borgarbyggd.is\/andabaer\/wp-content\/uploads\/sites\/4\/2023\/10\/graenfani.png\" alt=\"\" width=\"300\" height=\"168\" srcset=\"https:\/\/dev.borgarbyggd.is\/andabaer\/wp-content\/uploads\/sites\/4\/2023\/10\/graenfani.png 300w, https:\/\/dev.borgarbyggd.is\/andabaer\/wp-content\/uploads\/sites\/4\/2023\/10\/graenfani-100x56.png 100w\" sizes=\"auto, (max-width: 300px) 100vw, 300px\" \/><\/p>\n<p>Andab\u00e6r hefur veri\u00f0 Gr\u00e6nf\u00e1naleiksk\u00f3li s\u00ed\u00f0an \u00e1ri\u00f0 2005 en \u00fe\u00e1 var fyrsta f\u00e1nanum flagga\u00f0.\u00cd byrjun verkefnis er sk\u00f3linn<span style=\"font-family: 'Arial',sans-serif\">\u202f<\/span><i><span data-contrast=\"none\">Sk\u00f3li \u00e1 gr\u00e6nni grein<\/span><\/i><span data-contrast=\"none\"><span style=\"font-family: 'Arial',sans-serif\">\u202f<\/span>sem er al\u00fej\u00f3\u00f0legt samstarfs verkefni Landverndar og vi\u00f0komandi sk\u00f3la. Sk\u00f3li \u00e1 gr\u00e6nni grein hefur \u00fea\u00f0 a\u00f0 markmi\u00f0i a\u00f0 a\u00f0 auka umhverfismennt og styrkja menntun til sj\u00e1lfb\u00e6rni \u00ed sk\u00f3lum. Sk\u00f3lar ganga \u00ed gegnum sj\u00f6 skref \u00ed \u00e1tt a\u00f0 aukinni umhverfisvitund og sj\u00e1lfb\u00e6rni. \u00deegar \u00fev\u00ed marki er n\u00e1\u00f0 f\u00e1 sk\u00f3larnir a\u00f0 flagga Gr\u00e6nf\u00e1nanum til tveggja \u00e1ra og f\u00e6st s\u00fa vi\u00f0urkenning endurn\u00fdju\u00f0 ef sk\u00f3larnir halda \u00e1fram g\u00f3\u00f0u starfi. \u00deannig ver\u00f0ur sk\u00f3linn Gr\u00e6nf\u00e1nask\u00f3li.<\/span><span data-ccp-props=\"{&quot;201341983&quot;:0,&quot;335559739&quot;:150,&quot;335559740&quot;:240}\">\u00a0<\/span><\/p>\n<p><span data-contrast=\"none\">B\u00f6rnin \u00ed Andab\u00e6 eru me\u00f0vitu\u00f0 um a\u00f0 ganga vel um n\u00e1tt\u00faruna og n\u00e1nasta umhverfi sitt. Reglulega er fari\u00f0 \u00ed g\u00f6ngufer\u00f0ir um n\u00e1grenni\u00f0 og einnig er \u00fativera \u00ed leiksk\u00f3lanum tvisvar \u00e1 dag allt \u00e1ri\u00f0 um kring, \u00feegar \u00fev\u00ed er vi\u00f0komi\u00f0. Moltuger\u00f0 er \u00ed leiksk\u00f3lanum og er moltulei\u00f0togi sem s\u00e9r um a\u00f0 koma matarafg\u00f6ngum \u00ed moltutunnuna. Einnig er flokkunarlei\u00f0togi og s\u00e9r hann um a\u00f0 papp\u00edrinn s\u00e9 r\u00e9tt flokka\u00f0ur \u00e1 deildinni. B\u00f6rnin eru fr\u00e6dd um \u00fdmislegt var\u00f0andi n\u00e1tt\u00faru og umhverfi t.d. hvernig vi\u00f0 g\u00f6ngum um n\u00e1tt\u00faruna og a\u00f0 vi\u00f0 hendum ekki rusli \u00ed hana. Farnar eru ruslafer\u00f0ir \u00ed n\u00e1nasta umhverfi.<\/span><span data-ccp-props=\"{&quot;201341983&quot;:0,&quot;335559739&quot;:150,&quot;335559740&quot;:240}\">\u00a0<\/span><\/p>\n<p><b>Markmi\u00f0 me\u00f0 starfinu er a\u00f0:<\/b><\/p>\n<p><span data-contrast=\"none\">-B\u00e6ta umhverfi sk\u00f3lans, minnka \u00fargang og notkun \u00e1 vatni og orku.<\/span><span data-ccp-props=\"{&quot;201341983&quot;:0,&quot;335559739&quot;:150,&quot;335559740&quot;:240}\">\u00a0<\/span><\/p>\n<p><span data-contrast=\"none\">-Efla samf\u00e9lagskennd innan sk\u00f3lans.<\/span><span data-ccp-props=\"{&quot;201341983&quot;:0,&quot;335559739&quot;:150,&quot;335559740&quot;:240}\">\u00a0<\/span><\/p>\n<p><span data-contrast=\"none\">-Auka umhverfisvitund me\u00f0 menntun og verkefnum innan kennslustofu og utan.<\/span><span data-ccp-props=\"{&quot;201341983&quot;:0,&quot;335559739&quot;:150,&quot;335559740&quot;:240}\">\u00a0<\/span><\/p>\n<p><span data-contrast=\"none\">-Styrkja l\u00fd\u00f0r\u00e6\u00f0isleg vinnubr\u00f6g\u00f0 vi\u00f0 stj\u00f3rnun sk\u00f3lans \u00feegar teknar eru \u00e1kvar\u00f0anir sem var\u00f0a nemendur.<\/span><span data-ccp-props=\"{&quot;201341983&quot;:0,&quot;335559739&quot;:150,&quot;335559740&quot;:240}\">\u00a0<\/span><\/p>\n<p><span data-contrast=\"none\">-Veita nemendum menntun og f\u00e6rni til a\u00f0 takast \u00e1 vi\u00f0 umhverfism\u00e1l.<\/span><span data-ccp-props=\"{&quot;201341983&quot;:0,&quot;335559739&quot;:150,&quot;335559740&quot;:240}\">\u00a0<\/span><\/p>\n<p><em><strong><a href=\"https:\/\/landvernd.is\/graenfaninn\/\">Heimas\u00ed\u00f0a Landverndar<\/a><\/strong><\/em><\/p>\n<p>&nbsp;<\/p>\n<div class=\"hlekkur_a_skjal\" style=\"text-align: left;\"><a style=\"max-width: 100%;\" href=\"https:\/\/dev.borgarbyggd.is\/andabaer\/wp-content\/uploads\/sites\/4\/2024\/03\/Umhverfissattmali-2019.pdf\">Umhverfiss\u00e1ttm\u00e1li Andab\u00e6jar<\/a><\/div>\n<div class=\"hlekkur_a_skjal\" style=\"text-align: left;\"><a style=\"max-width: 100%;\" href=\"https:\/\/dev.borgarbyggd.is\/andabaer\/wp-content\/uploads\/sites\/4\/2024\/03\/markmid_2017-2019.pdf\">markmid 2017-2019<\/a><\/div>\n<div class=\"hlekkur_a_skjal\" style=\"text-align: left;\"><a style=\"max-width: 100%;\" href=\"https:\/\/dev.borgarbyggd.is\/andabaer\/wp-content\/uploads\/sites\/4\/2024\/03\/Markmid-2015-2017.pdf\">Markmi\u00f0 2015-2017<\/a><\/div>\n<div class=\"hlekkur_a_skjal\" style=\"text-align: left;\"><a style=\"max-width: 100%;\" href=\"https:\/\/dev.borgarbyggd.is\/andabaer\/wp-content\/uploads\/sites\/4\/2024\/03\/markmidin_2013-2015.pdf\">markmidin 2013-2015<\/a><\/div>\n<div class=\"hlekkur_a_skjal\" style=\"text-align: left;\"><a style=\"max-width: 100%;\" href=\"https:\/\/dev.borgarbyggd.is\/andabaer\/wp-content\/uploads\/sites\/4\/2024\/03\/Markmid-2011-2013.pdf\">Markmi\u00f0 2011-2013<\/a><\/div>\n<div class=\"hlekkur_a_skjal\" style=\"text-align: left;\"><a style=\"max-width: 100%;\" href=\"https:\/\/dev.borgarbyggd.is\/andabaer\/wp-content\/uploads\/sites\/4\/2024\/03\/Markmidin-2009-2011.pdf\">Markmi\u00f0in 2009-2011<\/a><\/div>\n<div class=\"hlekkur_a_skjal\" style=\"text-align: left;\"><a style=\"max-width: 100%;\" href=\"https:\/\/dev.borgarbyggd.is\/andabaer\/wp-content\/uploads\/sites\/4\/2024\/03\/Markmid-2007-2009.pdf\">Markmi\u00f0 2007-2009<\/a><\/div>\n<div class=\"hlekkur_a_skjal\" style=\"text-align: left;\"><a style=\"max-width: 100%;\" href=\"https:\/\/dev.borgarbyggd.is\/andabaer\/wp-content\/uploads\/sites\/4\/2024\/03\/Markmid-2005-2007.pdf\">Markmi\u00f0 2005-2007<\/a><\/div>\n","protected":false},"excerpt":{"rendered":"<p>Andab\u00e6r hefur veri\u00f0 Gr\u00e6nf\u00e1naleiksk\u00f3li s\u00ed\u00f0an \u00e1ri\u00f0 2005 en \u00fe\u00e1 var fyrsta f\u00e1nanum flagga\u00f0.\u00cd byrjun verkefnis er sk\u00f3linn\u202fSk\u00f3li \u00e1 gr\u00e6nni grein\u202fsem er al\u00fej\u00f3\u00f0legt samstarfs verkefni Landverndar og vi\u00f0komandi sk\u00f3la. Sk\u00f3li \u00e1 gr\u00e6nni grein hefur \u00fea\u00f0 a\u00f0 markmi\u00f0i a\u00f0 a\u00f0 auka umhverfismennt og styrkja menntun til sj\u00e1lfb\u00e6rni \u00ed sk\u00f3lum. Sk\u00f3lar ganga \u00ed gegnum sj\u00f6 skref \u00ed \u00e1tt a\u00f0 aukinni umhverfisvitund og sj\u00e1lfb\u00e6rni. &#8230; <\/p>\n<div><a href=\"https:\/\/dev.borgarbyggd.is\/andabaer\/skolastarfid\/graenfanaleikskoli\/\" class=\"more-link\">Read More<\/a><\/div>\n","protected":false},"author":13,"featured_media":0,"parent":29,"menu_order":0,"comment_status":"closed","ping_status":"closed","template":"","meta":{"_acf_changed":false,"footnotes":""},"class_list":["post-531","page","type-page","status-publish","hentry","no-post-thumbnail"],"acf":{"quickaccess":false},"yoast_head":"<!-- This site is optimized with the Yoast SEO plugin v24.0 - https:\/\/yoast.com\/wordpress\/plugins\/seo\/ -->\n<title>Gr\u00e6nf\u00e1naleiksk\u00f3li - Andab\u00e6r<\/title>\n<meta name=\"robots\" content=\"noindex, follow, max-snippet:-1, max-image-preview:large, max-video-preview:-1\" \/>\n<meta property=\"og:locale\" content=\"is_IS\" \/>\n<meta property=\"og:type\" content=\"article\" \/>\n<meta property=\"og:title\" content=\"Gr\u00e6nf\u00e1naleiksk\u00f3li - Andab\u00e6r\" \/>\n<meta property=\"og:description\" content=\"Andab\u00e6r hefur veri\u00f0 Gr\u00e6nf\u00e1naleiksk\u00f3li s\u00ed\u00f0an \u00e1ri\u00f0 2005 en \u00fe\u00e1 var fyrsta f\u00e1nanum flagga\u00f0.\u00cd byrjun verkefnis er sk\u00f3linn\u202fSk\u00f3li \u00e1 gr\u00e6nni grein\u202fsem er al\u00fej\u00f3\u00f0legt samstarfs verkefni Landverndar og vi\u00f0komandi sk\u00f3la. Sk\u00f3li \u00e1 gr\u00e6nni grein hefur \u00fea\u00f0 a\u00f0 markmi\u00f0i a\u00f0 a\u00f0 auka umhverfismennt og styrkja menntun til sj\u00e1lfb\u00e6rni \u00ed sk\u00f3lum. Sk\u00f3lar ganga \u00ed gegnum sj\u00f6 skref \u00ed \u00e1tt a\u00f0 aukinni umhverfisvitund og sj\u00e1lfb\u00e6rni. ... Read More\" \/>\n<meta property=\"og:url\" content=\"https:\/\/dev.borgarbyggd.is\/andabaer\/skolastarfid\/graenfanaleikskoli\/\" \/>\n<meta property=\"og:site_name\" content=\"Andab\u00e6r\" \/>\n<meta property=\"article:modified_time\" content=\"2024-03-08T10:13:04+00:00\" \/>\n<meta property=\"og:image\" content=\"https:\/\/dev.borgarbyggd.is\/andabaer\/wp-content\/uploads\/sites\/4\/2023\/10\/graenfani.png\" \/>\n<meta name=\"twitter:card\" content=\"summary_large_image\" \/>\n<meta name=\"twitter:label1\" content=\"Est. reading time\" \/>\n\t<meta name=\"twitter:data1\" content=\"2 minutes\" \/>\n<script type=\"application\/ld+json\" class=\"yoast-schema-graph\">{\"@context\":\"https:\/\/schema.org\",\"@graph\":[{\"@type\":\"WebPage\",\"@id\":\"https:\/\/dev.borgarbyggd.is\/andabaer\/skolastarfid\/graenfanaleikskoli\/\",\"url\":\"https:\/\/dev.borgarbyggd.is\/andabaer\/skolastarfid\/graenfanaleikskoli\/\",\"name\":\"Gr\u00e6nf\u00e1naleiksk\u00f3li - Andab\u00e6r\",\"isPartOf\":{\"@id\":\"https:\/\/dev.borgarbyggd.is\/andabaer\/#website\"},\"primaryImageOfPage\":{\"@id\":\"https:\/\/dev.borgarbyggd.is\/andabaer\/skolastarfid\/graenfanaleikskoli\/#primaryimage\"},\"image\":{\"@id\":\"https:\/\/dev.borgarbyggd.is\/andabaer\/skolastarfid\/graenfanaleikskoli\/#primaryimage\"},\"thumbnailUrl\":\"https:\/\/dev.borgarbyggd.is\/andabaer\/wp-content\/uploads\/sites\/4\/2023\/10\/graenfani.png\",\"datePublished\":\"2024-03-06T14:16:24+00:00\",\"dateModified\":\"2024-03-08T10:13:04+00:00\",\"breadcrumb\":{\"@id\":\"https:\/\/dev.borgarbyggd.is\/andabaer\/skolastarfid\/graenfanaleikskoli\/#breadcrumb\"},\"inLanguage\":\"is\",\"potentialAction\":[{\"@type\":\"ReadAction\",\"target\":[\"https:\/\/dev.borgarbyggd.is\/andabaer\/skolastarfid\/graenfanaleikskoli\/\"]}]},{\"@type\":\"ImageObject\",\"inLanguage\":\"is\",\"@id\":\"https:\/\/dev.borgarbyggd.is\/andabaer\/skolastarfid\/graenfanaleikskoli\/#primaryimage\",\"url\":\"https:\/\/dev.borgarbyggd.is\/andabaer\/wp-content\/uploads\/sites\/4\/2023\/10\/graenfani.png\",\"contentUrl\":\"https:\/\/dev.borgarbyggd.is\/andabaer\/wp-content\/uploads\/sites\/4\/2023\/10\/graenfani.png\",\"width\":300,\"height\":168},{\"@type\":\"BreadcrumbList\",\"@id\":\"https:\/\/dev.borgarbyggd.is\/andabaer\/skolastarfid\/graenfanaleikskoli\/#breadcrumb\",\"itemListElement\":[{\"@type\":\"ListItem\",\"position\":1,\"name\":\"Home\",\"item\":\"https:\/\/dev.borgarbyggd.is\/andabaer\/\"},{\"@type\":\"ListItem\",\"position\":2,\"name\":\"Sk\u00f3lastarfi\u00f0\",\"item\":\"https:\/\/dev.borgarbyggd.is\/andabaer\/skolastarfid\/\"},{\"@type\":\"ListItem\",\"position\":3,\"name\":\"Gr\u00e6nf\u00e1naleiksk\u00f3li\"}]},{\"@type\":\"WebSite\",\"@id\":\"https:\/\/dev.borgarbyggd.is\/andabaer\/#website\",\"url\":\"https:\/\/dev.borgarbyggd.is\/andabaer\/\",\"name\":\"Andab\u00e6r\",\"description\":\"\",\"potentialAction\":[{\"@type\":\"SearchAction\",\"target\":{\"@type\":\"EntryPoint\",\"urlTemplate\":\"https:\/\/dev.borgarbyggd.is\/andabaer\/?s={search_term_string}\"},\"query-input\":{\"@type\":\"PropertyValueSpecification\",\"valueRequired\":true,\"valueName\":\"search_term_string\"}}],\"inLanguage\":\"is\"}]}<\/script>\n<!-- \/ Yoast SEO plugin. -->","yoast_head_json":{"title":"Gr\u00e6nf\u00e1naleiksk\u00f3li - Andab\u00e6r","robots":{"index":"noindex","follow":"follow","max-snippet":"max-snippet:-1","max-image-preview":"max-image-preview:large","max-video-preview":"max-video-preview:-1"},"og_locale":"is_IS","og_type":"article","og_title":"Gr\u00e6nf\u00e1naleiksk\u00f3li - Andab\u00e6r","og_description":"Andab\u00e6r hefur veri\u00f0 Gr\u00e6nf\u00e1naleiksk\u00f3li s\u00ed\u00f0an \u00e1ri\u00f0 2005 en \u00fe\u00e1 var fyrsta f\u00e1nanum flagga\u00f0.\u00cd byrjun verkefnis er sk\u00f3linn\u202fSk\u00f3li \u00e1 gr\u00e6nni grein\u202fsem er al\u00fej\u00f3\u00f0legt samstarfs verkefni Landverndar og vi\u00f0komandi sk\u00f3la. Sk\u00f3li \u00e1 gr\u00e6nni grein hefur \u00fea\u00f0 a\u00f0 markmi\u00f0i a\u00f0 a\u00f0 auka umhverfismennt og styrkja menntun til sj\u00e1lfb\u00e6rni \u00ed sk\u00f3lum. Sk\u00f3lar ganga \u00ed gegnum sj\u00f6 skref \u00ed \u00e1tt a\u00f0 aukinni umhverfisvitund og sj\u00e1lfb\u00e6rni. ... Read More","og_url":"https:\/\/dev.borgarbyggd.is\/andabaer\/skolastarfid\/graenfanaleikskoli\/","og_site_name":"Andab\u00e6r","article_modified_time":"2024-03-08T10:13:04+00:00","og_image":[{"url":"https:\/\/dev.borgarbyggd.is\/andabaer\/wp-content\/uploads\/sites\/4\/2023\/10\/graenfani.png","type":"","width":"","height":""}],"twitter_card":"summary_large_image","twitter_misc":{"Est. reading time":"2 minutes"},"schema":{"@context":"https:\/\/schema.org","@graph":[{"@type":"WebPage","@id":"https:\/\/dev.borgarbyggd.is\/andabaer\/skolastarfid\/graenfanaleikskoli\/","url":"https:\/\/dev.borgarbyggd.is\/andabaer\/skolastarfid\/graenfanaleikskoli\/","name":"Gr\u00e6nf\u00e1naleiksk\u00f3li - Andab\u00e6r","isPartOf":{"@id":"https:\/\/dev.borgarbyggd.is\/andabaer\/#website"},"primaryImageOfPage":{"@id":"https:\/\/dev.borgarbyggd.is\/andabaer\/skolastarfid\/graenfanaleikskoli\/#primaryimage"},"image":{"@id":"https:\/\/dev.borgarbyggd.is\/andabaer\/skolastarfid\/graenfanaleikskoli\/#primaryimage"},"thumbnailUrl":"https:\/\/dev.borgarbyggd.is\/andabaer\/wp-content\/uploads\/sites\/4\/2023\/10\/graenfani.png","datePublished":"2024-03-06T14:16:24+00:00","dateModified":"2024-03-08T10:13:04+00:00","breadcrumb":{"@id":"https:\/\/dev.borgarbyggd.is\/andabaer\/skolastarfid\/graenfanaleikskoli\/#breadcrumb"},"inLanguage":"is","potentialAction":[{"@type":"ReadAction","target":["https:\/\/dev.borgarbyggd.is\/andabaer\/skolastarfid\/graenfanaleikskoli\/"]}]},{"@type":"ImageObject","inLanguage":"is","@id":"https:\/\/dev.borgarbyggd.is\/andabaer\/skolastarfid\/graenfanaleikskoli\/#primaryimage","url":"https:\/\/dev.borgarbyggd.is\/andabaer\/wp-content\/uploads\/sites\/4\/2023\/10\/graenfani.png","contentUrl":"https:\/\/dev.borgarbyggd.is\/andabaer\/wp-content\/uploads\/sites\/4\/2023\/10\/graenfani.png","width":300,"height":168},{"@type":"BreadcrumbList","@id":"https:\/\/dev.borgarbyggd.is\/andabaer\/skolastarfid\/graenfanaleikskoli\/#breadcrumb","itemListElement":[{"@type":"ListItem","position":1,"name":"Home","item":"https:\/\/dev.borgarbyggd.is\/andabaer\/"},{"@type":"ListItem","position":2,"name":"Sk\u00f3lastarfi\u00f0","item":"https:\/\/dev.borgarbyggd.is\/andabaer\/skolastarfid\/"},{"@type":"ListItem","position":3,"name":"Gr\u00e6nf\u00e1naleiksk\u00f3li"}]},{"@type":"WebSite","@id":"https:\/\/dev.borgarbyggd.is\/andabaer\/#website","url":"https:\/\/dev.borgarbyggd.is\/andabaer\/","name":"Andab\u00e6r","description":"","potentialAction":[{"@type":"SearchAction","target":{"@type":"EntryPoint","urlTemplate":"https:\/\/dev.borgarbyggd.is\/andabaer\/?s={search_term_string}"},"query-input":{"@type":"PropertyValueSpecification","valueRequired":true,"valueName":"search_term_string"}}],"inLanguage":"is"}]}},"_links":{"self":[{"href":"https:\/\/dev.borgarbyggd.is\/andabaer\/wp-json\/wp\/v2\/pages\/531","targetHints":{"allow":["GET"]}}],"collection":[{"href":"https:\/\/dev.borgarbyggd.is\/andabaer\/wp-json\/wp\/v2\/pages"}],"about":[{"href":"https:\/\/dev.borgarbyggd.is\/andabaer\/wp-json\/wp\/v2\/types\/page"}],"author":[{"embeddable":true,"href":"https:\/\/dev.borgarbyggd.is\/andabaer\/wp-json\/wp\/v2\/users\/13"}],"replies":[{"embeddable":true,"href":"https:\/\/dev.borgarbyggd.is\/andabaer\/wp-json\/wp\/v2\/comments?post=531"}],"version-history":[{"count":0,"href":"https:\/\/dev.borgarbyggd.is\/andabaer\/wp-json\/wp\/v2\/pages\/531\/revisions"}],"up":[{"embeddable":true,"href":"https:\/\/dev.borgarbyggd.is\/andabaer\/wp-json\/wp\/v2\/pages\/29"}],"wp:attachment":[{"href":"https:\/\/dev.borgarbyggd.is\/andabaer\/wp-json\/wp\/v2\/media?parent=531"}],"curies":[{"name":"wp","href":"https:\/\/api.w.org\/{rel}","templated":true}]}}