{"id":37,"date":"2023-08-04T09:36:12","date_gmt":"2023-08-04T09:36:12","guid":{"rendered":"https:\/\/dev.borgarbyggd.is\/andabaer\/?page_id=37"},"modified":"2024-12-18T11:05:38","modified_gmt":"2024-12-18T11:05:38","slug":"konnunarleikurinn","status":"publish","type":"page","link":"https:\/\/dev.borgarbyggd.is\/andabaer\/skolastarfid\/konnunarleikurinn\/","title":{"rendered":"K\u00f6nnunarleikurinn"},"content":{"rendered":"<p><span data-contrast=\"none\">\u00c1 \u00c1lfheimum og Hulduheimum notum vi\u00f0\u202f<\/span><b><span data-contrast=\"none\">K\u00f6nnunarleikinn<\/span><\/b><span data-contrast=\"none\">\u202fsem er a\u00f0fer\u00f0 sem \u00e1 mj\u00f6g vel vi\u00f0 yngstu deildir leiksk\u00f3la. Leikurinn er hluti af sj\u00e1lfb\u00e6rni og v\u00edsindum. \u00dear ver\u00f0a b\u00f6rnin a\u00f0 litlum v\u00edsindam\u00f6nnum. K\u00f6nnunarleikurinn fer \u00feannig fram a\u00f0 safna\u00f0 hefur veri\u00f0 saman \u00ed k\u00f6rfur alls konar \u201cver\u00f0lausum\u201d hlutum. \u00deetta eru hlutir eins og ke\u00f0jur, lyklar, d\u00f3sir og lok. Eftir a\u00f0 hlutunum hefur veri\u00f0 ra\u00f0a\u00f0 \u00e1 g\u00f3lfi\u00f0 hefst leikurinn. B\u00f6rnin velja s\u00e9r hluti og nota \u00fe\u00e1 \u00e1 margan h\u00e1tt. \u00deau fylla, t\u00e6ma, setja saman, stafla, ra\u00f0a, draga, hrista, velja og hafna. \u00deau leika s\u00e9r \u00f3truflu\u00f0 \u00e1n fyrirm\u00e6la fr\u00e1 hinum fullor\u00f0na. \u00deau lei\u00f0a leikinn sj\u00e1lf og l\u00e6ra um lei\u00f0 a\u00f0 h\u00e6gt er a\u00f0 gera hluti \u00e1 margan m\u00e1ta. Engin ni\u00f0ursta\u00f0a er r\u00e9tt e\u00f0a r\u00f6ng. \u00cd leiknum \u00f6rva \u00feau skynf\u00e6ri s\u00edn me\u00f0 \u00fev\u00ed a\u00f0 hlusta, snerta, sko\u00f0a og smakka. Einnig reyna \u00feau \u00e1 gr\u00f3f- og f\u00ednhreyfingar. T\u00edminn sem er nota\u00f0ur \u00ed tiltekt er ekki s\u00ed\u00f0ur mikilv\u00e6gur en leikurinn sj\u00e1lfur. \u00de\u00e1 l\u00e6rist me\u00f0al annars a\u00f0 \u00ed tiltekt felast \u00e1kve\u00f0in verklok.<\/span><span data-ccp-props=\"{&quot;201341983&quot;:0,&quot;335559739&quot;:150,&quot;335559740&quot;:240}\">\u00a0<\/span><\/p>\n<p><span data-contrast=\"none\">K\u00f6nnunarleikur me\u00f0 hluti er dregi\u00f0 af enska or\u00f0inu \u201eheuristic\u201d e\u00f0a gr\u00edska or\u00f0inu \u201eeurisko\u201d sem \u00fe\u00fd\u00f0ir me\u00f0al annars \u201ea\u00f0 \u00f6\u00f0last skilning \u00e1\u201d. B\u00f6rnin leika s\u00e9r \u00e1n afskipta fullor\u00f0inna. \u00deeir eru \u00fe\u00f3 \u00e6t\u00ed\u00f0 til sta\u00f0ar en skipta s\u00e9r ekki af leik barnanna, nema nau\u00f0syn beri til. \u00deetta \u00e1 vel vi\u00f0 gr\u00e6nf\u00e1nastefnu sk\u00f3lans og er eldh\u00fasi\u00f0 duglegt a\u00f0 safna fyrir okkur \u00fdmsum d\u00f3sum og dollum.<\/span><span data-ccp-props=\"{&quot;201341983&quot;:0,&quot;335559739&quot;:150,&quot;335559740&quot;:240}\">\u00a0<\/span><\/p>\n","protected":false},"excerpt":{"rendered":"<p>\u00c1 \u00c1lfheimum og Hulduheimum notum vi\u00f0\u202fK\u00f6nnunarleikinn\u202fsem er a\u00f0fer\u00f0 sem \u00e1 mj\u00f6g vel vi\u00f0 yngstu deildir leiksk\u00f3la. Leikurinn er hluti af sj\u00e1lfb\u00e6rni og v\u00edsindum. \u00dear ver\u00f0a b\u00f6rnin a\u00f0 litlum v\u00edsindam\u00f6nnum. K\u00f6nnunarleikurinn fer \u00feannig fram a\u00f0 safna\u00f0 hefur veri\u00f0 saman \u00ed k\u00f6rfur alls konar \u201cver\u00f0lausum\u201d hlutum. \u00deetta eru hlutir eins og ke\u00f0jur, lyklar, d\u00f3sir og lok. Eftir a\u00f0 hlutunum hefur veri\u00f0 ra\u00f0a\u00f0 &#8230; <\/p>\n<div><a href=\"https:\/\/dev.borgarbyggd.is\/andabaer\/skolastarfid\/konnunarleikurinn\/\" class=\"more-link\">Read More<\/a><\/div>\n","protected":false},"author":4,"featured_media":0,"parent":29,"menu_order":0,"comment_status":"closed","ping_status":"closed","template":"","meta":{"_acf_changed":false,"footnotes":""},"class_list":["post-37","page","type-page","status-publish","hentry","no-post-thumbnail"],"acf":{"quickaccess":false},"yoast_head":"<!-- This site is optimized with the Yoast SEO plugin v24.0 - https:\/\/yoast.com\/wordpress\/plugins\/seo\/ -->\n<title>K\u00f6nnunarleikurinn - Andab\u00e6r<\/title>\n<meta name=\"robots\" content=\"noindex, follow, max-snippet:-1, max-image-preview:large, max-video-preview:-1\" \/>\n<meta property=\"og:locale\" content=\"is_IS\" \/>\n<meta property=\"og:type\" content=\"article\" \/>\n<meta property=\"og:title\" content=\"K\u00f6nnunarleikurinn - Andab\u00e6r\" \/>\n<meta property=\"og:description\" content=\"\u00c1 \u00c1lfheimum og Hulduheimum notum vi\u00f0\u202fK\u00f6nnunarleikinn\u202fsem er a\u00f0fer\u00f0 sem \u00e1 mj\u00f6g vel vi\u00f0 yngstu deildir leiksk\u00f3la. Leikurinn er hluti af sj\u00e1lfb\u00e6rni og v\u00edsindum. \u00dear ver\u00f0a b\u00f6rnin a\u00f0 litlum v\u00edsindam\u00f6nnum. K\u00f6nnunarleikurinn fer \u00feannig fram a\u00f0 safna\u00f0 hefur veri\u00f0 saman \u00ed k\u00f6rfur alls konar \u201cver\u00f0lausum\u201d hlutum. \u00deetta eru hlutir eins og ke\u00f0jur, lyklar, d\u00f3sir og lok. Eftir a\u00f0 hlutunum hefur veri\u00f0 ra\u00f0a\u00f0 ... Read More\" \/>\n<meta property=\"og:url\" content=\"https:\/\/dev.borgarbyggd.is\/andabaer\/skolastarfid\/konnunarleikurinn\/\" \/>\n<meta property=\"og:site_name\" content=\"Andab\u00e6r\" \/>\n<meta property=\"article:modified_time\" content=\"2024-12-18T11:05:38+00:00\" \/>\n<meta name=\"twitter:card\" content=\"summary_large_image\" \/>\n<meta name=\"twitter:label1\" content=\"Est. reading time\" \/>\n\t<meta name=\"twitter:data1\" content=\"2 minutes\" \/>\n<script type=\"application\/ld+json\" class=\"yoast-schema-graph\">{\"@context\":\"https:\/\/schema.org\",\"@graph\":[{\"@type\":\"WebPage\",\"@id\":\"https:\/\/dev.borgarbyggd.is\/andabaer\/skolastarfid\/konnunarleikurinn\/\",\"url\":\"https:\/\/dev.borgarbyggd.is\/andabaer\/skolastarfid\/konnunarleikurinn\/\",\"name\":\"K\u00f6nnunarleikurinn - Andab\u00e6r\",\"isPartOf\":{\"@id\":\"https:\/\/dev.borgarbyggd.is\/andabaer\/#website\"},\"datePublished\":\"2023-08-04T09:36:12+00:00\",\"dateModified\":\"2024-12-18T11:05:38+00:00\",\"breadcrumb\":{\"@id\":\"https:\/\/dev.borgarbyggd.is\/andabaer\/skolastarfid\/konnunarleikurinn\/#breadcrumb\"},\"inLanguage\":\"is\",\"potentialAction\":[{\"@type\":\"ReadAction\",\"target\":[\"https:\/\/dev.borgarbyggd.is\/andabaer\/skolastarfid\/konnunarleikurinn\/\"]}]},{\"@type\":\"BreadcrumbList\",\"@id\":\"https:\/\/dev.borgarbyggd.is\/andabaer\/skolastarfid\/konnunarleikurinn\/#breadcrumb\",\"itemListElement\":[{\"@type\":\"ListItem\",\"position\":1,\"name\":\"Home\",\"item\":\"https:\/\/dev.borgarbyggd.is\/andabaer\/\"},{\"@type\":\"ListItem\",\"position\":2,\"name\":\"Sk\u00f3lastarfi\u00f0\",\"item\":\"https:\/\/dev.borgarbyggd.is\/andabaer\/skolastarfid\/\"},{\"@type\":\"ListItem\",\"position\":3,\"name\":\"K\u00f6nnunarleikurinn\"}]},{\"@type\":\"WebSite\",\"@id\":\"https:\/\/dev.borgarbyggd.is\/andabaer\/#website\",\"url\":\"https:\/\/dev.borgarbyggd.is\/andabaer\/\",\"name\":\"Andab\u00e6r\",\"description\":\"\",\"potentialAction\":[{\"@type\":\"SearchAction\",\"target\":{\"@type\":\"EntryPoint\",\"urlTemplate\":\"https:\/\/dev.borgarbyggd.is\/andabaer\/?s={search_term_string}\"},\"query-input\":{\"@type\":\"PropertyValueSpecification\",\"valueRequired\":true,\"valueName\":\"search_term_string\"}}],\"inLanguage\":\"is\"}]}<\/script>\n<!-- \/ Yoast SEO plugin. -->","yoast_head_json":{"title":"K\u00f6nnunarleikurinn - Andab\u00e6r","robots":{"index":"noindex","follow":"follow","max-snippet":"max-snippet:-1","max-image-preview":"max-image-preview:large","max-video-preview":"max-video-preview:-1"},"og_locale":"is_IS","og_type":"article","og_title":"K\u00f6nnunarleikurinn - Andab\u00e6r","og_description":"\u00c1 \u00c1lfheimum og Hulduheimum notum vi\u00f0\u202fK\u00f6nnunarleikinn\u202fsem er a\u00f0fer\u00f0 sem \u00e1 mj\u00f6g vel vi\u00f0 yngstu deildir leiksk\u00f3la. Leikurinn er hluti af sj\u00e1lfb\u00e6rni og v\u00edsindum. \u00dear ver\u00f0a b\u00f6rnin a\u00f0 litlum v\u00edsindam\u00f6nnum. K\u00f6nnunarleikurinn fer \u00feannig fram a\u00f0 safna\u00f0 hefur veri\u00f0 saman \u00ed k\u00f6rfur alls konar \u201cver\u00f0lausum\u201d hlutum. \u00deetta eru hlutir eins og ke\u00f0jur, lyklar, d\u00f3sir og lok. Eftir a\u00f0 hlutunum hefur veri\u00f0 ra\u00f0a\u00f0 ... Read More","og_url":"https:\/\/dev.borgarbyggd.is\/andabaer\/skolastarfid\/konnunarleikurinn\/","og_site_name":"Andab\u00e6r","article_modified_time":"2024-12-18T11:05:38+00:00","twitter_card":"summary_large_image","twitter_misc":{"Est. reading time":"2 minutes"},"schema":{"@context":"https:\/\/schema.org","@graph":[{"@type":"WebPage","@id":"https:\/\/dev.borgarbyggd.is\/andabaer\/skolastarfid\/konnunarleikurinn\/","url":"https:\/\/dev.borgarbyggd.is\/andabaer\/skolastarfid\/konnunarleikurinn\/","name":"K\u00f6nnunarleikurinn - Andab\u00e6r","isPartOf":{"@id":"https:\/\/dev.borgarbyggd.is\/andabaer\/#website"},"datePublished":"2023-08-04T09:36:12+00:00","dateModified":"2024-12-18T11:05:38+00:00","breadcrumb":{"@id":"https:\/\/dev.borgarbyggd.is\/andabaer\/skolastarfid\/konnunarleikurinn\/#breadcrumb"},"inLanguage":"is","potentialAction":[{"@type":"ReadAction","target":["https:\/\/dev.borgarbyggd.is\/andabaer\/skolastarfid\/konnunarleikurinn\/"]}]},{"@type":"BreadcrumbList","@id":"https:\/\/dev.borgarbyggd.is\/andabaer\/skolastarfid\/konnunarleikurinn\/#breadcrumb","itemListElement":[{"@type":"ListItem","position":1,"name":"Home","item":"https:\/\/dev.borgarbyggd.is\/andabaer\/"},{"@type":"ListItem","position":2,"name":"Sk\u00f3lastarfi\u00f0","item":"https:\/\/dev.borgarbyggd.is\/andabaer\/skolastarfid\/"},{"@type":"ListItem","position":3,"name":"K\u00f6nnunarleikurinn"}]},{"@type":"WebSite","@id":"https:\/\/dev.borgarbyggd.is\/andabaer\/#website","url":"https:\/\/dev.borgarbyggd.is\/andabaer\/","name":"Andab\u00e6r","description":"","potentialAction":[{"@type":"SearchAction","target":{"@type":"EntryPoint","urlTemplate":"https:\/\/dev.borgarbyggd.is\/andabaer\/?s={search_term_string}"},"query-input":{"@type":"PropertyValueSpecification","valueRequired":true,"valueName":"search_term_string"}}],"inLanguage":"is"}]}},"_links":{"self":[{"href":"https:\/\/dev.borgarbyggd.is\/andabaer\/wp-json\/wp\/v2\/pages\/37","targetHints":{"allow":["GET"]}}],"collection":[{"href":"https:\/\/dev.borgarbyggd.is\/andabaer\/wp-json\/wp\/v2\/pages"}],"about":[{"href":"https:\/\/dev.borgarbyggd.is\/andabaer\/wp-json\/wp\/v2\/types\/page"}],"author":[{"embeddable":true,"href":"https:\/\/dev.borgarbyggd.is\/andabaer\/wp-json\/wp\/v2\/users\/4"}],"replies":[{"embeddable":true,"href":"https:\/\/dev.borgarbyggd.is\/andabaer\/wp-json\/wp\/v2\/comments?post=37"}],"version-history":[{"count":0,"href":"https:\/\/dev.borgarbyggd.is\/andabaer\/wp-json\/wp\/v2\/pages\/37\/revisions"}],"up":[{"embeddable":true,"href":"https:\/\/dev.borgarbyggd.is\/andabaer\/wp-json\/wp\/v2\/pages\/29"}],"wp:attachment":[{"href":"https:\/\/dev.borgarbyggd.is\/andabaer\/wp-json\/wp\/v2\/media?parent=37"}],"curies":[{"name":"wp","href":"https:\/\/api.w.org\/{rel}","templated":true}]}}