{"id":31,"date":"2023-08-04T09:30:34","date_gmt":"2023-08-04T09:30:34","guid":{"rendered":"https:\/\/dev.borgarbyggd.is\/andabaer\/?page_id=31"},"modified":"2026-03-31T10:39:51","modified_gmt":"2026-03-31T10:39:51","slug":"aaetlanir-2-2","status":"publish","type":"page","link":"https:\/\/dev.borgarbyggd.is\/andabaer\/skyrslur-og-aaetlanir\/aaetlanir-2-2\/","title":{"rendered":"\u00c1\u00e6tlanir"},"content":{"rendered":"<p><strong>Starfs\u00e1\u00e6tlanir og \u00fdmsar \u00e1\u00e6tlanir<\/strong><\/p>\n<div class=\"hlekkur_a_skjal\" style=\"text-align: left;\"><a style=\"max-width: 100%;\" href=\"https:\/\/dev.borgarbyggd.is\/andabaer\/wp-content\/uploads\/sites\/4\/2025\/09\/starfsaaetlun-2023-2024.pdf\">Starfs\u00e1\u00e6tlun 2023-2024<\/a><\/div>\n<div class=\"hlekkur_a_skjal\" style=\"text-align: left;\"><a style=\"max-width: 100%;\" href=\"https:\/\/dev.borgarbyggd.is\/andabaer\/wp-content\/uploads\/sites\/4\/2024\/06\/Jafnrettisaaetlun-Andabaejar-2024-2027.pdf\">Jafnr\u00e9ttis\u00e1\u00e6tlun Andab\u00e6jar 2024-2027<\/a><\/div>\n<div class=\"hlekkur_a_skjal\" style=\"text-align: left;\"><a style=\"max-width: 100%;\" href=\"https:\/\/dev.borgarbyggd.is\/andabaer\/wp-content\/uploads\/sites\/4\/2025\/09\/Jafnrettisstefna-Andabaejar-2025.pdf\">Jafnr\u00e9ttisstefna Andab\u00e6jar<\/a><\/div>\n<div class=\"hlekkur_a_skjal\" style=\"text-align: left;\"><a style=\"max-width: 100%;\" href=\"https:\/\/dev.borgarbyggd.is\/andabaer\/wp-content\/uploads\/sites\/4\/2025\/09\/Eineltisaaetlun-Andabaejar-2025.pdf\">Eineltis\u00e1\u00e6tlun Andab\u00e6jar<\/a><\/div>\n<div class=\"hlekkur_a_skjal\" style=\"text-align: left;\"><a style=\"max-width: 100%;\" href=\"https:\/\/dev.borgarbyggd.is\/andabaer\/wp-content\/uploads\/sites\/4\/2026\/03\/mottokuaaetlun-nyrra-barna-2026.pdf\">M\u00f3tt\u00f6ku\u00e1\u00e6tlun n\u00fdrra barna<\/a><\/div>\n<div class=\"hlekkur_a_skjal\" style=\"text-align: left;\"><a style=\"max-width: 100%;\" href=\"https:\/\/dev.borgarbyggd.is\/andabaer\/wp-content\/uploads\/sites\/4\/2023\/08\/Barnaverndaraaetlun.pdf\">Barnaverndar\u00e1\u00e6tlun<\/a><\/div>\n<div class=\"hlekkur_a_skjal\" style=\"text-align: left;\"><a style=\"max-width: 100%;\" href=\"https:\/\/dev.borgarbyggd.is\/andabaer\/wp-content\/uploads\/sites\/4\/2025\/09\/Starfsreglur-Ovedur-2025-1.pdf\">Starfsreglur-\u00d3ve\u00f0ur<\/a><\/div>\n","protected":false},"excerpt":{"rendered":"<p>Starfs\u00e1\u00e6tlanir og \u00fdmsar \u00e1\u00e6tlanir<\/p>\n","protected":false},"author":4,"featured_media":0,"parent":423,"menu_order":0,"comment_status":"closed","ping_status":"closed","template":"","meta":{"_acf_changed":false,"footnotes":""},"class_list":["post-31","page","type-page","status-publish","hentry","no-post-thumbnail"],"acf":{"quickaccess":false},"yoast_head":"<!-- This site is optimized with the Yoast SEO plugin v24.0 - https:\/\/yoast.com\/wordpress\/plugins\/seo\/ -->\n<title>\u00c1\u00e6tlanir - Andab\u00e6r<\/title>\n<meta name=\"robots\" content=\"noindex, follow, max-snippet:-1, max-image-preview:large, max-video-preview:-1\" \/>\n<meta property=\"og:locale\" content=\"is_IS\" \/>\n<meta property=\"og:type\" content=\"article\" \/>\n<meta property=\"og:title\" content=\"\u00c1\u00e6tlanir - Andab\u00e6r\" \/>\n<meta property=\"og:description\" content=\"Starfs\u00e1\u00e6tlanir og \u00fdmsar \u00e1\u00e6tlanir\" \/>\n<meta property=\"og:url\" content=\"https:\/\/dev.borgarbyggd.is\/andabaer\/skyrslur-og-aaetlanir\/aaetlanir-2-2\/\" \/>\n<meta property=\"og:site_name\" content=\"Andab\u00e6r\" \/>\n<meta property=\"article:modified_time\" content=\"2026-03-31T10:39:51+00:00\" \/>\n<meta name=\"twitter:card\" content=\"summary_large_image\" \/>\n<meta name=\"twitter:label1\" content=\"Est. reading time\" \/>\n\t<meta name=\"twitter:data1\" content=\"1 minute\" \/>\n<script type=\"application\/ld+json\" class=\"yoast-schema-graph\">{\"@context\":\"https:\/\/schema.org\",\"@graph\":[{\"@type\":\"WebPage\",\"@id\":\"https:\/\/dev.borgarbyggd.is\/andabaer\/skyrslur-og-aaetlanir\/aaetlanir-2-2\/\",\"url\":\"https:\/\/dev.borgarbyggd.is\/andabaer\/skyrslur-og-aaetlanir\/aaetlanir-2-2\/\",\"name\":\"\u00c1\u00e6tlanir - Andab\u00e6r\",\"isPartOf\":{\"@id\":\"https:\/\/dev.borgarbyggd.is\/andabaer\/#website\"},\"datePublished\":\"2023-08-04T09:30:34+00:00\",\"dateModified\":\"2026-03-31T10:39:51+00:00\",\"breadcrumb\":{\"@id\":\"https:\/\/dev.borgarbyggd.is\/andabaer\/skyrslur-og-aaetlanir\/aaetlanir-2-2\/#breadcrumb\"},\"inLanguage\":\"is\",\"potentialAction\":[{\"@type\":\"ReadAction\",\"target\":[\"https:\/\/dev.borgarbyggd.is\/andabaer\/skyrslur-og-aaetlanir\/aaetlanir-2-2\/\"]}]},{\"@type\":\"BreadcrumbList\",\"@id\":\"https:\/\/dev.borgarbyggd.is\/andabaer\/skyrslur-og-aaetlanir\/aaetlanir-2-2\/#breadcrumb\",\"itemListElement\":[{\"@type\":\"ListItem\",\"position\":1,\"name\":\"Home\",\"item\":\"https:\/\/dev.borgarbyggd.is\/andabaer\/\"},{\"@type\":\"ListItem\",\"position\":2,\"name\":\"Sk\u00fdrslur og \u00e1\u00e6tlanir\",\"item\":\"https:\/\/dev.borgarbyggd.is\/andabaer\/skyrslur-og-aaetlanir\/\"},{\"@type\":\"ListItem\",\"position\":3,\"name\":\"\u00c1\u00e6tlanir\"}]},{\"@type\":\"WebSite\",\"@id\":\"https:\/\/dev.borgarbyggd.is\/andabaer\/#website\",\"url\":\"https:\/\/dev.borgarbyggd.is\/andabaer\/\",\"name\":\"Andab\u00e6r\",\"description\":\"\",\"potentialAction\":[{\"@type\":\"SearchAction\",\"target\":{\"@type\":\"EntryPoint\",\"urlTemplate\":\"https:\/\/dev.borgarbyggd.is\/andabaer\/?s={search_term_string}\"},\"query-input\":{\"@type\":\"PropertyValueSpecification\",\"valueRequired\":true,\"valueName\":\"search_term_string\"}}],\"inLanguage\":\"is\"}]}<\/script>\n<!-- \/ Yoast SEO plugin. -->","yoast_head_json":{"title":"\u00c1\u00e6tlanir - Andab\u00e6r","robots":{"index":"noindex","follow":"follow","max-snippet":"max-snippet:-1","max-image-preview":"max-image-preview:large","max-video-preview":"max-video-preview:-1"},"og_locale":"is_IS","og_type":"article","og_title":"\u00c1\u00e6tlanir - Andab\u00e6r","og_description":"Starfs\u00e1\u00e6tlanir og \u00fdmsar \u00e1\u00e6tlanir","og_url":"https:\/\/dev.borgarbyggd.is\/andabaer\/skyrslur-og-aaetlanir\/aaetlanir-2-2\/","og_site_name":"Andab\u00e6r","article_modified_time":"2026-03-31T10:39:51+00:00","twitter_card":"summary_large_image","twitter_misc":{"Est. reading time":"1 minute"},"schema":{"@context":"https:\/\/schema.org","@graph":[{"@type":"WebPage","@id":"https:\/\/dev.borgarbyggd.is\/andabaer\/skyrslur-og-aaetlanir\/aaetlanir-2-2\/","url":"https:\/\/dev.borgarbyggd.is\/andabaer\/skyrslur-og-aaetlanir\/aaetlanir-2-2\/","name":"\u00c1\u00e6tlanir - Andab\u00e6r","isPartOf":{"@id":"https:\/\/dev.borgarbyggd.is\/andabaer\/#website"},"datePublished":"2023-08-04T09:30:34+00:00","dateModified":"2026-03-31T10:39:51+00:00","breadcrumb":{"@id":"https:\/\/dev.borgarbyggd.is\/andabaer\/skyrslur-og-aaetlanir\/aaetlanir-2-2\/#breadcrumb"},"inLanguage":"is","potentialAction":[{"@type":"ReadAction","target":["https:\/\/dev.borgarbyggd.is\/andabaer\/skyrslur-og-aaetlanir\/aaetlanir-2-2\/"]}]},{"@type":"BreadcrumbList","@id":"https:\/\/dev.borgarbyggd.is\/andabaer\/skyrslur-og-aaetlanir\/aaetlanir-2-2\/#breadcrumb","itemListElement":[{"@type":"ListItem","position":1,"name":"Home","item":"https:\/\/dev.borgarbyggd.is\/andabaer\/"},{"@type":"ListItem","position":2,"name":"Sk\u00fdrslur og \u00e1\u00e6tlanir","item":"https:\/\/dev.borgarbyggd.is\/andabaer\/skyrslur-og-aaetlanir\/"},{"@type":"ListItem","position":3,"name":"\u00c1\u00e6tlanir"}]},{"@type":"WebSite","@id":"https:\/\/dev.borgarbyggd.is\/andabaer\/#website","url":"https:\/\/dev.borgarbyggd.is\/andabaer\/","name":"Andab\u00e6r","description":"","potentialAction":[{"@type":"SearchAction","target":{"@type":"EntryPoint","urlTemplate":"https:\/\/dev.borgarbyggd.is\/andabaer\/?s={search_term_string}"},"query-input":{"@type":"PropertyValueSpecification","valueRequired":true,"valueName":"search_term_string"}}],"inLanguage":"is"}]}},"_links":{"self":[{"href":"https:\/\/dev.borgarbyggd.is\/andabaer\/wp-json\/wp\/v2\/pages\/31","targetHints":{"allow":["GET"]}}],"collection":[{"href":"https:\/\/dev.borgarbyggd.is\/andabaer\/wp-json\/wp\/v2\/pages"}],"about":[{"href":"https:\/\/dev.borgarbyggd.is\/andabaer\/wp-json\/wp\/v2\/types\/page"}],"author":[{"embeddable":true,"href":"https:\/\/dev.borgarbyggd.is\/andabaer\/wp-json\/wp\/v2\/users\/4"}],"replies":[{"embeddable":true,"href":"https:\/\/dev.borgarbyggd.is\/andabaer\/wp-json\/wp\/v2\/comments?post=31"}],"version-history":[{"count":0,"href":"https:\/\/dev.borgarbyggd.is\/andabaer\/wp-json\/wp\/v2\/pages\/31\/revisions"}],"up":[{"embeddable":true,"href":"https:\/\/dev.borgarbyggd.is\/andabaer\/wp-json\/wp\/v2\/pages\/423"}],"wp:attachment":[{"href":"https:\/\/dev.borgarbyggd.is\/andabaer\/wp-json\/wp\/v2\/media?parent=31"}],"curies":[{"name":"wp","href":"https:\/\/api.w.org\/{rel}","templated":true}]}}