{"id":50,"date":"2023-09-04T09:12:11","date_gmt":"2023-09-04T09:12:11","guid":{"rendered":"https:\/\/dev.borgarbyggd.is\/aldan\/?page_id=50"},"modified":"2026-02-11T11:48:45","modified_gmt":"2026-02-11T11:48:45","slug":"almennar-upplysingar","status":"publish","type":"page","link":"https:\/\/dev.borgarbyggd.is\/aldan\/forsida\/almennar-upplysingar\/","title":{"rendered":"Starfsemi"},"content":{"rendered":"<div>\n<p><span data-contrast=\"auto\">Aldan\u00a0&#8211;\u00a0vinnustofa og\u00a0h\u00e6fing\u00a0er me\u00f0 a\u00f0setur a\u00f0 S\u00f3lbakka 4 \u00ed Borgarnesi\u00a0og fer starfsemi hennar \u00fear fram. \u00cd \u00d6ldunni fer fram starfs- og f\u00e9lags\u00fej\u00e1lfun \u00fear sem \u00e1hersla er l\u00f6g\u00f0 \u00e1 a\u00f0 vi\u00f0halda og auka sj\u00e1lfst\u00e6\u00f0 vinnubr\u00f6g\u00f0, starfs\u00ferek og f\u00e9lagslega f\u00e6rni. Starfsemi \u00d6ldunnar hefur \u00fea\u00f0 a\u00f0 markmi\u00f0i a\u00f0 auka h\u00e6fni til starfa og \u00fe\u00e1ttt\u00f6ku \u00ed daglegu l\u00edfi og \u00e1 almennum vinnumarka\u00f0i.\u00a0<\/span><span data-ccp-props=\"{&quot;335559685&quot;:0}\">\u00a0<\/span><\/p>\n<p><span data-contrast=\"auto\">Aldan rekur verslun, saumastofu, kertager\u00f0 og sm\u00ed\u00f0astofu. Aldan tekur einnig a\u00f0 s\u00e9r verkefni svo sem p\u00f6kkun og merkingar \u00e1 varning \u00ed samstarfi vi\u00f0 fyrirt\u00e6ki og stofnanir.\u00a0<\/span><span data-ccp-props=\"{&quot;335559685&quot;:0}\">\u00a0<\/span><\/p>\n<p><span data-contrast=\"auto\">H\u00e6gt er a\u00f0 hafa samband \u00ed s\u00edma 433-7440 e\u00f0a me\u00f0 t\u00f6lvup\u00f3sti \u00e1 netfangi\u00f0 <\/span><a href=\"mailto:aldan@borgarbyggd.is\"><span data-contrast=\"none\">aldan@borgarbyggd.is<\/span><\/a><span data-contrast=\"auto\">\u00a0til \u00feess a\u00f0 f\u00e1 n\u00e1nari uppl\u00fdsingar e\u00f0a panta v\u00f6rur.\u00a0<\/span><\/p>\n<p><span data-contrast=\"auto\">Aldan starfar samkv\u00e6mt l\u00f6gum nr. 38\/2018 um \u00fej\u00f3nustu vi\u00f0 fatla\u00f0 f\u00f3lk me\u00f0 langvarandi stu\u00f0nings\u00fearfir, regluger\u00f0um \u00feeim tengdum og s\u00e1ttm\u00e1la Sameinu\u00f0u \u00fej\u00f3\u00f0anna um r\u00e9ttindi fatla\u00f0s f\u00f3lks.\u00a0<\/span><span data-ccp-props=\"{&quot;335559685&quot;:0}\">\u00a0<\/span><\/p>\n<p><b><span data-contrast=\"auto\">Uppl\u00fdsingar um opnunart\u00edma:<\/span><\/b><span data-ccp-props=\"{&quot;335559685&quot;:0}\">\u00a0<\/span><\/p>\n<p><span data-contrast=\"auto\">Aldan er opin alla virka daga fr\u00e1 09:00 \u2013 15:30. Gestir eru velkomnir \u00e1 opnunart\u00edma.<\/span><span data-ccp-props=\"{&quot;335559685&quot;:0}\">\u00a0<\/span><\/p>\n<p><b><span data-contrast=\"auto\">Karlarnir \u00ed sk\u00farnum<\/span><\/b><span data-ccp-props=\"{&quot;335559685&quot;:0}\">\u00a0<\/span><\/p>\n<p><span data-contrast=\"auto\">Verkefni\u00f0 Karlarnir \u00ed sk\u00farnum er me\u00f0 a\u00f0st\u00f6\u00f0u \u00ed \u00d6ldunni \u00e1 \u00feri\u00f0jud\u00f6gum og fimmtud\u00f6gum \u00e1 opnunart\u00edma\u00a0\u00d6ldunar.\u00a0<\/span><span data-ccp-props=\"{&quot;335559685&quot;:0}\">\u00a0<\/span><\/p>\n<p><span data-ccp-props=\"{&quot;335559685&quot;:0}\">\u00a0<\/span><\/p>\n<p>&nbsp;<\/p>\n<\/div>\n","protected":false},"excerpt":{"rendered":"<p>Aldan\u00a0&#8211;\u00a0vinnustofa og\u00a0h\u00e6fing\u00a0er me\u00f0 a\u00f0setur a\u00f0 S\u00f3lbakka 4 \u00ed Borgarnesi\u00a0og fer starfsemi hennar \u00fear fram. \u00cd \u00d6ldunni fer fram starfs- og f\u00e9lags\u00fej\u00e1lfun \u00fear sem \u00e1hersla er l\u00f6g\u00f0 \u00e1 a\u00f0 vi\u00f0halda og auka sj\u00e1lfst\u00e6\u00f0 vinnubr\u00f6g\u00f0, starfs\u00ferek og f\u00e9lagslega f\u00e6rni. Starfsemi \u00d6ldunnar hefur \u00fea\u00f0 a\u00f0 markmi\u00f0i a\u00f0 auka h\u00e6fni til starfa og \u00fe\u00e1ttt\u00f6ku \u00ed daglegu l\u00edfi og \u00e1 almennum vinnumarka\u00f0i.\u00a0\u00a0 Aldan rekur verslun, &#8230; <\/p>\n<div><a href=\"https:\/\/dev.borgarbyggd.is\/aldan\/forsida\/almennar-upplysingar\/\" class=\"more-link\">Read More<\/a><\/div>\n","protected":false},"author":4,"featured_media":0,"parent":5,"menu_order":0,"comment_status":"closed","ping_status":"closed","template":"","meta":{"_acf_changed":false,"footnotes":""},"class_list":["post-50","page","type-page","status-publish","hentry","no-post-thumbnail"],"acf":{"quickaccess":false},"yoast_head":"<!-- This site is optimized with the Yoast SEO plugin v24.0 - https:\/\/yoast.com\/wordpress\/plugins\/seo\/ -->\n<title>Starfsemi - Aldan<\/title>\n<meta name=\"robots\" content=\"index, follow, max-snippet:-1, max-image-preview:large, max-video-preview:-1\" \/>\n<link rel=\"canonical\" href=\"https:\/\/dev.borgarbyggd.is\/aldan\/forsida\/almennar-upplysingar\/\" \/>\n<meta property=\"og:locale\" content=\"is_IS\" \/>\n<meta property=\"og:type\" content=\"article\" \/>\n<meta property=\"og:title\" content=\"Starfsemi - Aldan\" \/>\n<meta property=\"og:description\" content=\"Aldan\u00a0&#8211;\u00a0vinnustofa og\u00a0h\u00e6fing\u00a0er me\u00f0 a\u00f0setur a\u00f0 S\u00f3lbakka 4 \u00ed Borgarnesi\u00a0og fer starfsemi hennar \u00fear fram. \u00cd \u00d6ldunni fer fram starfs- og f\u00e9lags\u00fej\u00e1lfun \u00fear sem \u00e1hersla er l\u00f6g\u00f0 \u00e1 a\u00f0 vi\u00f0halda og auka sj\u00e1lfst\u00e6\u00f0 vinnubr\u00f6g\u00f0, starfs\u00ferek og f\u00e9lagslega f\u00e6rni. Starfsemi \u00d6ldunnar hefur \u00fea\u00f0 a\u00f0 markmi\u00f0i a\u00f0 auka h\u00e6fni til starfa og \u00fe\u00e1ttt\u00f6ku \u00ed daglegu l\u00edfi og \u00e1 almennum vinnumarka\u00f0i.\u00a0\u00a0 Aldan rekur verslun, ... Read More\" \/>\n<meta property=\"og:url\" content=\"https:\/\/dev.borgarbyggd.is\/aldan\/forsida\/almennar-upplysingar\/\" \/>\n<meta property=\"og:site_name\" content=\"Aldan\" \/>\n<meta property=\"article:modified_time\" content=\"2026-02-11T11:48:45+00:00\" \/>\n<meta name=\"twitter:card\" content=\"summary_large_image\" \/>\n<meta name=\"twitter:label1\" content=\"Est. reading time\" \/>\n\t<meta name=\"twitter:data1\" content=\"1 minute\" \/>\n<script type=\"application\/ld+json\" class=\"yoast-schema-graph\">{\"@context\":\"https:\/\/schema.org\",\"@graph\":[{\"@type\":\"WebPage\",\"@id\":\"https:\/\/dev.borgarbyggd.is\/aldan\/forsida\/almennar-upplysingar\/\",\"url\":\"https:\/\/dev.borgarbyggd.is\/aldan\/forsida\/almennar-upplysingar\/\",\"name\":\"Starfsemi - Aldan\",\"isPartOf\":{\"@id\":\"https:\/\/dev.borgarbyggd.is\/aldan\/#website\"},\"datePublished\":\"2023-09-04T09:12:11+00:00\",\"dateModified\":\"2026-02-11T11:48:45+00:00\",\"breadcrumb\":{\"@id\":\"https:\/\/dev.borgarbyggd.is\/aldan\/forsida\/almennar-upplysingar\/#breadcrumb\"},\"inLanguage\":\"is\",\"potentialAction\":[{\"@type\":\"ReadAction\",\"target\":[\"https:\/\/dev.borgarbyggd.is\/aldan\/forsida\/almennar-upplysingar\/\"]}]},{\"@type\":\"BreadcrumbList\",\"@id\":\"https:\/\/dev.borgarbyggd.is\/aldan\/forsida\/almennar-upplysingar\/#breadcrumb\",\"itemListElement\":[{\"@type\":\"ListItem\",\"position\":1,\"name\":\"Home\",\"item\":\"https:\/\/dev.borgarbyggd.is\/aldan\/\"},{\"@type\":\"ListItem\",\"position\":2,\"name\":\"Fors\u00ed\u00f0a\",\"item\":\"https:\/\/dev.borgarbyggd.is\/aldan\/\"},{\"@type\":\"ListItem\",\"position\":3,\"name\":\"Starfsemi\"}]},{\"@type\":\"WebSite\",\"@id\":\"https:\/\/dev.borgarbyggd.is\/aldan\/#website\",\"url\":\"https:\/\/dev.borgarbyggd.is\/aldan\/\",\"name\":\"Aldan\",\"description\":\"\",\"potentialAction\":[{\"@type\":\"SearchAction\",\"target\":{\"@type\":\"EntryPoint\",\"urlTemplate\":\"https:\/\/dev.borgarbyggd.is\/aldan\/?s={search_term_string}\"},\"query-input\":{\"@type\":\"PropertyValueSpecification\",\"valueRequired\":true,\"valueName\":\"search_term_string\"}}],\"inLanguage\":\"is\"}]}<\/script>\n<!-- \/ Yoast SEO plugin. -->","yoast_head_json":{"title":"Starfsemi - Aldan","robots":{"index":"index","follow":"follow","max-snippet":"max-snippet:-1","max-image-preview":"max-image-preview:large","max-video-preview":"max-video-preview:-1"},"canonical":"https:\/\/dev.borgarbyggd.is\/aldan\/forsida\/almennar-upplysingar\/","og_locale":"is_IS","og_type":"article","og_title":"Starfsemi - Aldan","og_description":"Aldan\u00a0&#8211;\u00a0vinnustofa og\u00a0h\u00e6fing\u00a0er me\u00f0 a\u00f0setur a\u00f0 S\u00f3lbakka 4 \u00ed Borgarnesi\u00a0og fer starfsemi hennar \u00fear fram. \u00cd \u00d6ldunni fer fram starfs- og f\u00e9lags\u00fej\u00e1lfun \u00fear sem \u00e1hersla er l\u00f6g\u00f0 \u00e1 a\u00f0 vi\u00f0halda og auka sj\u00e1lfst\u00e6\u00f0 vinnubr\u00f6g\u00f0, starfs\u00ferek og f\u00e9lagslega f\u00e6rni. Starfsemi \u00d6ldunnar hefur \u00fea\u00f0 a\u00f0 markmi\u00f0i a\u00f0 auka h\u00e6fni til starfa og \u00fe\u00e1ttt\u00f6ku \u00ed daglegu l\u00edfi og \u00e1 almennum vinnumarka\u00f0i.\u00a0\u00a0 Aldan rekur verslun, ... Read More","og_url":"https:\/\/dev.borgarbyggd.is\/aldan\/forsida\/almennar-upplysingar\/","og_site_name":"Aldan","article_modified_time":"2026-02-11T11:48:45+00:00","twitter_card":"summary_large_image","twitter_misc":{"Est. reading time":"1 minute"},"schema":{"@context":"https:\/\/schema.org","@graph":[{"@type":"WebPage","@id":"https:\/\/dev.borgarbyggd.is\/aldan\/forsida\/almennar-upplysingar\/","url":"https:\/\/dev.borgarbyggd.is\/aldan\/forsida\/almennar-upplysingar\/","name":"Starfsemi - Aldan","isPartOf":{"@id":"https:\/\/dev.borgarbyggd.is\/aldan\/#website"},"datePublished":"2023-09-04T09:12:11+00:00","dateModified":"2026-02-11T11:48:45+00:00","breadcrumb":{"@id":"https:\/\/dev.borgarbyggd.is\/aldan\/forsida\/almennar-upplysingar\/#breadcrumb"},"inLanguage":"is","potentialAction":[{"@type":"ReadAction","target":["https:\/\/dev.borgarbyggd.is\/aldan\/forsida\/almennar-upplysingar\/"]}]},{"@type":"BreadcrumbList","@id":"https:\/\/dev.borgarbyggd.is\/aldan\/forsida\/almennar-upplysingar\/#breadcrumb","itemListElement":[{"@type":"ListItem","position":1,"name":"Home","item":"https:\/\/dev.borgarbyggd.is\/aldan\/"},{"@type":"ListItem","position":2,"name":"Fors\u00ed\u00f0a","item":"https:\/\/dev.borgarbyggd.is\/aldan\/"},{"@type":"ListItem","position":3,"name":"Starfsemi"}]},{"@type":"WebSite","@id":"https:\/\/dev.borgarbyggd.is\/aldan\/#website","url":"https:\/\/dev.borgarbyggd.is\/aldan\/","name":"Aldan","description":"","potentialAction":[{"@type":"SearchAction","target":{"@type":"EntryPoint","urlTemplate":"https:\/\/dev.borgarbyggd.is\/aldan\/?s={search_term_string}"},"query-input":{"@type":"PropertyValueSpecification","valueRequired":true,"valueName":"search_term_string"}}],"inLanguage":"is"}]}},"_links":{"self":[{"href":"https:\/\/dev.borgarbyggd.is\/aldan\/wp-json\/wp\/v2\/pages\/50","targetHints":{"allow":["GET"]}}],"collection":[{"href":"https:\/\/dev.borgarbyggd.is\/aldan\/wp-json\/wp\/v2\/pages"}],"about":[{"href":"https:\/\/dev.borgarbyggd.is\/aldan\/wp-json\/wp\/v2\/types\/page"}],"author":[{"embeddable":true,"href":"https:\/\/dev.borgarbyggd.is\/aldan\/wp-json\/wp\/v2\/users\/4"}],"replies":[{"embeddable":true,"href":"https:\/\/dev.borgarbyggd.is\/aldan\/wp-json\/wp\/v2\/comments?post=50"}],"version-history":[{"count":0,"href":"https:\/\/dev.borgarbyggd.is\/aldan\/wp-json\/wp\/v2\/pages\/50\/revisions"}],"up":[{"embeddable":true,"href":"https:\/\/dev.borgarbyggd.is\/aldan\/wp-json\/wp\/v2\/pages\/5"}],"wp:attachment":[{"href":"https:\/\/dev.borgarbyggd.is\/aldan\/wp-json\/wp\/v2\/media?parent=50"}],"curies":[{"name":"wp","href":"https:\/\/api.w.org\/{rel}","templated":true}]}}