{"id":172,"date":"2026-02-05T11:36:21","date_gmt":"2026-02-05T11:36:21","guid":{"rendered":"https:\/\/dev.borgarbyggd.is\/aldan\/?page_id=172"},"modified":"2026-02-10T11:31:31","modified_gmt":"2026-02-10T11:31:31","slug":"karlarnir-i-skurnum","status":"publish","type":"page","link":"https:\/\/dev.borgarbyggd.is\/aldan\/forsida\/almennar-upplysingar\/karlarnir-i-skurnum\/","title":{"rendered":"Karlarnir \u00ed sk\u00farnum"},"content":{"rendered":"<p>Karlarnir \u00ed sk\u00farnum er samstarfsverkefni f\u00e9lags\u00fej\u00f3nustu Borgarbygg\u00f0ar og \u00d6ldunnar. \u00d6ll eru velkomin a\u00f0 k\u00edkja \u00ed sk\u00farinn og er markmi\u00f0 verkefnisins a\u00f0 hittast og spjalla, f\u00e1 kaffi og n\u00fdta sm\u00ed\u00f0aa\u00f0st\u00f6\u00f0una sem b\u00fd\u00f0ur upp \u00e1 \u00fdmsa m\u00f6guleika.<\/p>\n<p>Karlarnir eru \u00ed sk\u00farnum \u00e1 \u00feri\u00f0jud\u00f6gum og fimmtud\u00f6gum fr\u00e1 09:00-15:30.<\/p>\n<p>&nbsp;<\/p>\n","protected":false},"excerpt":{"rendered":"<p>Karlarnir \u00ed sk\u00farnum er samstarfsverkefni f\u00e9lags\u00fej\u00f3nustu Borgarbygg\u00f0ar og \u00d6ldunnar. \u00d6ll eru velkomin a\u00f0 k\u00edkja \u00ed sk\u00farinn og er markmi\u00f0 verkefnisins a\u00f0 hittast og spjalla, f\u00e1 kaffi og n\u00fdta sm\u00ed\u00f0aa\u00f0st\u00f6\u00f0una sem b\u00fd\u00f0ur upp \u00e1 \u00fdmsa m\u00f6guleika. Karlarnir eru \u00ed sk\u00farnum \u00e1 \u00feri\u00f0jud\u00f6gum og fimmtud\u00f6gum fr\u00e1 09:00-15:30. &nbsp;<\/p>\n","protected":false},"author":51,"featured_media":0,"parent":50,"menu_order":0,"comment_status":"closed","ping_status":"closed","template":"","meta":{"_acf_changed":false,"footnotes":""},"class_list":["post-172","page","type-page","status-publish","hentry","no-post-thumbnail"],"acf":{"quickaccess":false},"yoast_head":"<!-- This site is optimized with the Yoast SEO plugin v24.0 - https:\/\/yoast.com\/wordpress\/plugins\/seo\/ -->\n<title>Karlarnir \u00ed sk\u00farnum - Aldan<\/title>\n<meta name=\"robots\" content=\"index, follow, max-snippet:-1, max-image-preview:large, max-video-preview:-1\" \/>\n<link rel=\"canonical\" href=\"https:\/\/dev.borgarbyggd.is\/aldan\/forsida\/almennar-upplysingar\/karlarnir-i-skurnum\/\" \/>\n<meta property=\"og:locale\" content=\"is_IS\" \/>\n<meta property=\"og:type\" content=\"article\" \/>\n<meta property=\"og:title\" content=\"Karlarnir \u00ed sk\u00farnum - Aldan\" \/>\n<meta property=\"og:description\" content=\"Karlarnir \u00ed sk\u00farnum er samstarfsverkefni f\u00e9lags\u00fej\u00f3nustu Borgarbygg\u00f0ar og \u00d6ldunnar. \u00d6ll eru velkomin a\u00f0 k\u00edkja \u00ed sk\u00farinn og er markmi\u00f0 verkefnisins a\u00f0 hittast og spjalla, f\u00e1 kaffi og n\u00fdta sm\u00ed\u00f0aa\u00f0st\u00f6\u00f0una sem b\u00fd\u00f0ur upp \u00e1 \u00fdmsa m\u00f6guleika. Karlarnir eru \u00ed sk\u00farnum \u00e1 \u00feri\u00f0jud\u00f6gum og fimmtud\u00f6gum fr\u00e1 09:00-15:30. &nbsp;\" \/>\n<meta property=\"og:url\" content=\"https:\/\/dev.borgarbyggd.is\/aldan\/forsida\/almennar-upplysingar\/karlarnir-i-skurnum\/\" \/>\n<meta property=\"og:site_name\" content=\"Aldan\" \/>\n<meta property=\"article:modified_time\" content=\"2026-02-10T11:31:31+00:00\" \/>\n<meta name=\"twitter:card\" content=\"summary_large_image\" \/>\n<meta name=\"twitter:label1\" content=\"Est. reading time\" \/>\n\t<meta name=\"twitter:data1\" content=\"1 minute\" \/>\n<script type=\"application\/ld+json\" class=\"yoast-schema-graph\">{\"@context\":\"https:\/\/schema.org\",\"@graph\":[{\"@type\":\"WebPage\",\"@id\":\"https:\/\/dev.borgarbyggd.is\/aldan\/forsida\/almennar-upplysingar\/karlarnir-i-skurnum\/\",\"url\":\"https:\/\/dev.borgarbyggd.is\/aldan\/forsida\/almennar-upplysingar\/karlarnir-i-skurnum\/\",\"name\":\"Karlarnir \u00ed sk\u00farnum - Aldan\",\"isPartOf\":{\"@id\":\"https:\/\/dev.borgarbyggd.is\/aldan\/#website\"},\"datePublished\":\"2026-02-05T11:36:21+00:00\",\"dateModified\":\"2026-02-10T11:31:31+00:00\",\"breadcrumb\":{\"@id\":\"https:\/\/dev.borgarbyggd.is\/aldan\/forsida\/almennar-upplysingar\/karlarnir-i-skurnum\/#breadcrumb\"},\"inLanguage\":\"is\",\"potentialAction\":[{\"@type\":\"ReadAction\",\"target\":[\"https:\/\/dev.borgarbyggd.is\/aldan\/forsida\/almennar-upplysingar\/karlarnir-i-skurnum\/\"]}]},{\"@type\":\"BreadcrumbList\",\"@id\":\"https:\/\/dev.borgarbyggd.is\/aldan\/forsida\/almennar-upplysingar\/karlarnir-i-skurnum\/#breadcrumb\",\"itemListElement\":[{\"@type\":\"ListItem\",\"position\":1,\"name\":\"Home\",\"item\":\"https:\/\/dev.borgarbyggd.is\/aldan\/\"},{\"@type\":\"ListItem\",\"position\":2,\"name\":\"Fors\u00ed\u00f0a\",\"item\":\"https:\/\/dev.borgarbyggd.is\/aldan\/\"},{\"@type\":\"ListItem\",\"position\":3,\"name\":\"Starfsemi\",\"item\":\"https:\/\/dev.borgarbyggd.is\/aldan\/forsida\/almennar-upplysingar\/\"},{\"@type\":\"ListItem\",\"position\":4,\"name\":\"Karlarnir \u00ed sk\u00farnum\"}]},{\"@type\":\"WebSite\",\"@id\":\"https:\/\/dev.borgarbyggd.is\/aldan\/#website\",\"url\":\"https:\/\/dev.borgarbyggd.is\/aldan\/\",\"name\":\"Aldan\",\"description\":\"\",\"potentialAction\":[{\"@type\":\"SearchAction\",\"target\":{\"@type\":\"EntryPoint\",\"urlTemplate\":\"https:\/\/dev.borgarbyggd.is\/aldan\/?s={search_term_string}\"},\"query-input\":{\"@type\":\"PropertyValueSpecification\",\"valueRequired\":true,\"valueName\":\"search_term_string\"}}],\"inLanguage\":\"is\"}]}<\/script>\n<!-- \/ Yoast SEO plugin. -->","yoast_head_json":{"title":"Karlarnir \u00ed sk\u00farnum - Aldan","robots":{"index":"index","follow":"follow","max-snippet":"max-snippet:-1","max-image-preview":"max-image-preview:large","max-video-preview":"max-video-preview:-1"},"canonical":"https:\/\/dev.borgarbyggd.is\/aldan\/forsida\/almennar-upplysingar\/karlarnir-i-skurnum\/","og_locale":"is_IS","og_type":"article","og_title":"Karlarnir \u00ed sk\u00farnum - Aldan","og_description":"Karlarnir \u00ed sk\u00farnum er samstarfsverkefni f\u00e9lags\u00fej\u00f3nustu Borgarbygg\u00f0ar og \u00d6ldunnar. \u00d6ll eru velkomin a\u00f0 k\u00edkja \u00ed sk\u00farinn og er markmi\u00f0 verkefnisins a\u00f0 hittast og spjalla, f\u00e1 kaffi og n\u00fdta sm\u00ed\u00f0aa\u00f0st\u00f6\u00f0una sem b\u00fd\u00f0ur upp \u00e1 \u00fdmsa m\u00f6guleika. Karlarnir eru \u00ed sk\u00farnum \u00e1 \u00feri\u00f0jud\u00f6gum og fimmtud\u00f6gum fr\u00e1 09:00-15:30. &nbsp;","og_url":"https:\/\/dev.borgarbyggd.is\/aldan\/forsida\/almennar-upplysingar\/karlarnir-i-skurnum\/","og_site_name":"Aldan","article_modified_time":"2026-02-10T11:31:31+00:00","twitter_card":"summary_large_image","twitter_misc":{"Est. reading time":"1 minute"},"schema":{"@context":"https:\/\/schema.org","@graph":[{"@type":"WebPage","@id":"https:\/\/dev.borgarbyggd.is\/aldan\/forsida\/almennar-upplysingar\/karlarnir-i-skurnum\/","url":"https:\/\/dev.borgarbyggd.is\/aldan\/forsida\/almennar-upplysingar\/karlarnir-i-skurnum\/","name":"Karlarnir \u00ed sk\u00farnum - Aldan","isPartOf":{"@id":"https:\/\/dev.borgarbyggd.is\/aldan\/#website"},"datePublished":"2026-02-05T11:36:21+00:00","dateModified":"2026-02-10T11:31:31+00:00","breadcrumb":{"@id":"https:\/\/dev.borgarbyggd.is\/aldan\/forsida\/almennar-upplysingar\/karlarnir-i-skurnum\/#breadcrumb"},"inLanguage":"is","potentialAction":[{"@type":"ReadAction","target":["https:\/\/dev.borgarbyggd.is\/aldan\/forsida\/almennar-upplysingar\/karlarnir-i-skurnum\/"]}]},{"@type":"BreadcrumbList","@id":"https:\/\/dev.borgarbyggd.is\/aldan\/forsida\/almennar-upplysingar\/karlarnir-i-skurnum\/#breadcrumb","itemListElement":[{"@type":"ListItem","position":1,"name":"Home","item":"https:\/\/dev.borgarbyggd.is\/aldan\/"},{"@type":"ListItem","position":2,"name":"Fors\u00ed\u00f0a","item":"https:\/\/dev.borgarbyggd.is\/aldan\/"},{"@type":"ListItem","position":3,"name":"Starfsemi","item":"https:\/\/dev.borgarbyggd.is\/aldan\/forsida\/almennar-upplysingar\/"},{"@type":"ListItem","position":4,"name":"Karlarnir \u00ed sk\u00farnum"}]},{"@type":"WebSite","@id":"https:\/\/dev.borgarbyggd.is\/aldan\/#website","url":"https:\/\/dev.borgarbyggd.is\/aldan\/","name":"Aldan","description":"","potentialAction":[{"@type":"SearchAction","target":{"@type":"EntryPoint","urlTemplate":"https:\/\/dev.borgarbyggd.is\/aldan\/?s={search_term_string}"},"query-input":{"@type":"PropertyValueSpecification","valueRequired":true,"valueName":"search_term_string"}}],"inLanguage":"is"}]}},"_links":{"self":[{"href":"https:\/\/dev.borgarbyggd.is\/aldan\/wp-json\/wp\/v2\/pages\/172","targetHints":{"allow":["GET"]}}],"collection":[{"href":"https:\/\/dev.borgarbyggd.is\/aldan\/wp-json\/wp\/v2\/pages"}],"about":[{"href":"https:\/\/dev.borgarbyggd.is\/aldan\/wp-json\/wp\/v2\/types\/page"}],"author":[{"embeddable":true,"href":"https:\/\/dev.borgarbyggd.is\/aldan\/wp-json\/wp\/v2\/users\/51"}],"replies":[{"embeddable":true,"href":"https:\/\/dev.borgarbyggd.is\/aldan\/wp-json\/wp\/v2\/comments?post=172"}],"version-history":[{"count":0,"href":"https:\/\/dev.borgarbyggd.is\/aldan\/wp-json\/wp\/v2\/pages\/172\/revisions"}],"up":[{"embeddable":true,"href":"https:\/\/dev.borgarbyggd.is\/aldan\/wp-json\/wp\/v2\/pages\/50"}],"wp:attachment":[{"href":"https:\/\/dev.borgarbyggd.is\/aldan\/wp-json\/wp\/v2\/media?parent=172"}],"curies":[{"name":"wp","href":"https:\/\/api.w.org\/{rel}","templated":true}]}}