{"id":171,"date":"2026-02-05T11:27:14","date_gmt":"2026-02-05T11:27:14","guid":{"rendered":"https:\/\/dev.borgarbyggd.is\/aldan\/?page_id=171"},"modified":"2026-02-23T11:13:03","modified_gmt":"2026-02-23T11:13:03","slug":"umsokn-um-thjonustu","status":"publish","type":"page","link":"https:\/\/dev.borgarbyggd.is\/aldan\/forsida\/thjonusta\/umsokn-um-thjonustu\/","title":{"rendered":"Ums\u00f3kn um \u00fej\u00f3nustu"},"content":{"rendered":"<p>Einstaklingar me\u00f0 l\u00f6gheimili \u00ed Borgarbygg\u00f0 geta n\u00fdtt s\u00e9r \u00fej\u00f3nustu \u00d6ldunnar.<\/p>\n<p>Vinsamlega hafi\u00f0 samband \u00ed s\u00edma 433-7440 e\u00f0a \u00ed sta\u00f0gengill forst\u00f6\u00f0umanns Dagbj\u00f6rtu Birgisd\u00f3ttur, <span data-olk-copy-source=\"MessageBody\">dagbjort.birgisdottir@borgarbyggd.is til a\u00f0 f\u00e1 frekari uppl\u00fdsingar um \u00fe\u00e1 \u00fej\u00f3nustu sem \u00ed bo\u00f0i er.\u00a0<\/span><\/p>\n<p>&nbsp;<\/p>\n","protected":false},"excerpt":{"rendered":"<p>Einstaklingar me\u00f0 l\u00f6gheimili \u00ed Borgarbygg\u00f0 geta n\u00fdtt s\u00e9r \u00fej\u00f3nustu \u00d6ldunnar. Vinsamlega hafi\u00f0 samband \u00ed s\u00edma 433-7440 e\u00f0a \u00ed sta\u00f0gengill forst\u00f6\u00f0umanns Dagbj\u00f6rtu Birgisd\u00f3ttur, dagbjort.birgisdottir@borgarbyggd.is til a\u00f0 f\u00e1 frekari uppl\u00fdsingar um \u00fe\u00e1 \u00fej\u00f3nustu sem \u00ed bo\u00f0i er.\u00a0 &nbsp;<\/p>\n","protected":false},"author":51,"featured_media":0,"parent":187,"menu_order":0,"comment_status":"closed","ping_status":"closed","template":"","meta":{"_acf_changed":false,"footnotes":""},"class_list":["post-171","page","type-page","status-publish","hentry","no-post-thumbnail"],"acf":{"quickaccess":false},"yoast_head":"<!-- This site is optimized with the Yoast SEO plugin v24.0 - https:\/\/yoast.com\/wordpress\/plugins\/seo\/ -->\n<title>Ums\u00f3kn um \u00fej\u00f3nustu - Aldan<\/title>\n<meta name=\"robots\" content=\"index, follow, max-snippet:-1, max-image-preview:large, max-video-preview:-1\" \/>\n<link rel=\"canonical\" href=\"https:\/\/dev.borgarbyggd.is\/aldan\/forsida\/thjonusta\/umsokn-um-thjonustu\/\" \/>\n<meta property=\"og:locale\" content=\"is_IS\" \/>\n<meta property=\"og:type\" content=\"article\" \/>\n<meta property=\"og:title\" content=\"Ums\u00f3kn um \u00fej\u00f3nustu - Aldan\" \/>\n<meta property=\"og:description\" content=\"Einstaklingar me\u00f0 l\u00f6gheimili \u00ed Borgarbygg\u00f0 geta n\u00fdtt s\u00e9r \u00fej\u00f3nustu \u00d6ldunnar. Vinsamlega hafi\u00f0 samband \u00ed s\u00edma 433-7440 e\u00f0a \u00ed sta\u00f0gengill forst\u00f6\u00f0umanns Dagbj\u00f6rtu Birgisd\u00f3ttur, dagbjort.birgisdottir@borgarbyggd.is til a\u00f0 f\u00e1 frekari uppl\u00fdsingar um \u00fe\u00e1 \u00fej\u00f3nustu sem \u00ed bo\u00f0i er.\u00a0 &nbsp;\" \/>\n<meta property=\"og:url\" content=\"https:\/\/dev.borgarbyggd.is\/aldan\/forsida\/thjonusta\/umsokn-um-thjonustu\/\" \/>\n<meta property=\"og:site_name\" content=\"Aldan\" \/>\n<meta property=\"article:modified_time\" content=\"2026-02-23T11:13:03+00:00\" \/>\n<meta name=\"twitter:card\" content=\"summary_large_image\" \/>\n<meta name=\"twitter:label1\" content=\"Est. reading time\" \/>\n\t<meta name=\"twitter:data1\" content=\"1 minute\" \/>\n<script type=\"application\/ld+json\" class=\"yoast-schema-graph\">{\"@context\":\"https:\/\/schema.org\",\"@graph\":[{\"@type\":\"WebPage\",\"@id\":\"https:\/\/dev.borgarbyggd.is\/aldan\/forsida\/thjonusta\/umsokn-um-thjonustu\/\",\"url\":\"https:\/\/dev.borgarbyggd.is\/aldan\/forsida\/thjonusta\/umsokn-um-thjonustu\/\",\"name\":\"Ums\u00f3kn um \u00fej\u00f3nustu - Aldan\",\"isPartOf\":{\"@id\":\"https:\/\/dev.borgarbyggd.is\/aldan\/#website\"},\"datePublished\":\"2026-02-05T11:27:14+00:00\",\"dateModified\":\"2026-02-23T11:13:03+00:00\",\"breadcrumb\":{\"@id\":\"https:\/\/dev.borgarbyggd.is\/aldan\/forsida\/thjonusta\/umsokn-um-thjonustu\/#breadcrumb\"},\"inLanguage\":\"is\",\"potentialAction\":[{\"@type\":\"ReadAction\",\"target\":[\"https:\/\/dev.borgarbyggd.is\/aldan\/forsida\/thjonusta\/umsokn-um-thjonustu\/\"]}]},{\"@type\":\"BreadcrumbList\",\"@id\":\"https:\/\/dev.borgarbyggd.is\/aldan\/forsida\/thjonusta\/umsokn-um-thjonustu\/#breadcrumb\",\"itemListElement\":[{\"@type\":\"ListItem\",\"position\":1,\"name\":\"Home\",\"item\":\"https:\/\/dev.borgarbyggd.is\/aldan\/\"},{\"@type\":\"ListItem\",\"position\":2,\"name\":\"Fors\u00ed\u00f0a\",\"item\":\"https:\/\/dev.borgarbyggd.is\/aldan\/\"},{\"@type\":\"ListItem\",\"position\":3,\"name\":\"\u00dej\u00f3nusta\",\"item\":\"https:\/\/dev.borgarbyggd.is\/aldan\/forsida\/thjonusta\/\"},{\"@type\":\"ListItem\",\"position\":4,\"name\":\"Ums\u00f3kn um \u00fej\u00f3nustu\"}]},{\"@type\":\"WebSite\",\"@id\":\"https:\/\/dev.borgarbyggd.is\/aldan\/#website\",\"url\":\"https:\/\/dev.borgarbyggd.is\/aldan\/\",\"name\":\"Aldan\",\"description\":\"\",\"potentialAction\":[{\"@type\":\"SearchAction\",\"target\":{\"@type\":\"EntryPoint\",\"urlTemplate\":\"https:\/\/dev.borgarbyggd.is\/aldan\/?s={search_term_string}\"},\"query-input\":{\"@type\":\"PropertyValueSpecification\",\"valueRequired\":true,\"valueName\":\"search_term_string\"}}],\"inLanguage\":\"is\"}]}<\/script>\n<!-- \/ Yoast SEO plugin. -->","yoast_head_json":{"title":"Ums\u00f3kn um \u00fej\u00f3nustu - Aldan","robots":{"index":"index","follow":"follow","max-snippet":"max-snippet:-1","max-image-preview":"max-image-preview:large","max-video-preview":"max-video-preview:-1"},"canonical":"https:\/\/dev.borgarbyggd.is\/aldan\/forsida\/thjonusta\/umsokn-um-thjonustu\/","og_locale":"is_IS","og_type":"article","og_title":"Ums\u00f3kn um \u00fej\u00f3nustu - Aldan","og_description":"Einstaklingar me\u00f0 l\u00f6gheimili \u00ed Borgarbygg\u00f0 geta n\u00fdtt s\u00e9r \u00fej\u00f3nustu \u00d6ldunnar. Vinsamlega hafi\u00f0 samband \u00ed s\u00edma 433-7440 e\u00f0a \u00ed sta\u00f0gengill forst\u00f6\u00f0umanns Dagbj\u00f6rtu Birgisd\u00f3ttur, dagbjort.birgisdottir@borgarbyggd.is til a\u00f0 f\u00e1 frekari uppl\u00fdsingar um \u00fe\u00e1 \u00fej\u00f3nustu sem \u00ed bo\u00f0i er.\u00a0 &nbsp;","og_url":"https:\/\/dev.borgarbyggd.is\/aldan\/forsida\/thjonusta\/umsokn-um-thjonustu\/","og_site_name":"Aldan","article_modified_time":"2026-02-23T11:13:03+00:00","twitter_card":"summary_large_image","twitter_misc":{"Est. reading time":"1 minute"},"schema":{"@context":"https:\/\/schema.org","@graph":[{"@type":"WebPage","@id":"https:\/\/dev.borgarbyggd.is\/aldan\/forsida\/thjonusta\/umsokn-um-thjonustu\/","url":"https:\/\/dev.borgarbyggd.is\/aldan\/forsida\/thjonusta\/umsokn-um-thjonustu\/","name":"Ums\u00f3kn um \u00fej\u00f3nustu - Aldan","isPartOf":{"@id":"https:\/\/dev.borgarbyggd.is\/aldan\/#website"},"datePublished":"2026-02-05T11:27:14+00:00","dateModified":"2026-02-23T11:13:03+00:00","breadcrumb":{"@id":"https:\/\/dev.borgarbyggd.is\/aldan\/forsida\/thjonusta\/umsokn-um-thjonustu\/#breadcrumb"},"inLanguage":"is","potentialAction":[{"@type":"ReadAction","target":["https:\/\/dev.borgarbyggd.is\/aldan\/forsida\/thjonusta\/umsokn-um-thjonustu\/"]}]},{"@type":"BreadcrumbList","@id":"https:\/\/dev.borgarbyggd.is\/aldan\/forsida\/thjonusta\/umsokn-um-thjonustu\/#breadcrumb","itemListElement":[{"@type":"ListItem","position":1,"name":"Home","item":"https:\/\/dev.borgarbyggd.is\/aldan\/"},{"@type":"ListItem","position":2,"name":"Fors\u00ed\u00f0a","item":"https:\/\/dev.borgarbyggd.is\/aldan\/"},{"@type":"ListItem","position":3,"name":"\u00dej\u00f3nusta","item":"https:\/\/dev.borgarbyggd.is\/aldan\/forsida\/thjonusta\/"},{"@type":"ListItem","position":4,"name":"Ums\u00f3kn um \u00fej\u00f3nustu"}]},{"@type":"WebSite","@id":"https:\/\/dev.borgarbyggd.is\/aldan\/#website","url":"https:\/\/dev.borgarbyggd.is\/aldan\/","name":"Aldan","description":"","potentialAction":[{"@type":"SearchAction","target":{"@type":"EntryPoint","urlTemplate":"https:\/\/dev.borgarbyggd.is\/aldan\/?s={search_term_string}"},"query-input":{"@type":"PropertyValueSpecification","valueRequired":true,"valueName":"search_term_string"}}],"inLanguage":"is"}]}},"_links":{"self":[{"href":"https:\/\/dev.borgarbyggd.is\/aldan\/wp-json\/wp\/v2\/pages\/171","targetHints":{"allow":["GET"]}}],"collection":[{"href":"https:\/\/dev.borgarbyggd.is\/aldan\/wp-json\/wp\/v2\/pages"}],"about":[{"href":"https:\/\/dev.borgarbyggd.is\/aldan\/wp-json\/wp\/v2\/types\/page"}],"author":[{"embeddable":true,"href":"https:\/\/dev.borgarbyggd.is\/aldan\/wp-json\/wp\/v2\/users\/51"}],"replies":[{"embeddable":true,"href":"https:\/\/dev.borgarbyggd.is\/aldan\/wp-json\/wp\/v2\/comments?post=171"}],"version-history":[{"count":0,"href":"https:\/\/dev.borgarbyggd.is\/aldan\/wp-json\/wp\/v2\/pages\/171\/revisions"}],"up":[{"embeddable":true,"href":"https:\/\/dev.borgarbyggd.is\/aldan\/wp-json\/wp\/v2\/pages\/187"}],"wp:attachment":[{"href":"https:\/\/dev.borgarbyggd.is\/aldan\/wp-json\/wp\/v2\/media?parent=171"}],"curies":[{"name":"wp","href":"https:\/\/api.w.org\/{rel}","templated":true}]}}